-- Table structure for table `catalog_product_index_price_tmp`
--

CREATE TABLE `catalog_product_index_price_tmp` (
  `entity_id` int unsigned NOT NULL COMMENT 'Product ID',
  `customer_group_id` int unsigned NOT NULL DEFAULT '0' COMMENT 'Customer Group ID',
  `website_id` smallint unsigned NOT NULL COMMENT 'Website ID',
  `tax_class_id` smallint unsigned DEFAULT '0' COMMENT 'Tax Class ID',
  `price` decimal(20,6) DEFAULT NULL COMMENT 'Price',
  `final_price` decimal(20,6) DEFAULT NULL COMMENT 'Final Price',
  `min_price` decimal(20,6) DEFAULT NULL COMMENT 'Min Price',
  `max_price` decimal(20,6) DEFAULT NULL COMMENT 'Max Price',
  `tier_price` decimal(20,6) DEFAULT NULL COMMENT 'Tier Price',
  `id` int unsigned NOT NULL AUTO_INCREMENT COMMENT 'ID',
  PRIMARY KEY (`id`),
  KEY `CAT_PRD_IDX_PRICE_TMP_ENTT_ID_CSTR_GROUP_ID_WS_ID` (`entity_id`,`customer_group_id`,`website_id`)
) ENGINE=InnoDB DEFAULT CHARSET=utf8mb4 COLLATE=utf8mb4_general_ci COMMENT='Catalog Product Price Indexer Temp Table';

--
-- Table structure for table `catalog_product_index_tier_price`
--

CREATE TABLE `catalog_product_index_tier_price` (
  `entity_id` int unsigned NOT NULL COMMENT 'Entity ID',
  `customer_group_id` int unsigned NOT NULL COMMENT 'Customer Group ID',
  `website_id` smallint unsigned NOT NULL COMMENT 'Website ID',
  `min_price` decimal(20,6) DEFAULT NULL COMMENT 'Min Price',
  PRIMARY KEY (`entity_id`,`customer_group_id`,`website_id`),
  KEY `CATALOG_PRODUCT_INDEX_TIER_PRICE_CUSTOMER_GROUP_ID` (`customer_group_id`),
  KEY `CATALOG_PRODUCT_INDEX_TIER_PRICE_WEBSITE_ID` (`website_id`)
) ENGINE=InnoDB DEFAULT CHARSET=utf8mb4 COLLATE=utf8mb4_general_ci COMMENT='Catalog Product Tier Price Index Table';

--
-- Table structure for table `catalog_product_index_website`
--

CREATE TABLE `catalog_product_index_website` (
  `website_id` smallint unsigned NOT NULL COMMENT 'Website ID',
  `default_store_id` smallint unsigned NOT NULL COMMENT 'Default store ID for website',
  `website_date` date DEFAULT NULL COMMENT 'Website Date',
  `rate` float DEFAULT '1' COMMENT 'Rate',
  PRIMARY KEY (`website_id`),
  KEY `CATALOG_PRODUCT_INDEX_WEBSITE_WEBSITE_DATE` (`website_date`)
) ENGINE=InnoDB DEFAULT CHARSET=utf8mb4 COLLATE=utf8mb4_general_ci COMMENT='Catalog Product Website Index Table';

--
-- Dumping data for table `catalog_product_index_website`
--

INSERT INTO `catalog_product_index_website` VALUES (1,1,'2026-05-05','1'),(4,5,'2026-05-05','1'),(9,8,'2026-05-05','1');

--
-- Table structure for table `catalog_product_link`
--

CREATE TABLE `catalog_product_link` (
  `link_id` int unsigned NOT NULL AUTO_INCREMENT COMMENT 'Link ID',
  `product_id` int unsigned NOT NULL DEFAULT '0' COMMENT 'Product ID',
  `linked_product_id` int unsigned NOT NULL DEFAULT '0' COMMENT 'Linked Product ID',
  `link_type_id` smallint unsigned NOT NULL DEFAULT '0' COMMENT 'Link Type ID',
  PRIMARY KEY (`link_id`),
  UNIQUE KEY `CATALOG_PRODUCT_LINK_LINK_TYPE_ID_PRODUCT_ID_LINKED_PRODUCT_ID` (`link_type_id`,`product_id`,`linked_product_id`),
  KEY `CATALOG_PRODUCT_LINK_PRODUCT_ID` (`product_id`),
  KEY `CATALOG_PRODUCT_LINK_LINKED_PRODUCT_ID` (`linked_product_id`)
) ENGINE=InnoDB AUTO_INCREMENT=29610 DEFAULT CHARSET=utf8mb4 COLLATE=utf8mb4_general_ci COMMENT='Catalog Product To Product Linkage Table';

--
-- Dumping data for table `catalog_product_link`
--

INSERT INTO `catalog_product_link` VALUES ('28867','2051','2088',1),('28868','2051','2118',1),('28869','2051','2127',1),('28870','2051','2128',1),('28863','2051','2285',1),('28864','2051','2286',1),('28865','2051','2287',1),('28871','2051','2721',1),('28872','2051','2725',1),('28873','2051','2726',1),('28874','2051','2729',1),('28875','2051','2730',1),('28876','2051','2731',1),('28877','2051','2732',1),('28878','2051','2733',1),('28879','2051','2814',1),('28880','2051','3151',1),('28866','2051','3245',1),('29277','2057','2115',1),('29278','2057','2129',1),('29279','2057','2130',1),('29280','2057','2131',1),('29276','2057','2273',1),('29275','2057','2494',1),('29281','2057','2791',1),('29274','2057','3252',1),('28206','2073','2057',1),('28207','2073','2721',1),('28208','2073','2754',1),('28209','2073','2780',1),('28210','2073','2785',1),('28211','2073','2786',1),('28953','2088','2135',1),('28954','2088','2543',1),('28958','2088','2748',1),('28957','2088','2749',1),('28955','2088','2750',1),('28956','2088','2751',1),('28959','2088','2752',1),('29591','2091','2297',1),('29592','2091','2298',1),('29593','2091','2299',1),('29594','2091','2300',1),('29595','2091','2301',1),('29596','2091','2302',1),('29597','2091','2303',1),('29598','2091','2304',1),('29296','2092','2057',1),('29297','2092','2132',1),('29479','2115','2129',1),('29480','2115','2130',1),('29481','2115','2131',1),('29482','2115','2311',1),('29483','2115','2324',1),('29484','2115','2397',1),('29485','2115','2398',1),('29486','2115','2399',1),('29487','2115','2400',1),('29488','2115','2401',1),('29489','2115','2791',1),('26487','2118','2127',1),('26488','2118','2128',1),('26489','2118','2721',1),('26490','2118','2725',1),('26491','2118','2726',1),('26492','2118','2729',1),('26493','2118','2730',1),('26494','2118','2731',1),('26495','2118','2732',1),('26496','2118','2733',1),('26497','2118','2734',1),('26545','2127','2118',1),('26546','2127','2128',1),('26547','2127','2713',1),('26548','2127','2721',1),('26549','2127','2725',1),('26550','2127','2726',1),('26551','2127','2729',1),('26552','2127','2730',1),('26553','2127','2731',1),('26554','2127','2732',1),('26555','2127','2733',1),('26556','2127','2734',1),('26566','2128','2118',1),('26567','2128','2127',1),('26568','2128','2732',1),('26569','2128','2733',1),('29492','2129','2115',1),('29493','2129','2130',1),('29494','2129','2131',1),('29495','2129','2791',1),('29499','2130','2115',1),('29500','2130','2129',1),('29501','2130','2131',1),('29502','2130','2791',1),('29505','2131','2115',1),('29506','2131','2129',1),('29507','2131','2130',1),('29508','2131','2791',1),('29284','2132','2057',1),('29285','2132','2092',1),('28960','2135','2088',1),('28961','2135','2543',1),('16416','2188','2189',1),('11020','2189','2118',1),('11021','2189','2127',1),('11022','2189','2128',1),('29214','2209','2288',1),('3921','2224','2142',1),('3922','2224','2146',1),('3923','2224','2172',1),('3924','2224','2179',1),('9976','2229','2142',1),('9977','2229','2146',1),('9978','2229','2172',1),('9979','2229','2179',1),('29511','2237','2129',1),('28918','2285','2051',1),('28921','2285','2118',1),('28922','2285','2127',1),('28923','2285','2128',1),('28919','2285','2286',1),('28920','2285','2287',1),('28924','2285','2543',1),('28925','2285','2713',1),('28926','2285','2721',1),('28927','2285','2725',1),('28928','2285','2726',1),('28929','2285','2729',1),('28930','2285','2730',1),('28931','2285','2731',1),('28932','2285','2734',1),('28933','2285','3245',1),('28934','2285','3246',1),('28881','2286','2051',1),('28884','2286','2088',1),('28885','2286','2118',1),('28886','2286','2127',1),('28887','2286','2128',1),('28888','2286','2135',1),('28882','2286','2285',1),('28883','2286','2287',1),('28889','2286','2721',1),('28890','2286','2725',1),('28891','2286','2726',1),('28892','2286','2729',1),('28893','2286','2730',1),('28894','2286','2731',1),('28895','2286','2732',1),('28896','2286','2733',1),('28935','2287','2051',1),('28938','2287','2088',1),('28939','2287','2118',1),('28940','2287','2127',1),('28941','2287','2128',1),('28942','2287','2135',1),('28936','2287','2285',1),('28937','2287','2286',1),('28943','2287','2543',1),('28944','2287','2721',1),('28945','2287','2725',1),('28946','2287','2726',1),('28947','2287','2729',1),('28948','2287','2730',1),('28949','2287','2731',1),('28950','2287','2732',1),('28951','2287','2733',1),('28952','2287','2814',1),('29218','2288','2209',1),('29205','2289','2209',1),('29206','2289','2288',1),('29204','2289','2296',1),('29216','2296','2209',1),('29217','2296','2288',1),('29215','2296','2289',1),('29600','2298','2091',1),('29601','2298','2297',1),('29602','2298','2299',1),('29603','2298','2300',1),('29604','2298','2301',1),('29605','2298','2302',1),('29606','2298','2303',1),('29607','2298','2304',1),('29580','2300','2091',1),('29581','2300','2297',1),('29582','2300','2298',1),('29583','2300','2299',1),('29584','2300','2301',1),('29585','2300','2302',1),('29586','2300','2303',1),('29587','2300','2304',1),('29015','2301','2091',1),('29016','2301','2297',1),('29017','2301','2298',1),('29018','2301','2299',1),('29019','2301','2300',1),('29020','2301','2302',1),('29021','2301','2303',1),('29022','2301','2304',1),('29007','2302','2091',1),('29008','2302','2297',1),('29009','2302','2298',1),('29010','2302','2299',1),('29011','2302','2300',1),('29012','2302','2301',1),('29013','2302','2303',1),('29014','2302','2304',1),('28999','2303','2091',1),('29000','2303','2297',1),('29001','2303','2298',1),('29002','2303','2299',1),('29003','2303','2300',1),('29004','2303','2301',1),('29005','2303','2302',1),('29006','2303','2304',1),('28992','2304','2297',1),('28993','2304','2298',1),('28994','2304','2299',1),('28995','2304','2300',1),('28996','2304','2301',1),('28997','2304','2302',1),('28998','2304','2303',1),('29367','2311','2324',1),('29368','2311','2397',1),('29369','2311','2398',1),('29370','2311','2399',1),('29371','2311','2400',1),('29372','2311','2401',1),('29373','2311','2402',1),('29374','2311','2403',1),('29375','2311','2404',1),('29376','2311','2405',1),('29377','2311','2406',1),('29378','2311','2407',1),('29379','2311','2408',1),('8795','2324','2311',1),('29315','2397','2311',1),('29316','2397','2324',1),('29317','2397','2398',1),('29318','2397','2399',1),('29319','2397','2400',1),('29320','2397','2401',1),('29321','2397','2402',1),('29322','2397','2403',1),('29323','2397','2404',1),('29324','2397','2405',1),('29325','2397','2406',1),('29326','2397','2407',1),('29327','2397','2408',1),('29341','2398','2311',1),('29342','2398','2324',1),('29343','2398','2397',1),('29344','2398','2399',1),('29345','2398','2400',1),('29346','2398','2401',1),('29347','2398','2402',1),('29348','2398','2403',1),('29349','2398','2404',1),('29350','2398','2405',1),('29351','2398','2406',1),('29352','2398','2407',1),('29353','2398','2408',1),('29458','2399','2311',1),('29459','2399','2324',1),('29460','2399','2397',1),('29461','2399','2398',1),('29462','2399','2400',1),('29463','2399','2401',1),('29464','2399','2402',1),('29465','2399','2403',1),('29466','2399','2404',1),('29467','2399','2405',1),('29468','2399','2406',1),('29469','2399','2407',1),('29470','2399','2408',1),('29380','2400','2311',1),('29381','2400','2324',1),('29382','2400','2397',1),('29383','2400','2398',1),('29384','2400','2399',1),('29385','2400','2401',1),('29386','2400','2402',1),('29387','2400','2403',1),('29388','2400','2404',1),('29389','2400','2405',1),('29390','2400','2406',1),('29391','2400','2407',1),('29392','2400','2408',1),('29393','2401','2311',1),('29394','2401','2324',1),('29395','2401','2397',1),('29396','2401','2398',1),('29397','2401','2399',1),('29398','2401','2400',1),('29399','2401','2402',1),('29400','2401','2403',1),('29401','2401','2404',1),('29402','2401','2405',1),('29403','2401','2406',1),('29404','2401','2407',1),('29405','2401','2408',1),('29445','2402','2311',1),('29446','2402','2324',1),('29447','2402','2397',1),('29448','2402','2398',1),('29449','2402','2399',1),('29450','2402','2400',1),('29451','2402','2401',1),('29452','2402','2403',1),('29453','2402','2404',1),('29454','2402','2405',1),('29455','2402','2406',1),('29456','2402','2407',1),('29457','2402','2408',1),('29406','2403','2311',1),('29407','2403','2324',1),('29408','2403','2397',1),('29409','2403','2398',1),('29410','2403','2399',1),('29411','2403','2400',1),('29412','2403','2401',1),('29413','2403','2402',1),('29414','2403','2404',1),('29415','2403','2405',1),('29416','2403','2406',1),('29417','2403','2407',1),('29418','2403','2408',1),('29432','2404','2311',1),('29433','2404','2324',1),('29434','2404','2397',1),('29435','2404','2398',1),('29436','2404','2399',1),('29437','2404','2400',1),('29438','2404','2401',1),('29439','2404','2402',1),('29440','2404','2403',1),('29441','2404','2405',1),('29442','2404','2406',1),('29443','2404','2407',1),('29444','2404','2408',1),('29419','2405','2311',1),('29420','2405','2324',1),('29421','2405','2397',1),('29422','2405','2398',1),('29423','2405','2399',1),('29424','2405','2400',1),('29425','2405','2401',1),('29426','2405','2402',1),('29427','2405','2403',1),('29428','2405','2404',1),('29429','2405','2406',1),('29430','2405','2407',1),('29431','2405','2408',1),('29328','2406','2311',1),('29329','2406','2324',1),('29330','2406','2397',1),('29331','2406','2398',1),('29332','2406','2399',1),('29333','2406','2400',1),('29334','2406','2401',1),('29335','2406','2402',1),('29336','2406','2403',1),('29337','2406','2404',1),('29338','2406','2405',1),('29339','2406','2407',1),('29340','2406','2408',1),('29354','2408','2311',1),('29355','2408','2324',1),('29356','2408','2397',1),('29357','2408','2398',1),('29358','2408','2399',1),('29359','2408','2400',1),('29360','2408','2401',1),('29361','2408','2402',1),('29362','2408','2403',1),('29363','2408','2404',1),('29364','2408','2405',1),('29365','2408','2406',1),('29366','2408','2407',1),('29516','2441','2130',1),('29515','2443','2130',1),('29517','2473','2131',1),('29514','2476','2131',1),('29292','2494','2057',1),('29293','2494','2132',1),('29294','2494','3249',1),('29295','2494','3252',1),('28962','2543','2088',1),('28963','2543','2135',1),('28964','2543','2748',1),('28965','2543','2749',1),('28966','2543','2750',1),('28967','2543','2751',1),('28968','2543','2752',1),('24639','2713','2118',1),('24640','2713','2127',1),('24641','2713','2128',1),('24642','2713','2721',1),('24643','2713','2725',1),('24644','2713','2726',1),('24645','2713','2729',1),('24646','2713','2730',1),('24647','2713','2731',1),('24648','2713','2732',1),('24649','2713','2734',1),('26498','2721','2118',1),('26499','2721','2127',1),('26500','2721','2128',1),('26501','2721','2713',1),('26502','2721','2725',1),('26503','2721','2726',1),('26504','2721','2729',1),('26505','2721','2730',1),('26506','2721','2731',1),('26507','2721','2732',1),('26508','2721','2733',1),('26509','2721','2734',1),('26510','2725','2118',1),('26511','2725','2127',1),('26512','2725','2128',1),('26513','2725','2721',1),('26514','2725','2726',1),('26515','2725','2729',1),('26516','2725','2730',1),('26517','2725','2731',1),('26518','2725','2732',1),('26519','2725','2733',1),('26520','2725','2734',1),('26577','2726','2118',1),('26578','2726','2127',1),('26579','2726','2128',1),('26580','2726','2713',1),('26581','2726','2721',1),('26582','2726','2725',1),('26583','2726','2729',1),('26584','2726','2730',1),('26585','2726','2731',1),('26586','2726','2732',1),('26587','2726','2733',1),('26588','2726','2734',1),('26562','2729','2118',1),('26557','2729','2127',1),('26565','2729','2128',1),('26560','2729','2713',1),('26561','2729','2721',1),('26563','2729','2725',1),('26564','2729','2726',1),('26559','2729','2730',1),('26558','2729','2731',1),('26589','2730','2118',1),('26590','2730','2127',1),('26591','2730','2128',1),('26592','2730','2713',1),('26593','2730','2721',1),('26594','2730','2725',1),('26595','2730','2726',1),('26533','2731','2118',1),('26534','2731','2127',1),('26535','2731','2128',1),('26536','2731','2713',1),('26537','2731','2721',1),('26538','2731','2725',1),('26539','2731','2726',1),('26540','2731','2729',1),('26541','2731','2730',1),('26542','2731','2732',1),('26543','2731','2733',1),('26544','2731','2734',1),('26570','2732','2118',1),('26571','2732','2127',1),('26572','2732','2128',1),('26573','2732','2721',1),('26574','2732','2725',1),('26575','2732','2726',1),('26576','2732','2733',1),('26597','2733','2118',1),('26598','2733','2127',1),('26596','2733','2128',1),('26599','2733','2721',1),('26600','2733','2725',1),('26601','2733','2726',1),('26602','2733','2729',1),('26603','2733','2730',1),('26604','2733','2731',1),('26605','2733','2732',1),('24650','2734','2118',1),('24651','2734','2731',1),('29557','2736','2196',1),('29558','2736','2737',1),('29559','2736','2738',1),('29560','2736','2739',1),('29561','2736','2741',1),('29562','2736','2742',1),('29563','2737','2196',1),('29564','2737','2736',1),('29565','2737','2738',1),('29566','2737','2739',1),('29567','2737','2741',1),('29568','2737','2742',1),('29552','2738','2196',1),('29553','2738','2736',1),('29556','2738','2739',1),('29554','2738','2741',1),('29555','2738','2742',1),('29569','2739','2196',1),('29570','2739','2736',1),('29571','2739','2738',1),('29572','2739','2741',1),('29573','2739','2742',1),('22058','2741','2196',1),('22059','2741','2736',1),('22060','2741','2738',1),('22061','2741','2739',1),('22062','2741','2742',1),('29578','2742','2196',1),('29574','2742','2736',1),('29575','2742','2737',1),('29576','2742','2738',1),('29577','2742','2741',1),('28976','2748','2088',1),('28977','2748','2135',1),('28978','2748','2543',1),('28979','2748','2749',1),('28980','2748','2750',1),('28981','2748','2751',1),('28982','2748','2752',1),('28969','2750','2088',1),('28970','2750','2543',1),('28971','2750','2748',1),('28972','2750','2749',1),('28973','2750','2751',1),('28974','2750','2752',1),('28984','2752','2088',1),('28985','2752','2135',1),('28986','2752','2543',1),('28987','2752','2748',1),('28988','2752','2749',1),('28989','2752','2750',1),('28990','2752','2751',1),('29193','2754','2073',1),('29194','2754','2273',1),('29195','2754','2780',1),('29196','2754','2785',1),('29197','2754','2786',1),('29169','2780','2754',1),('29167','2780','2785',1),('29168','2780','2786',1),('29173','2785','2754',1),('29174','2785','2780',1),('29175','2785','2786',1),('29172','2786','2754',1),('29171','2786','2780',1),('29170','2786','2785',1),('28203','2791','2115',1),('28198','2791','2129',1),('28199','2791','2130',1),('28200','2791','2131',1),('28202','2791','3204',1),('28204','2791','3205',1),('28205','2791','3206',1),('28201','2791','3264',1),('29023','2814','2051',1),('29028','2814','2088',1),('29029','2814','2118',1),('29030','2814','2127',1),('29031','2814','2128',1),('29032','2814','2135',1),('29024','2814','2285',1),('29025','2814','2286',1),('29026','2814','2287',1),('29033','2814','2543',1),('29034','2814','2713',1),('29035','2814','2721',1),('29036','2814','2725',1),('29037','2814','2726',1),('29038','2814','2729',1),('29039','2814','2730',1),('29040','2814','2731',1),('29041','2814','2732',1),('29042','2814','2733',1),('29043','2814','2734',1),('29027','2814','3245',1),('29044','2814','3246',1),('27917','2815','2115',1),('27918','2815','2129',1),('27919','2815','2130',1),('27920','2815','2131',1),('27921','2815','2296',1),('27922','2815','2311',1),('27923','2815','2324',1),('27924','2815','2791',1),('29313','2816','2311',1),('29314','2816','2324',1),('29301','2816','2397',1),('29302','2816','2398',1),('29303','2816','2399',1),('29304','2816','2400',1),('29305','2816','2401',1),('29306','2816','2402',1),('29307','2816','2403',1),('29308','2816','2404',1),('29309','2816','2405',1),('29310','2816','2406',1),('29311','2816','2407',1),('29312','2816','2408',1),('29523','3204','3205',1),('29522','3204','3206',1),('29519','3205','3204',1),('29518','3205','3206',1),('29521','3206','3204',1),('29520','3206','3205',1),('29532','3238','2805',1),('29531','3238','3245',1),('29533','3238','3342',1),('29534','3238','3345',1),('29535','3238','3352',1),('28897','3245','2051',1),('28898','3245','2088',1),('28899','3245','2118',1),('28900','3245','2127',1),('28901','3245','2128',1),('28902','3245','2135',1),('28903','3245','2285',1),('28904','3245','2286',1),('28905','3245','2287',1),('28906','3245','2543',1),('28907','3245','2721',1),('28908','3245','2725',1),('28909','3245','2726',1),('28910','3245','2729',1),('28911','3245','2730',1),('28912','3245','2731',1),('28913','3245','2732',1),('28914','3245','2733',1),('28915','3245','2814',1),('28916','3245','3235',1),('28917','3245','3236',1),('24636','3246','2128',1),('24638','3246','2732',1),('24637','3246','2733',1),('29286','3252','2057',1),('29287','3252','2092',1),('29288','3252','2132',1),('29289','3252','2493',1),('29290','3252','2494',1),('29291','3252','3249',1),('29491','3271','2115',1),('29513','3272','2129',1),('29512','3273','2129',1),('29210','3279','2288',1),('29241','3280','2057',1),('29242','3280','2721',1),('29243','3280','2754',1),('29244','3280','2780',1),('29245','3280','2785',1),('29246','3280','2786',1),('29230','3281','2057',1),('29231','3281','2721',1),('29232','3281','2754',1),('29233','3281','2780',1),('29234','3281','2785',1),('29235','3281','2786',1),('29263','3282','2057',1),('29264','3282','2721',1),('29265','3282','2754',1),('29266','3282','2780',1),('29267','3282','2785',1),('29268','3282','2786',1),('29219','3283','2057',1),('29220','3283','2721',1),('29221','3283','2754',1),('29222','3283','2780',1),('29223','3283','2785',1),('29224','3283','2786',1),('29252','3284','2057',1),('29253','3284','2721',1),('29254','3284','2754',1),('29255','3284','2780',1),('29256','3284','2785',1),('29257','3284','2786',1),('29473','3319','2057',1),('29474','3319','2115',1),('29478','3319','2129',1),('29475','3319','2130',1),('29476','3319','2131',1),('29477','3319','2132',1),('29529','3329','2073',1),('29530','3329','2118',1),('29525','3329','2127',1),('29526','3329','2128',1),('29527','3329','2311',1),('29528','3329','2721',1),('28217','3335','2088',1),('28218','3335','2285',1),('28219','3335','2726',1),('28220','3335','2730',1),('28221','3335','2733',1),('29159','3336','2051',1),('29160','3336','2057',1),('29161','3336','2073',1),('29162','3336','2088',1),('29163','3336','2135',1),('29164','3336','2543',1),('29165','3336','2721',1),('29166','3336','2814',1),('29185','3337','2051',1),('29186','3337','2057',1),('29187','3337','2073',1),('29188','3337','2088',1),('29189','3337','2135',1),('29190','3337','2543',1),('29191','3337','2721',1),('29192','3337','2814',1),('29179','3338','2780',1),('29180','3338','2785',1),('29181','3338','3214',1),('29182','3338','3245',1),('29183','3338','3335',1),('29184','3338','3337',1),('29177','3339','3335',1),('29176','3339','3337',1),('29178','3339','3338',1),('29524','3341','2311',1),('29537','3342','2805',1),('29538','3342','3238',1),('29536','3342','3330',1),('29540','3342','3345',1),('29539','3342','3352',1),('29549','3343','2805',1),('29547','3343','3176',1),('29548','3343','3238',1),('29550','3343','3342',1),('29551','3343','3352',1),('29545','3344','3176',1),('29546','3344','3238',1),('29541','3345','3176',1),('29542','3345','3238',1),('29543','3345','3343',1),('29544','3345','3344',1),('29045','3346','2051',1),('29046','3346','2088',1),('29047','3346','2118',1),('29048','3346','2127',1),('29049','3346','2128',1),('29050','3346','2135',1),('29051','3346','2285',1),('29052','3346','2286',1),('29053','3346','2287',1),('29054','3346','2543',1),('29055','3346','2721',1),('29061','3346','2725',1),('29062','3346','2726',1),('29063','3346','2729',1),('29064','3346','2730',1),('29065','3346','2731',1),('29066','3346','2732',1),('29067','3346','2733',1),('29056','3346','2748',1),('29057','3346','2749',1),('29058','3346','2750',1),('29059','3346','2751',1),('29060','3346','2752',1),('29068','3346','2805',1),('29069','3346','3151',1),('29070','3346','3235',1),('29071','3346','3236',1),('29072','3346','3238',1),('29073','3346','3245',1),('29074','3347','2051',1),('29075','3347','2118',1),('29076','3347','2127',1),('29077','3347','2128',1),('29078','3347','2135',1),('29079','3347','2285',1),('29080','3347','2286',1),('29081','3347','2287',1),('29082','3347','2543',1),('29083','3347','2721',1),('29084','3347','2725',1),('29085','3347','2726',1),('29086','3347','2729',1),('29087','3347','2730',1),('29088','3347','2731',1),('29089','3347','2732',1),('29090','3347','2733',1),('29091','3347','2814',1),('29092','3347','3151',1),('29093','3347','3235',1),('29094','3347','3236',1),('29095','3347','3245',1),('29096','3347','3346',1),('29097','3347','3348',1),('29098','3347','3349',1),('29099','3348','2051',1),('29100','3348','2088',1),('29101','3348','2118',1),('29102','3348','2127',1),('29103','3348','2128',1),('29104','3348','2135',1),('29105','3348','2285',1),('29106','3348','2286',1),('29107','3348','2287',1),('29108','3348','2543',1),('29109','3348','2721',1),('29110','3348','2725',1),('29111','3348','2726',1),('29112','3348','2729',1),('29113','3348','2730',1),('29114','3348','2731',1),('29115','3348','2732',1),('29116','3348','2733',1),('29117','3348','2805',1),('29118','3348','2814',1),('29119','3348','3151',1),('29120','3348','3235',1),('29121','3348','3236',1),('29122','3348','3238',1),('29123','3348','3245',1),('29124','3348','3330',1),('29125','3348','3331',1),('29126','3348','3342',1),('29127','3348','3346',1),('29128','3348','3347',1),('29129','3348','3349',1),('29130','3348','3352',1),('29131','3349','2051',1),('29132','3349','2088',1),('29133','3349','2118',1),('29134','3349','2127',1),('29135','3349','2128',1),('29136','3349','2135',1),('29137','3349','2285',1),('29138','3349','2286',1),('29139','3349','2287',1),('29140','3349','2543',1),('29141','3349','2721',1),('29142','3349','2725',1),('29143','3349','2726',1),('29144','3349','2729',1),('29145','3349','2730',1),('29146','3349','2731',1),('29147','3349','2732',1),('29148','3349','2733',1),('29149','3349','2814',1),('29150','3349','3151',1),('29151','3349','3235',1),('29152','3349','3236',1),('29153','3349','3245',1),('29154','3349','3330',1),('29155','3349','3331',1),('29156','3349','3346',1),('29157','3349','3347',1),('29158','3349','3348',1),('29211','2209','2206',3),('29212','2209','2207',3),('29213','2209','2208',3),('29198','2289','2290',3),('29199','2289','2291',3),('29200','2289','2292',3),('29201','2289','2293',3),('29202','2289','2294',3),('29203','2289','2295',3),('29299','2816','2359',3),('29298','2816','2360',3),('29300','2816','2478',3),('29209','3279','2208',3),('29207','3279','3276',3),('29208','3279','3277',3),('29282','2057','2092',4),('29283','2057','2132',4),('28212','2073','3280',4),('28213','2073','3281',4),('28214','2073','3282',4),('28215','2073','3283',4),('28216','2073','3284',4),('29490','2115','3271',4),('29496','2129','2237',4),('29497','2129','3272',4),('29498','2129','3273',4),('29504','2130','2441',4),('29503','2130','2443',4),('29510','2131','2473',4),('29509','2131','2476',4),('29247','3280','2073',4),('29248','3280','3281',4),('29249','3280','3282',4),('29250','3280','3283',4),('29251','3280','3284',4),('29236','3281','2073',4),('29237','3281','3280',4),('29238','3281','3282',4),('29239','3281','3283',4),('29240','3281','3284',4),('29269','3282','2073',4),('29270','3282','3280',4),('29271','3282','3281',4),('29272','3282','3283',4),('29273','3282','3284',4),('29225','3283','2073',4),('29226','3283','3280',4),('29227','3283','3281',4),('29228','3283','3282',4),('29229','3283','3284',4),('29258','3284','2073',4),('29259','3284','3280',4),('29260','3284','3281',4),('29261','3284','3282',4),('29262','3284','3283',4),('29599','2091','2750',5),('29609','2297','2091',5),('29608','2298','2751',5),('29589','2299','2091',5),('29590','2299','2297',5),('29588','2300','2748',5),('29471','2399','2115',5),('29472','2399','2721',5),('29579','2742','2299',5),('28983','2748','2300',5),('28975','2750','2091',5),('28991','2752','2297',5);

--
-- Table structure for table `catalog_product_link_attribute`
--

CREATE TABLE `catalog_product_link_attribute` (
  `product_link_attribute_id` smallint unsigned NOT NULL AUTO_INCREMENT COMMENT 'Product Link Attribute ID',
  `link_type_id` smallint unsigned NOT NULL DEFAULT '0' COMMENT 'Link Type ID',
  `product_link_attribute_code` varchar(32) CHARACTER SET utf8mb4 COLLATE utf8mb4_general_ci DEFAULT NULL COMMENT 'Product Link Attribute Code',
  `data_type` varchar(32) CHARACTER SET utf8mb4 COLLATE utf8mb4_general_ci DEFAULT NULL COMMENT 'Data Type',
  PRIMARY KEY (`product_link_attribute_id`),
  KEY `CATALOG_PRODUCT_LINK_ATTRIBUTE_LINK_TYPE_ID` (`link_type_id`)
) ENGINE=InnoDB AUTO_INCREMENT=6 DEFAULT CHARSET=utf8mb4 COLLATE=utf8mb4_general_ci COMMENT='Catalog Product Link Attribute Table';

--
-- Dumping data for table `catalog_product_link_attribute`
--

INSERT INTO `catalog_product_link_attribute` VALUES (1,1,'position','int'),(2,4,'position','int'),(3,5,'position','int'),(4,3,'position','int'),(5,3,'qty','decimal');

--
-- Table structure for table `catalog_product_link_attribute_decimal`
--

CREATE TABLE `catalog_product_link_attribute_decimal` (
  `value_id` int unsigned NOT NULL AUTO_INCREMENT COMMENT 'Value ID',
  `product_link_attribute_id` smallint unsigned DEFAULT NULL COMMENT 'Product Link Attribute ID',
  `link_id` int unsigned NOT NULL COMMENT 'Link ID',
  `value` decimal(20,6) NOT NULL DEFAULT '0.000000' COMMENT 'Value',
  PRIMARY KEY (`value_id`),
  UNIQUE KEY `CAT_PRD_LNK_ATTR_DEC_PRD_LNK_ATTR_ID_LNK_ID` (`product_link_attribute_id`,`link_id`),
  KEY `CATALOG_PRODUCT_LINK_ATTRIBUTE_DECIMAL_LINK_ID` (`link_id`)
) ENGINE=InnoDB AUTO_INCREMENT=455 DEFAULT CHARSET=utf8mb4 COLLATE=utf8mb4_general_ci COMMENT='Catalog Product Link Decimal Attribute Table';

--
-- Dumping data for table `catalog_product_link_attribute_decimal`
--

INSERT INTO `catalog_product_link_attribute_decimal` VALUES ('440',5,'29198','2.000000'),('441',5,'29199','2.000000'),('442',5,'29200','2.000000'),('443',5,'29201','1.000000'),('444',5,'29202','1.000000'),('445',5,'29203','1.000000'),('446',5,'29207','2.000000'),('447',5,'29208','1.000000'),('448',5,'29209','2.000000'),('449',5,'29211','2.000000'),('450',5,'29212','1.000000'),('451',5,'29213','2.000000'),('452',5,'29298','0.000000'),('453',5,'29299','0.000000'),('454',5,'29300','0.000000');

--
-- Table structure for table `catalog_product_link_attribute_int`
--

CREATE TABLE `catalog_product_link_attribute_int` (
  `value_id` int unsigned NOT NULL AUTO_INCREMENT COMMENT 'Value ID',
  `product_link_attribute_id` smallint unsigned DEFAULT NULL COMMENT 'Product Link Attribute ID',
  `link_id` int unsigned NOT NULL COMMENT 'Link ID',
  `value` int NOT NULL DEFAULT '0' COMMENT 'Value',
  PRIMARY KEY (`value_id`),
  UNIQUE KEY `CAT_PRD_LNK_ATTR_INT_PRD_LNK_ATTR_ID_LNK_ID` (`product_link_attribute_id`,`link_id`),
  KEY `CATALOG_PRODUCT_LINK_ATTRIBUTE_INT_LINK_ID` (`link_id`)
) ENGINE=InnoDB AUTO_INCREMENT=29610 DEFAULT CHARSET=utf8mb4 COLLATE=utf8mb4_general_ci COMMENT='Catalog Product Link Integer Attribute Table';

--
-- Dumping data for table `catalog_product_link_attribute_int`
--

INSERT INTO `catalog_product_link_attribute_int` VALUES ('3920',1,'3921','1'),('3921',1,'3922','2'),('3922',1,'3923','3'),('3923',1,'3924','4'),('8795',1,'8795','1'),('9976',1,'9976','1'),('9977',1,'9977','2'),('9978',1,'9978','3'),('9979',1,'9979','4'),('11020',1,'11020','1'),('11021',1,'11021','2'),('11022',1,'11022','3'),('16416',1,'16416','1'),('22058',1,'22058','1'),('22059',1,'22059','2'),('22060',1,'22060','3'),('22061',1,'22061','4'),('22062',1,'22062','6'),('24636',1,'24636','1'),('24637',1,'24637','2'),('24638',1,'24638','3'),('24639',1,'24639','1'),('24640',1,'24640','2'),('24641',1,'24641','3'),('24642',1,'24642','4'),('24643',1,'24643','5'),('24644',1,'24644','6'),('24645',1,'24645','7'),('24646',1,'24646','8'),('24647',1,'24647','9'),('24648',1,'24648','10'),('24649',1,'24649','11'),('24650',1,'24650','1'),('24651',1,'24651','2'),('26487',1,'26487','2'),('26488',1,'26488','3'),('26489',1,'26489','4'),('26490',1,'26490','5'),('26491',1,'26491','6'),('26492',1,'26492','7'),('26493',1,'26493','8'),('26494',1,'26494','9'),('26495',1,'26495','10'),('26496',1,'26496','11'),('26497',1,'26497','12'),('26498',1,'26498','1'),('26499',1,'26499','2'),('26500',1,'26500','3'),('26501',1,'26501','4'),('26502',1,'26502','5'),('26503',1,'26503','6'),('26504',1,'26504','7'),('26505',1,'26505','8'),('26506',1,'26506','9'),('26507',1,'26507','10'),('26508',1,'26508','11'),('26509',1,'26509','12'),('26510',1,'26510','2'),('26511',1,'26511','3'),('26512',1,'26512','4'),('26513',1,'26513','5'),('26514',1,'26514','6'),('26515',1,'26515','7'),('26516',1,'26516','8'),('26517',1,'26517','9'),('26518',1,'26518','10'),('26519',1,'26519','11'),('26520',1,'26520','12'),('26533',1,'26533','1'),('26534',1,'26534','2'),('26535',1,'26535','3'),('26536',1,'26536','4'),('26537',1,'26537','5'),('26538',1,'26538','6'),('26539',1,'26539','7'),('26540',1,'26540','9'),('26541',1,'26541','10'),('26542',1,'26542','11'),('26543',1,'26543','12'),('26544',1,'26544','13'),('26545',1,'26545','1'),('26546',1,'26546','2'),('26547',1,'26547','3'),('26548',1,'26548','4'),('26549',1,'26549','5'),('26550',1,'26550','6'),('26551',1,'26551','7'),('26552',1,'26552','8'),('26553',1,'26553','9'),('26554',1,'26554','10'),('26555',1,'26555','11'),('26556',1,'26556','12'),('26557',1,'26557','1'),('26558',1,'26558','2'),('26559',1,'26559','3'),('26560',1,'26560','4'),('26561',1,'26561','5'),('26562',1,'26562','6'),('26563',1,'26563','7'),('26564',1,'26564','8'),('26565',1,'26565','9'),('26566',1,'26566','1'),('26567',1,'26567','2'),('26568',1,'26568','3'),('26569',1,'26569','4'),('26570',1,'26570','1'),('26571',1,'26571','2'),('26572',1,'26572','3'),('26573',1,'26573','4'),('26574',1,'26574','5'),('26575',1,'26575','6'),('26576',1,'26576','7'),('26577',1,'26577','1'),('26578',1,'26578','2'),('26579',1,'26579','3'),('26580',1,'26580','4'),('26581',1,'26581','5'),('26582',1,'26582','6'),('26583',1,'26583','7'),('26584',1,'26584','8'),('26585',1,'26585','9'),('26586',1,'26586','10'),('26587',1,'26587','11'),('26588',1,'26588','12'),('26589',1,'26589','1'),('26590',1,'26590','2'),('26591',1,'26591','3'),('26592',1,'26592','4'),('26593',1,'26593','5'),('26594',1,'26594','6'),('26595',1,'26595','7'),('26596',1,'26596','1'),('26597',1,'26597','3'),('26598',1,'26598','4'),('26599',1,'26599','6'),('26600',1,'26600','7'),('26601',1,'26601','8'),('26602',1,'26602','9'),('26603',1,'26603','10'),('26604',1,'26604','11'),('26605',1,'26605','12'),('27917',1,'27917','1'),('27918',1,'27918','2'),('27919',1,'27919','3'),('27920',1,'27920','4'),('27921',1,'27921','5'),('27922',1,'27922','6'),('27923',1,'27923','7'),('27924',1,'27924','8'),('28198',1,'28198','1'),('28199',1,'28199','2'),('28200',1,'28200','3'),('28201',1,'28201','4'),('28202',1,'28202','5'),('28203',1,'28203','6'),('28204',1,'28204','7'),('28205',1,'28205','8'),('28206',1,'28206','1'),('28207',1,'28207','2'),('28208',1,'28208','3'),('28209',1,'28209','4'),('28210',1,'28210','5'),('28211',1,'28211','6'),('28212',2,'28212','1'),('28213',2,'28213','2'),('28214',2,'28214','3'),('28215',2,'28215','4'),('28216',2,'28216','5'),('28217',1,'28217','1'),('28218',1,'28218','2'),('28219',1,'28219','3'),('28220',1,'28220','4'),('28221',1,'28221','5'),('28863',1,'28863','1'),('28864',1,'28864','2'),('28865',1,'28865','3'),('28866',1,'28866','4'),('28867',1,'28867','5'),('28868',1,'28868','6'),('28869',1,'28869','7'),('28870',1,'28870','8'),('28871',1,'28871','9'),('28872',1,'28872','10'),('28873',1,'28873','11'),('28874',1,'28874','12'),('28875',1,'28875','13'),('28876',1,'28876','14'),('28877',1,'28877','15'),('28878',1,'28878','16'),('28879',1,'28879','17'),('28880',1,'28880','18'),('28881',1,'28881','1'),('28882',1,'28882','2'),('28883',1,'28883','3'),('28884',1,'28884','4'),('28885',1,'28885','5'),('28886',1,'28886','6'),('28887',1,'28887','7'),('28888',1,'28888','8'),('28889',1,'28889','9'),('28890',1,'28890','10'),('28891',1,'28891','11'),('28892',1,'28892','12'),('28893',1,'28893','13'),('28894',1,'28894','14'),('28895',1,'28895','15'),('28896',1,'28896','16'),('28897',1,'28897','1'),('28898',1,'28898','2'),('28899',1,'28899','3'),('28900',1,'28900','4'),('28901',1,'28901','5'),('28902',1,'28902','6'),('28903',1,'28903','7'),('28904',1,'28904','8'),('28905',1,'28905','9'),('28906',1,'28906','10'),('28907',1,'28907','11'),('28908',1,'28908','12'),('28909',1,'28909','13'),('28910',1,'28910','14'),('28911',1,'28911','15'),('28912',1,'28912','16'),('28913',1,'28913','17'),('28914',1,'28914','18'),('28915',1,'28915','19'),('28916',1,'28916','20'),('28917',1,'28917','21'),('28918',1,'28918','1'),('28919',1,'28919','2'),('28920',1,'28920','3'),('28921',1,'28921','4'),('28922',1,'28922','5'),('28923',1,'28923','6'),('28924',1,'28924','7'),('28925',1,'28925','8'),('28926',1,'28926','9'),('28927',1,'28927','10'),('28928',1,'28928','11'),('28929',1,'28929','12'),('28930',1,'28930','13'),('28931',1,'28931','14'),('28932',1,'28932','15'),('28933',1,'28933','16'),('28934',1,'28934','17'),('28935',1,'28935','1'),('28936',1,'28936','2'),('28937',1,'28937','3'),('28938',1,'28938','4'),('28939',1,'28939','5'),('28940',1,'28940','6'),('28941',1,'28941','7'),('28942',1,'28942','8'),('28943',1,'28943','9'),('28944',1,'28944','10'),('28945',1,'28945','11'),('28946',1,'28946','12'),('28947',1,'28947','13'),('28948',1,'28948','14'),('28949',1,'28949','15'),('28950',1,'28950','16'),('28951',1,'28951','17'),('28952',1,'28952','18'),('28953',1,'28953','1'),('28954',1,'28954','2'),('28955',1,'28955','3'),('28956',1,'28956','4'),('28957',1,'28957','5'),('28958',1,'28958','6'),('28959',1,'28959','7'),('28960',1,'28960','1'),('28961',1,'28961','2'),('28962',1,'28962','1'),('28963',1,'28963','2'),('28964',1,'28964','3'),('28965',1,'28965','4'),('28966',1,'28966','5'),('28967',1,'28967','6'),('28968',1,'28968','7'),('28969',1,'28969','1'),('28970',1,'28970','2'),('28971',1,'28971','3'),('28972',1,'28972','4'),('28973',1,'28973','5'),('28974',1,'28974','6'),('28975',3,'28975','1'),('28976',1,'28976','1'),('28977',1,'28977','2'),('28978',1,'28978','3'),('28979',1,'28979','4'),('28980',1,'28980','5'),('28981',1,'28981','6'),('28982',1,'28982','7'),('28983',3,'28983','1'),('28984',1,'28984','1'),('28985',1,'28985','2'),('28986',1,'28986','3'),('28987',1,'28987','4'),('28988',1,'28988','5'),('28989',1,'28989','6'),('28990',1,'28990','7'),('28991',3,'28991','1'),('28992',1,'28992','1'),('28993',1,'28993','2'),('28994',1,'28994','3'),('28995',1,'28995','4'),('28996',1,'28996','5'),('28997',1,'28997','6'),('28998',1,'28998','7'),('28999',1,'28999','1'),('29000',1,'29000','2'),('29001',1,'29001','3'),('29002',1,'29002','4'),('29003',1,'29003','5'),('29004',1,'29004','6'),('29005',1,'29005','7'),('29006',1,'29006','8'),('29007',1,'29007','1'),('29008',1,'29008','2'),('29009',1,'29009','3'),('29010',1,'29010','4'),('29011',1,'29011','5'),('29012',1,'29012','6'),('29013',1,'29013','7'),('29014',1,'29014','8'),('29015',1,'29015','1'),('29016',1,'29016','2'),('29017',1,'29017','3'),('29018',1,'29018','4'),('29019',1,'29019','5'),('29020',1,'29020','6'),('29021',1,'29021','7'),('29022',1,'29022','8'),('29023',1,'29023','1'),('29024',1,'29024','2'),('29025',1,'29025','3'),('29026',1,'29026','4'),('29027',1,'29027','5'),('29028',1,'29028','6'),('29029',1,'29029','7'),('29030',1,'29030','8'),('29031',1,'29031','9'),('29032',1,'29032','10'),('29033',1,'29033','11'),('29034',1,'29034','12'),('29035',1,'29035','13'),('29036',1,'29036','14'),('29037',1,'29037','15'),('29038',1,'29038','16'),('29039',1,'29039','17'),('29040',1,'29040','18'),('29041',1,'29041','19'),('29042',1,'29042','20'),('29043',1,'29043','21'),('29044',1,'29044','22'),('29045',1,'29045','1'),('29046',1,'29046','2'),('29047',1,'29047','3'),('29048',1,'29048','4'),('29049',1,'29049','5'),('29050',1,'29050','6'),('29051',1,'29051','7'),('29052',1,'29052','8'),('29053',1,'29053','9'),('29054',1,'29054','10'),('29055',1,'29055','11'),('29056',1,'29056','12'),('29057',1,'29057','13'),('29058',1,'29058','14'),('29059',1,'29059','15'),('29060',1,'29060','16'),('29061',1,'29061','17'),('29062',1,'29062','18'),('29063',1,'29063','19'),('29064',1,'29064','20'),('29065',1,'29065','21'),('29066',1,'29066','22'),('29067',1,'29067','23'),('29068',1,'29068','24'),('29069',1,'29069','25'),('29070',1,'29070','26'),('29071',1,'29071','27'),('29072',1,'29072','28'),('29073',1,'29073','29'),('29074',1,'29074','1'),('29075',1,'29075','2'),('29076',1,'29076','3'),('29077',1,'29077','4'),('29078',1,'29078','5'),('29079',1,'29079','6'),('29080',1,'29080','7'),('29081',1,'29081','8'),('29082',1,'29082','9'),('29083',1,'29083','10'),('29084',1,'29084','11'),('29085',1,'29085','12'),('29086',1,'29086','13'),('29087',1,'29087','14'),('29088',1,'29088','15'),('29089',1,'29089','16'),('29090',1,'29090','17'),('29091',1,'29091','18'),('29092',1,'29092','19'),('29093',1,'29093','20'),('29094',1,'29094','21'),('29095',1,'29095','22'),('29096',1,'29096','23'),('29097',1,'29097','24'),('29098',1,'29098','25'),('29099',1,'29099','1'),('29100',1,'29100','2'),('29101',1,'29101','3'),('29102',1,'29102','4'),('29103',1,'29103','5'),('29104',1,'29104','6'),('29105',1,'29105','7'),('29106',1,'29106','8'),('29107',1,'29107','9'),('29108',1,'29108','10'),('29109',1,'29109','11'),('29110',1,'29110','12'),('29111',1,'29111','13'),('29112',1,'29112','14'),('29113',1,'29113','15'),('29114',1,'29114','16'),('29115',1,'29115','17'),('29116',1,'29116','18'),('29117',1,'29117','19'),('29118',1,'29118','20'),('29119',1,'29119','21'),('29120',1,'29120','22'),('29121',1,'29121','23'),('29122',1,'29122','24'),('29123',1,'29123','25'),('29124',1,'29124','26'),('29125',1,'29125','27'),('29126',1,'29126','28'),('29127',1,'29127','29'),('29128',1,'29128','30'),('29129',1,'29129','31'),('29130',1,'29130','32'),('29131',1,'29131','1'),('29132',1,'29132','2'),('29133',1,'29133','3'),('29134',1,'29134','4'),('29135',1,'29135','5'),('29136',1,'29136','6'),('29137',1,'29137','7'),('29138',1,'29138','8'),('29139',1,'29139','9'),('29140',1,'29140','10'),('29141',1,'29141','11'),('29142',1,'29142','12'),('29143',1,'29143','13'),('29144',1,'29144','14'),('29145',1,'29145','15'),('29146',1,'29146','16'),('29147',1,'29147','17'),('29148',1,'29148','18'),('29149',1,'29149','19'),('29150',1,'29150','20'),('29151',1,'29151','21'),('29152',1,'29152','22'),('29153',1,'29153','23'),('29154',1,'29154','24'),('29155',1,'29155','25'),('29156',1,'29156','26'),('29157',1,'29157','27'),('29158',1,'29158','28'),('29159',1,'29159','1'),('29160',1,'29160','2'),('29161',1,'29161','3'),('29162',1,'29162','4'),('29163',1,'29163','5'),('29164',1,'29164','6'),('29165',1,'29165','7'),('29166',1,'29166','8'),('29167',1,'29167','1'),('29168',1,'29168','2'),('29169',1,'29169','3'),('29170',1,'29170','1'),('29171',1,'29171','2'),('29172',1,'29172','3'),('29173',1,'29173','1'),('29174',1,'29174','2'),('29175',1,'29175','3'),('29176',1,'29176','1'),('29177',1,'29177','2'),('29178',1,'29178','3'),('29179',1,'29179','1'),('29180',1,'29180','2'),('29181',1,'29181','3'),('29182',1,'29182','4'),('29183',1,'29183','5'),('29184',1,'29184','6'),('29185',1,'29185','1'),('29186',1,'29186','2'),('29187',1,'29187','3'),('29188',1,'29188','4'),('29189',1,'29189','5'),('29190',1,'29190','6'),('29191',1,'29191','7'),('29192',1,'29192','8'),('29193',1,'29193','1'),('29194',1,'29194','2'),('29195',1,'29195','3'),('29196',1,'29196','4'),('29197',1,'29197','5'),('29198',4,'29198','0'),('29199',4,'29199','1'),('29200',4,'29200','2'),('29201',4,'29201','3'),('29202',4,'29202','4'),('29203',4,'29203','5'),('29204',1,'29204','1'),('29205',1,'29205','2'),('29206',1,'29206','3'),('29207',4,'29207','0'),('29208',4,'29208','1'),('29209',4,'29209','2'),('29210',1,'29210','1'),('29211',4,'29211','0'),('29212',4,'29212','1'),('29213',4,'29213','2'),('29214',1,'29214','1'),('29215',1,'29215','1'),('29216',1,'29216','2'),('29217',1,'29217','3'),('29218',1,'29218','1'),('29219',1,'29219','1'),('29220',1,'29220','2'),('29221',1,'29221','3'),('29222',1,'29222','4'),('29223',1,'29223','5'),('29224',1,'29224','6'),('29225',2,'29225','1'),('29226',2,'29226','2'),('29227',2,'29227','3'),('29228',2,'29228','4'),('29229',2,'29229','5'),('29230',1,'29230','1'),('29231',1,'29231','2'),('29232',1,'29232','3'),('29233',1,'29233','4'),('29234',1,'29234','5'),('29235',1,'29235','6'),('29236',2,'29236','1'),('29237',2,'29237','2'),('29238',2,'29238','3'),('29239',2,'29239','4'),('29240',2,'29240','5'),('29241',1,'29241','1'),('29242',1,'29242','2'),('29243',1,'29243','3'),('29244',1,'29244','4'),('29245',1,'29245','5'),('29246',1,'29246','6'),('29247',2,'29247','1'),('29248',2,'29248','2'),('29249',2,'29249','3'),('29250',2,'29250','4'),('29251',2,'29251','5'),('29252',1,'29252','1'),('29253',1,'29253','2'),('29254',1,'29254','3'),('29255',1,'29255','4'),('29256',1,'29256','5'),('29257',1,'29257','6'),('29258',2,'29258','1'),('29259',2,'29259','2'),('29260',2,'29260','3'),('29261',2,'29261','4'),('29262',2,'29262','5'),('29263',1,'29263','1'),('29264',1,'29264','2'),('29265',1,'29265','3'),('29266',1,'29266','4'),('29267',1,'29267','5'),('29268',1,'29268','6'),('29269',2,'29269','1'),('29270',2,'29270','2'),('29271',2,'29271','3'),('29272',2,'29272','4'),('29273',2,'29273','5'),('29274',1,'29274','1'),('29275',1,'29275','2'),('29276',1,'29276','3'),('29277',1,'29277','4'),('29278',1,'29278','5'),('29279',1,'29279','6'),('29280',1,'29280','7'),('29281',1,'29281','8'),('29282',2,'29282','1'),('29283',2,'29283','2'),('29284',1,'29284','1'),('29285',1,'29285','2'),('29286',1,'29286','1'),('29287',1,'29287','2'),('29288',1,'29288','3'),('29289',1,'29289','4'),('29290',1,'29290','5'),('29291',1,'29291','6'),('29292',1,'29292','1'),('29293',1,'29293','2'),('29294',1,'29294','3'),('29295',1,'29295','4'),('29296',1,'29296','2'),('29297',1,'29297','3'),('29298',4,'29298','0'),('29299',4,'29299','1'),('29300',4,'29300','2'),('29301',1,'29301','1'),('29302',1,'29302','2'),('29303',1,'29303','3'),('29304',1,'29304','4'),('29305',1,'29305','5'),('29306',1,'29306','6'),('29307',1,'29307','7'),('29308',1,'29308','8'),('29309',1,'29309','9'),('29310',1,'29310','10'),('29311',1,'29311','11'),('29312',1,'29312','12'),('29313',1,'29313','13'),('29314',1,'29314','14'),('29315',1,'29315','1'),('29316',1,'29316','2'),('29317',1,'29317','3'),('29318',1,'29318','4'),('29319',1,'29319','5'),('29320',1,'29320','6'),('29321',1,'29321','7'),('29322',1,'29322','8'),('29323',1,'29323','9'),('29324',1,'29324','10'),('29325',1,'29325','11'),('29326',1,'29326','12'),('29327',1,'29327','13'),('29328',1,'29328','1'),('29329',1,'29329','2'),('29330',1,'29330','3'),('29331',1,'29331','4'),('29332',1,'29332','5'),('29333',1,'29333','6'),('29334',1,'29334','7'),('29335',1,'29335','8'),('29336',1,'29336','9'),('29337',1,'29337','10'),('29338',1,'29338','11'),('29339',1,'29339','12'),('29340',1,'29340','13'),('29341',1,'29341','1'),('29342',1,'29342','2'),('29343',1,'29343','3'),('29344',1,'29344','4'),('29345',1,'29345','5'),('29346',1,'29346','6'),('29347',1,'29347','7'),('29348',1,'29348','8'),('29349',1,'29349','9'),('29350',1,'29350','10'),('29351',1,'29351','11'),('29352',1,'29352','12'),('29353',1,'29353','13'),('29354',1,'29354','1'),('29355',1,'29355','2'),('29356',1,'29356','3'),('29357',1,'29357','4'),('29358',1,'29358','5'),('29359',1,'29359','6'),('29360',1,'29360','7'),('29361',1,'29361','8'),('29362',1,'29362','9'),('29363',1,'29363','10'),('29364',1,'29364','11'),('29365',1,'29365','12'),('29366',1,'29366','13'),('29367',1,'29367','1'),('29368',1,'29368','2'),('29369',1,'29369','3'),('29370',1,'29370','4'),('29371',1,'29371','5'),('29372',1,'29372','6'),('29373',1,'29373','7'),('29374',1,'29374','8'),('29375',1,'29375','9'),('29376',1,'29376','10'),('29377',1,'29377','11'),('29378',1,'29378','12'),('29379',1,'29379','13'),('29380',1,'29380','1'),('29381',1,'29381','2'),('29382',1,'29382','3'),('29383',1,'29383','4'),('29384',1,'29384','5'),('29385',1,'29385','6'),('29386',1,'29386','7'),('29387',1,'29387','8'),('29388',1,'29388','9'),('29389',1,'29389','10'),('29390',1,'29390','11'),('29391',1,'29391','12'),('29392',1,'29392','13'),('29393',1,'29393','1'),('29394',1,'29394','2'),('29395',1,'29395','3'),('29396',1,'29396','4'),('29397',1,'29397','5'),('29398',1,'29398','6'),('29399',1,'29399','7'),('29400',1,'29400','8'),('29401',1,'29401','9'),('29402',1,'29402','10'),('29403',1,'29403','11'),('29404',1,'29404','12'),('29405',1,'29405','13'),('29406',1,'29406','1'),('29407',1,'29407','2'),('29408',1,'29408','3'),('29409',1,'29409','4'),('29410',1,'29410','5'),('29411',1,'29411','6'),('29412',1,'29412','7'),('29413',1,'29413','8'),('29414',1,'29414','9'),('29415',1,'29415','10'),('29416',1,'29416','11'),('29417',1,'29417','12'),('29418',1,'29418','13'),('29419',1,'29419','1'),('29420',1,'29420','2'),('29421',1,'29421','3'),('29422',1,'29422','4'),('29423',1,'29423','5'),('29424',1,'29424','6'),('29425',1,'29425','7'),('29426',1,'29426','8'),('29427',1,'29427','9'),('29428',1,'29428','10'),('29429',1,'29429','11'),('29430',1,'29430','12'),('29431',1,'29431','13'),('29432',1,'29432','1'),('29433',1,'29433','2'),('29434',1,'29434','3'),('29435',1,'29435','4'),('29436',1,'29436','5'),('29437',1,'29437','6'),('29438',1,'29438','7'),('29439',1,'29439','8'),('29440',1,'29440','9'),('29441',1,'29441','10'),('29442',1,'29442','11'),('29443',1,'29443','12'),('29444',1,'29444','13'),('29445',1,'29445','1'),('29446',1,'29446','2'),('29447',1,'29447','3'),('29448',1,'29448','4'),('29449',1,'29449','5'),('29450',1,'29450','6'),('29451',1,'29451','7'),('29452',1,'29452','8'),('29453',1,'29453','9'),('29454',1,'29454','10'),('29455',1,'29455','11'),('29456',1,'29456','12'),('29457',1,'29457','13'),('29458',1,'29458','1'),('29459',1,'29459','2'),('29460',1,'29460','3'),('29461',1,'29461','4'),('29462',1,'29462','5'),('29463',1,'29463','6'),('29464',1,'29464','7'),('29465',1,'29465','8'),('29466',1,'29466','9'),('29467',1,'29467','10'),('29468',1,'29468','11'),('29469',1,'29469','12'),('29470',1,'29470','13'),('29471',3,'29471','1'),('29472',3,'29472','2'),('29473',1,'29473','1'),('29474',1,'29474','2'),('29475',1,'29475','3'),('29476',1,'29476','4'),('29477',1,'29477','5'),('29478',1,'29478','6'),('29479',1,'29479','1'),('29480',1,'29480','2'),('29481',1,'29481','3'),('29482',1,'29482','4'),('29483',1,'29483','5'),('29484',1,'29484','6'),('29485',1,'29485','7'),('29486',1,'29486','8'),('29487',1,'29487','9'),('29488',1,'29488','10'),('29489',1,'29489','11'),('29490',2,'29490','1'),('29491',1,'29491','1'),('29492',1,'29492','1'),('29493',1,'29493','2'),('29494',1,'29494','3'),('29495',1,'29495','4'),('29496',2,'29496','1'),('29497',2,'29497','2'),('29498',2,'29498','3'),('29499',1,'29499','1'),('29500',1,'29500','3'),('29501',1,'29501','4'),('29502',1,'29502','5'),('29503',2,'29503','1'),('29504',2,'29504','2'),('29505',1,'29505','1'),('29506',1,'29506','3'),('29507',1,'29507','4'),('29508',1,'29508','5'),('29509',2,'29509','1'),('29510',2,'29510','2'),('29511',1,'29511','1'),('29512',1,'29512','1'),('29513',1,'29513','1'),('29514',1,'29514','1'),('29515',1,'29515','1'),('29516',1,'29516','1'),('29517',1,'29517','1'),('29518',1,'29518','1'),('29519',1,'29519','2'),('29520',1,'29520','1'),('29521',1,'29521','2'),('29522',1,'29522','1'),('29523',1,'29523','2'),('29524',1,'29524','1'),('29525',1,'29525','1'),('29526',1,'29526','2'),('29527',1,'29527','3'),('29528',1,'29528','4'),('29529',1,'29529','5'),('29530',1,'29530','6'),('29531',1,'29531','1'),('29532',1,'29532','2'),('29533',1,'29533','3'),('29534',1,'29534','4'),('29535',1,'29535','5'),('29536',1,'29536','1'),('29537',1,'29537','2'),('29538',1,'29538','3'),('29539',1,'29539','4'),('29540',1,'29540','5'),('29541',1,'29541','1'),('29542',1,'29542','2'),('29543',1,'29543','3'),('29544',1,'29544','4'),('29545',1,'29545','1'),('29546',1,'29546','2'),('29547',1,'29547','1'),('29548',1,'29548','2'),('29549',1,'29549','3'),('29550',1,'29550','4'),('29551',1,'29551','5'),('29552',1,'29552','1'),('29553',1,'29553','2'),('29554',1,'29554','4'),('29555',1,'29555','5'),('29556',1,'29556','6'),('29557',1,'29557','1'),('29558',1,'29558','2'),('29559',1,'29559','3'),('29560',1,'29560','4'),('29561',1,'29561','6'),('29562',1,'29562','7'),('29563',1,'29563','1'),('29564',1,'29564','2'),('29565',1,'29565','3'),('29566',1,'29566','4'),('29567',1,'29567','6'),('29568',1,'29568','7'),('29569',1,'29569','1'),('29570',1,'29570','2'),('29571',1,'29571','3'),('29572',1,'29572','5'),('29573',1,'29573','6'),('29574',1,'29574','1'),('29575',1,'29575','2'),('29576',1,'29576','3'),('29577',1,'29577','5'),('29578',1,'29578','6'),('29579',3,'29579','1'),('29580',1,'29580','1'),('29581',1,'29581','2'),('29582',1,'29582','3'),('29583',1,'29583','4'),('29584',1,'29584','5'),('29585',1,'29585','6'),('29586',1,'29586','7'),('29587',1,'29587','8'),('29588',3,'29588','1'),('29589',3,'29589','1'),('29590',3,'29590','2'),('29591',1,'29591','1'),('29592',1,'29592','2'),('29593',1,'29593','3'),('29594',1,'29594','4'),('29595',1,'29595','5'),('29596',1,'29596','6'),('29597',1,'29597','7'),('29598',1,'29598','8'),('29599',3,'29599','1'),('29600',1,'29600','1'),('29601',1,'29601','2'),('29602',1,'29602','3'),('29603',1,'29603','4'),('29604',1,'29604','5'),('29605',1,'29605','6'),('29606',1,'29606','7'),('29607',1,'29607','8'),('29608',3,'29608','1'),('29609',3,'29609','1');

--
-- Table structure for table `catalog_product_link_attribute_varchar`
--

CREATE TABLE `catalog_product_link_attribute_varchar` (
  `value_id` int unsigned NOT NULL AUTO_INCREMENT COMMENT 'Value ID',
  `product_link_attribute_id` smallint unsigned NOT NULL DEFAULT '0' COMMENT 'Product Link Attribute ID',
  `link_id` int unsigned NOT NULL COMMENT 'Link ID',
  `value` varchar(255) CHARACTER SET utf8mb4 COLLATE utf8mb4_general_ci DEFAULT NULL COMMENT 'Value',
  PRIMARY KEY (`value_id`),
  UNIQUE KEY `CAT_PRD_LNK_ATTR_VCHR_PRD_LNK_ATTR_ID_LNK_ID` (`product_link_attribute_id`,`link_id`),
  KEY `CATALOG_PRODUCT_LINK_ATTRIBUTE_VARCHAR_LINK_ID` (`link_id`)
) ENGINE=InnoDB DEFAULT CHARSET=utf8mb4 COLLATE=utf8mb4_general_ci COMMENT='Catalog Product Link Varchar Attribute Table';

--
-- Table structure for table `catalog_product_link_type`
--

CREATE TABLE `catalog_product_link_type` (
  `link_type_id` smallint unsigned NOT NULL AUTO_INCREMENT COMMENT 'Link Type ID',
  `code` varchar(32) CHARACTER SET utf8mb4 COLLATE utf8mb4_general_ci DEFAULT NULL COMMENT 'Code',
  PRIMARY KEY (`link_type_id`)
) ENGINE=InnoDB AUTO_INCREMENT=6 DEFAULT CHARSET=utf8mb4 COLLATE=utf8mb4_general_ci COMMENT='Catalog Product Link Type Table';

--
-- Dumping data for table `catalog_product_link_type`
--

INSERT INTO `catalog_product_link_type` VALUES (1,'relation'),(3,'super'),(4,'up_sell'),(5,'cross_sell');

--
-- Table structure for table `catalog_product_option`
--

CREATE TABLE `catalog_product_option` (
  `option_id` int unsigned NOT NULL AUTO_INCREMENT COMMENT 'Option ID',
  `product_id` int unsigned NOT NULL DEFAULT '0' COMMENT 'Product ID',
  `type` varchar(50) CHARACTER SET utf8mb4 COLLATE utf8mb4_general_ci DEFAULT NULL COMMENT 'Type',
  `is_require` smallint NOT NULL DEFAULT '1' COMMENT 'Is Required',
  `sku` varchar(64) CHARACTER SET utf8mb4 COLLATE utf8mb4_general_ci DEFAULT NULL COMMENT 'SKU',
  `max_characters` int unsigned DEFAULT NULL COMMENT 'Max Characters',
  `file_extension` varchar(50) CHARACTER SET utf8mb4 COLLATE utf8mb4_general_ci DEFAULT NULL COMMENT 'File Extension',
  `image_size_x` smallint unsigned DEFAULT NULL COMMENT 'Image Size X',
  `image_size_y` smallint unsigned DEFAULT NULL COMMENT 'Image Size Y',
  `sort_order` int unsigned NOT NULL DEFAULT '0' COMMENT 'Sort Order',
  `option_title_id` varchar(255) CHARACTER SET utf8mb4 COLLATE utf8mb4_general_ci NOT NULL COMMENT 'Option Title Identifier (added by MageWorx Option Dependency)',
  `dependency_type` smallint NOT NULL DEFAULT '0' COMMENT 'Option Dependency Type (added by MageWorx Option Dependency)',
  `qty_input` tinyint(1) NOT NULL DEFAULT '0' COMMENT 'Qty Input Flag (added by MageWorx_OptionFeatures)',
  `one_time` tinyint(1) NOT NULL DEFAULT '0' COMMENT 'One Time Option Flag (added by MageWorx_OptionFeatures)',
  `div_class` varchar(255) CHARACTER SET utf8mb4 COLLATE utf8mb4_general_ci NOT NULL COMMENT 'Option Div Class (added by MageWorx_OptionFeatures)',
  `mageworx_option_gallery` smallint NOT NULL DEFAULT '0' COMMENT 'MageWorx option gallery display type (added by MageWorx_OptionFeatures)',
  `mageworx_option_image_mode` smallint NOT NULL DEFAULT '0' COMMENT 'Option image mode (added by MageWorx_OptionFeatures)',
  `selection_limit_from` smallint NOT NULL DEFAULT '0' COMMENT 'Option Selection Limit From (added by MageWorx_OptionFeatures)',
  `selection_limit_to` smallint NOT NULL DEFAULT '0' COMMENT 'Option Selection Limit To (added by MageWorx_OptionFeatures)',
  `is_hidden` tinyint(1) DEFAULT '0' COMMENT 'Is Hidden Flag (added by MageWorx_OptionFeatures)',
  `group_option_id` int unsigned DEFAULT NULL COMMENT 'Group Option Id (added by MageWorx OptionTemplates)',
  `sku_policy` varchar(20) CHARACTER SET utf8mb4 COLLATE utf8mb4_general_ci NOT NULL DEFAULT 'use_config' COMMENT 'SKU Policy (added by MageWorx Option Sku Policy)',
  `is_swatch` tinyint(1) NOT NULL DEFAULT '0' COMMENT 'Is Swatch Flag (added by MageWorx Option Swatches)',
  `is_all_groups` tinyint(1) NOT NULL DEFAULT '1' COMMENT 'ALL Customer Group ID (added by MageWorx Option Visibility)',
  `is_all_websites` tinyint(1) NOT NULL DEFAULT '1' COMMENT 'ALL Store ID (added by MageWorx Option Visibility)',
  `disabled` smallint unsigned NOT NULL DEFAULT '0' COMMENT 'Disabled (added by MageWorx Option Visibility)',
  `disabled_by_values` smallint unsigned NOT NULL DEFAULT '0' COMMENT 'Disabled by values (added by MageWorx Option Visibility)',
  `hide_product_page_value_price` int unsigned NOT NULL DEFAULT '0' COMMENT 'Hide Value Price On Product Page (added by MageWorx_OptionFeatures)',
  PRIMARY KEY (`option_id`),
  KEY `CATALOG_PRODUCT_OPTION_PRODUCT_ID` (`product_id`)
) ENGINE=InnoDB AUTO_INCREMENT=1363 DEFAULT CHARSET=utf8mb4 COLLATE=utf8mb4_general_ci COMMENT='Magento Catalog Product Option Table';

--
-- Dumping data for table `catalog_product_option`
--

INSERT INTO `catalog_product_option` VALUES ('18','2057','drop_down',1,NULL,'0',NULL,0,0,'1','',0,0,0,'',0,0,0,0,0,NULL,'replacement',0,1,1,0,0,'0'),('79','2073','drop_down',1,NULL,'0',NULL,0,0,'2','',0,0,0,'',0,0,0,0,0,NULL,'grouped',0,1,1,0,0,'0'),('113','2088','drop_down',1,NULL,'0',NULL,0,0,'1','',0,0,0,'',0,0,0,0,0,NULL,'grouped',0,1,1,0,0,'0'),('118','2091','drop_down',1,NULL,'0',NULL,0,0,'1','',0,0,0,'',0,0,0,0,0,NULL,'use_config',0,1,1,0,0,'0'),('119','2091','drop_down',1,NULL,'0',NULL,0,0,'2','',0,0,0,'',0,0,0,0,0,NULL,'grouped',0,1,1,0,0,'0'),('127','2118','drop_down',1,NULL,'0',NULL,0,0,'3','',0,0,0,'',0,1,0,0,0,NULL,'grouped',0,1,1,0,0,'0'),('129','2118','drop_down',1,NULL,'0',NULL,0,0,'5','',0,0,0,'',0,0,0,0,0,NULL,'grouped',0,1,1,0,0,'0'),('138','2118','drop_down',1,NULL,'0',NULL,0,0,'12','',0,0,0,'',0,1,0,0,0,NULL,'grouped',0,1,1,0,0,'0'),('157','2127','drop_down',0,NULL,'0',NULL,0,0,'2','',0,0,0,'',0,0,0,0,0,NULL,'grouped',0,1,1,0,0,'0'),('163','2128','drop_down',1,NULL,'0',NULL,0,0,'1','',0,0,0,'',0,0,0,0,0,NULL,'grouped',0,1,1,0,0,'0'),('173','2129','drop_down',1,NULL,'0',NULL,0,0,'1','',0,0,0,'',0,0,0,0,0,NULL,'grouped',0,1,1,0,0,'0'),('176','2130','drop_down',1,NULL,'0',NULL,0,0,'1','',0,0,0,'',0,0,0,0,0,NULL,'grouped',0,1,1,0,0,'0'),('179','2131','drop_down',1,NULL,'0',NULL,0,0,'1','',0,0,0,'',0,0,0,0,0,NULL,'grouped',0,1,1,0,0,'0'),('208','2051','drop_down',1,NULL,'0',NULL,0,0,'13','',0,0,0,'',0,0,0,0,0,NULL,'grouped',0,1,1,0,0,'0'),('225','2102','drop_down',1,NULL,'0',NULL,0,0,'1','',0,0,0,'',0,1,0,0,0,NULL,'grouped',0,1,1,0,0,'0'),('242','2135','drop_down',1,NULL,'0',NULL,0,0,'4','',0,0,0,'',0,0,0,0,0,NULL,'grouped',0,1,1,0,0,'0'),('330','2232','checkbox',1,NULL,'0',NULL,0,0,'1','',0,0,0,'',0,0,0,0,1,NULL,'replacement',0,1,1,0,0,'0'),('347','2273','drop_down',1,NULL,'0',NULL,0,0,'1','',0,0,0,'',0,0,0,0,0,NULL,'grouped',1,1,1,0,0,'0'),('348','2273','drop_down',1,NULL,'0',NULL,0,0,'2','',0,0,0,'',0,0,0,0,0,NULL,'grouped',1,1,1,0,0,'0'),('404','2288','drop_down',1,NULL,'0',NULL,0,0,'4','',0,0,0,'',0,0,0,0,0,NULL,'grouped',0,1,1,0,0,'0'),('406','2296','drop_down',1,NULL,'0',NULL,0,0,'7','',0,0,0,'',0,0,0,0,0,NULL,'grouped',0,1,1,0,0,'0'),('409','2296','drop_down',1,NULL,'0',NULL,0,0,'5','',0,0,0,'',0,0,0,0,0,NULL,'grouped',0,1,1,0,0,'0'),('411','2297','drop_down',1,NULL,'0',NULL,0,0,'1','',0,0,0,'',0,0,0,0,0,NULL,'grouped',0,1,1,0,0,'0'),('412','2297','drop_down',1,NULL,'0',NULL,0,0,'2','',0,0,0,'',0,0,0,0,0,NULL,'grouped',0,1,1,0,0,'0'),('413','2298','drop_down',1,NULL,'0',NULL,0,0,'1','',0,0,0,'',0,0,0,0,0,NULL,'use_config',0,1,1,0,0,'0'),('414','2298','drop_down',1,NULL,'0',NULL,0,0,'2','',0,0,0,'',0,0,0,0,0,NULL,'grouped',0,1,1,0,0,'0'),('415','2299','drop_down',1,NULL,'0',NULL,0,0,'1','',0,0,0,'',0,0,0,0,0,NULL,'use_config',0,1,1,0,0,'0'),('416','2299','drop_down',1,NULL,'0',NULL,0,0,'2','',0,0,0,'',0,0,0,0,0,NULL,'use_config',0,1,1,0,0,'0'),('417','2300','drop_down',1,NULL,'0',NULL,0,0,'1','',0,0,0,'',0,0,0,0,0,NULL,'grouped',0,1,1,0,0,'0'),('418','2300','drop_down',1,NULL,'0',NULL,0,0,'2','',0,0,0,'',0,0,0,0,0,NULL,'grouped',0,1,1,0,0,'0'),('419','2301','drop_down',1,NULL,'0',NULL,0,0,'1','',0,0,0,'',0,0,0,0,0,NULL,'grouped',0,1,1,0,0,'0'),('420','2301','drop_down',1,NULL,'0',NULL,0,0,'2','',0,0,0,'',0,0,0,0,0,NULL,'grouped',0,1,1,0,0,'0'),('421','2302','drop_down',1,NULL,'0',NULL,0,0,'1','',0,0,0,'',0,0,0,0,0,NULL,'use_config',0,1,1,0,0,'0'),('422','2302','drop_down',1,NULL,'0',NULL,0,0,'2','',0,0,0,'',0,0,0,0,0,NULL,'grouped',0,1,1,0,0,'0'),('423','2303','drop_down',1,NULL,'0',NULL,0,0,'1','',0,0,0,'',0,0,0,0,0,NULL,'use_config',0,1,1,0,0,'0'),('424','2303','drop_down',1,NULL,'0',NULL,0,0,'2','',0,0,0,'',0,0,0,0,0,NULL,'use_config',0,1,1,0,0,'0'),('425','2304','drop_down',1,NULL,'0',NULL,0,0,'1','',0,0,0,'',0,0,0,0,0,NULL,'grouped',0,1,1,0,0,'0'),('426','2304','drop_down',1,NULL,'0',NULL,0,0,'2','',0,0,0,'',0,0,0,0,0,NULL,'grouped',0,1,1,0,0,'0'),('485','2311','drop_down',1,NULL,'0',NULL,0,0,'2','',0,0,0,'',0,0,0,0,0,NULL,'grouped',0,1,1,0,0,'0'),('487','2311','checkbox',1,NULL,'0',NULL,0,0,'13','',0,1,0,'',0,0,0,0,1,NULL,'grouped',1,1,1,0,0,'0'),('488','2311','drop_down',1,NULL,'0',NULL,0,0,'3','',0,0,0,'',0,0,0,0,0,NULL,'grouped',0,1,1,0,0,'0'),('489','2311','drop_down',1,NULL,'0',NULL,0,0,'7','',0,0,0,'',0,0,0,0,0,NULL,'grouped',0,1,1,0,0,'0'),('490','2311','checkbox',1,NULL,'0',NULL,0,0,'10','',0,0,0,'',0,0,0,0,1,NULL,'grouped',1,1,1,0,0,'0'),('491','2311','drop_down',1,NULL,'0',NULL,0,0,'12','',0,0,0,'',0,0,0,0,0,NULL,'grouped',0,1,1,0,0,'0'),('493','2324','drop_down',1,NULL,'0',NULL,0,0,'2','',0,0,0,'',0,0,0,0,0,NULL,'use_config',1,1,1,0,0,'0'),('494','2324','drop_down',1,NULL,'0',NULL,0,0,'9','',0,0,0,'',0,1,0,0,0,NULL,'grouped',1,1,1,0,0,'0'),('495','2324','checkbox',1,NULL,'0',NULL,0,0,'13','',0,1,0,'',0,0,0,0,1,NULL,'grouped',1,1,1,0,0,'0'),('496','2324','drop_down',1,NULL,'0',NULL,0,0,'3','',0,0,0,'',0,0,0,0,0,NULL,'grouped',1,1,1,0,0,'0'),('497','2324','drop_down',1,NULL,'0',NULL,0,0,'7','',0,0,0,'',0,0,0,0,0,NULL,'grouped',1,1,1,0,0,'0'),('498','2324','checkbox',1,NULL,'0',NULL,0,0,'10','',0,0,0,'',0,0,0,0,1,NULL,'grouped',1,1,1,0,0,'0'),('499','2324','drop_down',1,NULL,'0',NULL,0,0,'12','',0,0,0,'',0,0,0,0,0,NULL,'grouped',1,1,1,0,0,'0'),('503','2051','drop_down',1,NULL,'0',NULL,0,0,'11','',0,0,0,'',0,0,0,0,0,NULL,'grouped',0,1,1,0,0,'0'),('504','2285','drop_down',1,NULL,'0',NULL,0,0,'4','',0,0,0,'',0,0,0,0,0,NULL,'grouped',0,1,1,0,0,'0'),('505','2285','drop_down',1,NULL,'0',NULL,0,0,'5','',0,0,0,'',0,0,0,0,0,NULL,'grouped',0,1,1,0,0,'0'),('507','2286','drop_down',1,NULL,'0',NULL,0,0,'4','Size',0,0,0,'sizeselector',0,0,0,0,0,NULL,'grouped',0,1,1,0,0,'0'),('508','2286','drop_down',1,NULL,'0',NULL,0,0,'5','',0,0,0,'',0,0,0,0,0,NULL,'grouped',0,1,1,0,0,'0'),('510','2287','drop_down',1,NULL,'0',NULL,0,0,'4','',0,0,0,'',0,0,0,0,0,NULL,'grouped',0,1,1,0,0,'0'),('511','2287','drop_down',1,NULL,'0',NULL,0,0,'5','',0,0,0,'',0,0,0,0,0,NULL,'grouped',0,1,1,0,0,'0'),('514','2397','drop_down',1,NULL,'0',NULL,0,0,'1','',0,0,0,'',0,0,0,0,0,NULL,'grouped',0,1,1,0,0,'0'),('515','2397','checkbox',1,NULL,'0',NULL,0,0,'2','',0,0,0,'',0,0,0,0,1,NULL,'grouped',0,1,1,0,0,'0'),('516','2397','checkbox',1,NULL,'0',NULL,0,0,'3','',0,0,0,'',0,0,0,0,1,NULL,'grouped',0,1,1,0,0,'0'),('517','2398','drop_down',1,NULL,'0',NULL,0,0,'1','',0,0,0,'',0,0,0,0,0,NULL,'grouped',0,1,1,0,0,'0'),('518','2398','checkbox',1,NULL,'0',NULL,0,0,'2','',0,0,0,'',0,0,0,0,1,NULL,'grouped',0,1,1,0,0,'0'),('519','2398','checkbox',1,NULL,'0',NULL,0,0,'3','',0,0,0,'',0,0,0,0,1,NULL,'grouped',0,1,1,0,0,'0'),('521','2399','drop_down',1,NULL,'0',NULL,0,0,'1','',0,0,0,'',0,0,0,0,0,NULL,'grouped',0,1,1,0,0,'0'),('522','2399','checkbox',1,NULL,'0',NULL,0,0,'2','',0,0,0,'',0,0,0,0,1,NULL,'grouped',0,1,1,0,0,'0'),('523','2399','checkbox',1,NULL,'0',NULL,0,0,'3','',0,0,0,'',0,0,0,0,1,NULL,'grouped',0,1,1,0,0,'0'),('525','2400','drop_down',1,NULL,'0',NULL,0,0,'1','',0,0,0,'',0,0,0,0,0,NULL,'use_config',0,1,1,0,0,'0'),('526','2400','checkbox',1,NULL,'0',NULL,0,0,'2','',0,0,0,'',0,0,0,0,1,NULL,'use_config',0,1,1,0,0,'0'),('527','2400','checkbox',1,NULL,'0',NULL,0,0,'3','',0,0,0,'',0,0,0,0,1,NULL,'use_config',0,1,1,0,0,'0'),('529','2401','drop_down',1,NULL,'0',NULL,0,0,'1','',0,0,0,'',0,0,0,0,0,NULL,'use_config',0,1,1,0,0,'0'),('530','2401','checkbox',1,NULL,'0',NULL,0,0,'2','',0,0,0,'',0,0,0,0,1,NULL,'use_config',0,1,1,0,0,'0'),('531','2401','checkbox',1,NULL,'0',NULL,0,0,'3','',0,0,0,'',0,0,0,0,1,NULL,'use_config',0,1,1,0,0,'0'),('533','2401','checkbox',1,NULL,'0',NULL,0,0,'4','',0,0,0,'',0,0,0,0,1,NULL,'use_config',0,1,1,0,0,'0'),('534','2402','drop_down',1,NULL,'0',NULL,0,0,'1','',0,0,0,'',0,0,0,0,0,NULL,'use_config',0,1,1,0,0,'0'),('535','2402','checkbox',1,NULL,'0',NULL,0,0,'2','',0,0,0,'',0,0,0,0,1,NULL,'use_config',0,1,1,0,0,'0'),('536','2402','checkbox',1,NULL,'0',NULL,0,0,'3','',0,0,0,'',0,0,0,0,1,NULL,'use_config',0,1,1,0,0,'0'),('538','2402','checkbox',1,NULL,'0',NULL,0,0,'4','',0,0,0,'',0,0,0,0,1,NULL,'use_config',0,1,1,0,0,'0'),('539','2402','checkbox',1,NULL,'0',NULL,0,0,'6','',0,0,0,'',0,0,0,0,1,NULL,'use_config',0,1,1,0,0,'0'),('540','2403','drop_down',1,NULL,'0',NULL,0,0,'1','',0,0,0,'',0,0,0,0,0,NULL,'use_config',0,1,1,0,0,'0'),('541','2403','checkbox',1,NULL,'0',NULL,0,0,'2','',0,0,0,'',0,0,0,0,1,NULL,'use_config',0,1,1,0,0,'0'),('542','2403','checkbox',1,NULL,'0',NULL,0,0,'3','',0,0,0,'',0,0,0,0,1,NULL,'use_config',0,1,1,0,0,'0'),('545','2403','checkbox',1,NULL,'0',NULL,0,0,'6','',0,0,0,'',0,0,0,0,1,NULL,'use_config',0,1,1,0,0,'0'),('546','2404','drop_down',1,NULL,'0',NULL,0,0,'1','',0,0,0,'',0,0,0,0,0,NULL,'use_config',0,1,1,0,0,'0'),('547','2404','checkbox',1,NULL,'0',NULL,0,0,'2','',0,0,0,'',0,0,0,0,1,NULL,'use_config',0,1,1,0,0,'0'),('548','2404','checkbox',1,NULL,'0',NULL,0,0,'3','',0,0,0,'',0,0,0,0,1,NULL,'use_config',0,1,1,0,0,'0'),('550','2404','checkbox',1,NULL,'0',NULL,0,0,'4','',0,0,0,'',0,0,0,0,1,NULL,'use_config',0,1,1,0,0,'0'),('551','2404','checkbox',1,NULL,'0',NULL,0,0,'6','',0,0,0,'',0,0,0,0,1,NULL,'use_config',0,1,1,0,0,'0'),('552','2405','drop_down',1,NULL,'0',NULL,0,0,'1','',0,0,0,'',0,0,0,0,0,NULL,'use_config',0,1,1,0,0,'0'),('553','2405','checkbox',1,NULL,'0',NULL,0,0,'2','',0,0,0,'',0,0,0,0,1,NULL,'use_config',0,1,1,0,0,'0'),('554','2405','checkbox',1,NULL,'0',NULL,0,0,'3','',0,0,0,'',0,0,0,0,1,NULL,'use_config',0,1,1,0,0,'0'),('556','2405','checkbox',1,NULL,'0',NULL,0,0,'4','',0,0,0,'',0,0,0,0,1,NULL,'use_config',0,1,1,0,0,'0'),('557','2405','checkbox',1,NULL,'0',NULL,0,0,'6','',0,0,0,'',0,0,0,0,1,NULL,'use_config',0,1,1,0,0,'0'),('558','2406','drop_down',1,NULL,'0',NULL,0,0,'1','',0,0,0,'',0,0,0,0,0,NULL,'grouped',0,1,1,0,0,'0'),('559','2406','checkbox',1,NULL,'0',NULL,0,0,'2','',0,0,0,'',0,0,0,0,1,NULL,'grouped',0,1,1,0,0,'0'),('560','2406','checkbox',1,NULL,'0',NULL,0,0,'3','',0,0,0,'',0,0,0,0,1,NULL,'grouped',0,1,1,0,0,'0'),('563','2406','checkbox',1,NULL,'0',NULL,0,0,'6','',0,0,0,'',0,0,0,0,1,NULL,'grouped',0,1,1,0,0,'0'),('564','2407','drop_down',1,NULL,'0',NULL,0,0,'1','',0,0,0,'',0,0,0,0,0,NULL,'grouped',0,1,1,0,0,'0'),('565','2407','checkbox',1,NULL,'0',NULL,0,0,'2','',0,0,0,'',0,0,0,0,1,NULL,'grouped',0,1,1,0,0,'0'),('566','2407','checkbox',1,NULL,'0',NULL,0,0,'3','',0,0,0,'',0,0,0,0,1,NULL,'grouped',0,1,1,0,0,'0'),('568','2407','checkbox',1,NULL,'0',NULL,0,0,'5','',0,0,0,'',0,0,0,0,1,NULL,'grouped',0,1,1,0,0,'0'),('569','2407','checkbox',1,NULL,'0',NULL,0,0,'6','',0,0,0,'',0,0,0,0,1,NULL,'grouped',0,1,1,0,0,'0'),('570','2408','drop_down',1,NULL,'0',NULL,0,0,'1','',0,0,0,'',0,0,0,0,0,NULL,'grouped',0,1,1,0,0,'0'),('571','2408','checkbox',1,NULL,'0',NULL,0,0,'2','',0,0,0,'',0,0,0,0,1,NULL,'grouped',0,1,1,0,0,'0'),('572','2408','checkbox',1,NULL,'0',NULL,0,0,'3','',0,0,0,'',0,0,0,0,1,NULL,'grouped',0,1,1,0,0,'0'),('575','2408','checkbox',1,NULL,'0',NULL,0,0,'6','',0,0,0,'',0,0,0,0,1,NULL,'grouped',0,1,1,0,0,'0'),('576','2543','drop_down',1,NULL,'0',NULL,0,0,'7','',0,0,0,'',0,0,0,0,0,NULL,'grouped',0,1,1,0,0,'0'),('578','2543','drop_down',1,NULL,'0',NULL,0,0,'6','',0,0,0,'',0,0,0,0,0,NULL,'grouped',0,1,1,0,0,'0'),('582','2721','drop_down',1,NULL,'0',NULL,0,0,'2','',0,0,0,'',0,1,0,0,0,NULL,'grouped',0,1,1,0,0,'0'),('587','2725','drop_down',1,NULL,'0',NULL,0,0,'2','',0,0,0,'',0,1,0,0,0,NULL,'grouped',1,1,1,0,0,'0'),('592','2726','drop_down',1,NULL,'0',NULL,0,0,'2','',0,0,0,'',0,1,0,0,0,NULL,'grouped',0,1,1,0,0,'0'),('597','2729','drop_down',1,NULL,'0',NULL,0,0,'2','',0,0,0,'',0,0,0,0,0,NULL,'grouped',0,1,1,0,0,'0'),('602','2730','drop_down',1,NULL,'0',NULL,0,0,'2','',0,0,0,'',0,0,0,0,0,NULL,'grouped',0,1,1,0,0,'0'),('607','2731','drop_down',1,NULL,'0',NULL,0,0,'2','',0,0,0,'',0,0,0,0,0,NULL,'grouped',0,1,1,0,0,'0'),('609','2731','drop_down',1,NULL,'0',NULL,0,0,'5','',0,0,0,'',0,1,0,0,0,NULL,'grouped',0,1,1,0,0,'0'),('610','2731','checkbox',1,NULL,'0',NULL,0,0,'6','',0,0,0,'',0,0,0,0,1,NULL,'grouped',0,1,1,0,0,'0'),('612','2732','drop_down',1,NULL,'0',NULL,0,0,'2','',0,0,0,'',0,0,0,0,0,NULL,'grouped',0,1,1,0,0,'0'),('617','2733','drop_down',1,NULL,'0',NULL,0,0,'2','',0,0,0,'',0,0,0,0,0,NULL,'grouped',0,1,1,0,0,'0'),('627','2734','drop_down',1,NULL,'0',NULL,0,0,'6','',0,0,0,'',0,0,0,0,0,NULL,'grouped',0,1,1,0,0,'0'),('628','2734','drop_down',1,NULL,'0',NULL,0,0,'7','',0,0,0,'',0,1,0,0,0,NULL,'grouped',0,1,1,0,0,'0'),('651','2754','drop_down',1,NULL,'0',NULL,0,0,'6','',0,0,0,'',0,0,0,0,0,NULL,'use_config',0,1,1,0,0,'0'),('652','2754','drop_down',1,NULL,'0',NULL,0,0,'8','',0,0,0,'',0,0,0,0,0,NULL,'use_config',0,1,1,0,0,'0'),('653','2780','drop_down',1,NULL,'0',NULL,0,0,'1','',0,0,0,'',0,0,0,0,0,NULL,'grouped',0,1,1,0,0,'0'),('655','2785','drop_down',1,NULL,'0',NULL,0,0,'1','',0,0,0,'',0,0,0,0,0,NULL,'grouped',0,1,1,0,0,'0'),('657','2786','drop_down',1,NULL,'0',NULL,0,0,'1','',0,0,0,'',0,0,0,0,0,NULL,'grouped',0,1,1,0,0,'0'),('672','2791','drop_down',1,NULL,'0',NULL,0,0,'1','',0,0,0,'',0,0,0,0,0,NULL,'grouped',0,1,1,0,0,'0'),('760','2805','drop_down',1,NULL,'0',NULL,0,0,'1','',0,0,0,'',0,0,0,0,0,NULL,'use_config',1,1,1,0,0,'0'),('761','2805','checkbox',1,NULL,'0',NULL,0,0,'2','',0,0,0,'',0,0,0,0,1,NULL,'use_config',0,1,1,0,0,'0'),('813','2814','drop_down',1,NULL,'0',NULL,0,0,'1','',0,0,0,'',0,0,0,0,0,NULL,'grouped',0,1,1,0,0,'0'),('814','2814','drop_down',1,NULL,'0',NULL,0,0,'2','',0,0,0,'',0,0,0,0,0,NULL,'grouped',0,1,1,0,0,'0'),('815','2814','checkbox',1,NULL,'0',NULL,0,0,'3','',0,0,0,'',0,0,0,0,1,NULL,'grouped',0,1,1,0,0,'0'),('819','2815','drop_down',1,NULL,'0',NULL,0,0,'1','',0,0,0,'',0,0,0,0,0,NULL,'grouped',0,1,1,0,0,'0'),('861','3151','drop_down',1,NULL,'0',NULL,0,0,'1','',0,0,0,'',0,0,0,0,0,NULL,'use_config',0,1,1,0,0,'0'),('862','3151','drop_down',1,NULL,'0',NULL,0,0,'2','',0,0,0,'',0,0,0,0,0,NULL,'grouped',0,1,1,0,0,'0'),('863','3152','drop_down',1,NULL,'0',NULL,0,0,'1','',0,0,0,'',0,0,0,0,0,NULL,'use_config',0,1,1,0,0,'0'),('864','3152','drop_down',1,NULL,'0',NULL,0,0,'2','',0,0,0,'',0,0,0,0,0,NULL,'grouped',0,1,1,0,0,'0'),('865','3154','drop_down',1,NULL,'0',NULL,0,0,'1','',0,0,0,'',0,0,0,0,0,NULL,'grouped',0,1,1,0,0,'0'),('866','3155','drop_down',1,NULL,'0',NULL,0,0,'1','',0,0,0,'',0,0,0,0,0,NULL,'grouped',0,1,1,0,0,'0'),('867','3157','drop_down',0,NULL,'0',NULL,0,0,'1','',0,0,0,'',0,0,0,0,0,NULL,'grouped',0,1,1,0,0,'0'),('868','3158','drop_down',1,NULL,'0',NULL,0,0,'1','',0,0,0,'',0,0,0,0,0,NULL,'use_config',0,1,1,0,0,'0'),('869','3158','drop_down',1,NULL,'0',NULL,0,0,'2','',0,0,0,'',0,0,0,0,0,NULL,'grouped',0,1,1,0,0,'0'),('870','3159','drop_down',1,NULL,'0',NULL,0,0,'1','',0,0,0,'',0,0,0,0,0,NULL,'grouped',0,1,1,0,0,'0'),('871','3160','drop_down',1,NULL,'0',NULL,0,0,'1','',0,0,0,'',0,0,0,0,0,NULL,'grouped',0,1,1,0,0,'0'),('872','3161','drop_down',1,NULL,'0',NULL,0,0,'1','',0,0,0,'',0,0,0,0,0,NULL,'grouped',0,1,1,0,0,'0'),('873','3162','drop_down',1,NULL,'0',NULL,0,0,'1','',0,0,0,'',0,0,0,0,0,NULL,'grouped',0,1,1,0,0,'0'),('874','3163','drop_down',1,NULL,'0',NULL,0,0,'1','',0,0,0,'',0,0,0,0,0,NULL,'use_config',0,1,1,0,0,'0'),('875','3163','drop_down',1,NULL,'0',NULL,0,0,'2','',0,0,0,'',0,0,0,0,0,NULL,'grouped',0,1,1,0,0,'0'),('876','3164','drop_down',1,NULL,'0',NULL,0,0,'1','',0,0,0,'',0,0,0,0,0,NULL,'use_config',0,1,1,0,0,'0'),('877','3164','drop_down',1,NULL,'0',NULL,0,0,'2','',0,0,0,'',0,0,0,0,0,NULL,'grouped',0,1,1,0,0,'0'),('878','3165','drop_down',1,NULL,'0',NULL,0,0,'1','',0,0,0,'',0,0,0,0,0,NULL,'use_config',0,1,1,0,0,'0'),('879','3165','drop_down',1,NULL,'0',NULL,0,0,'2','',0,0,0,'',0,0,0,0,0,NULL,'grouped',0,1,1,0,0,'0'),('880','3166','drop_down',1,NULL,'0',NULL,0,0,'1','',0,0,0,'',0,0,0,0,0,NULL,'use_config',0,1,1,0,0,'0'),('881','3166','drop_down',1,NULL,'0',NULL,0,0,'2','',0,0,0,'',0,0,0,0,0,NULL,'grouped',0,1,1,0,0,'0'),('882','3167','drop_down',1,NULL,'0',NULL,0,0,'1','',0,0,0,'',0,0,0,0,0,NULL,'grouped',0,1,1,0,0,'0'),('883','3168','drop_down',1,NULL,'0',NULL,0,0,'1','',0,0,0,'',0,0,0,0,0,NULL,'use_config',0,1,1,0,0,'0'),('884','3168','drop_down',1,NULL,'0',NULL,0,0,'2','',0,0,0,'',0,0,0,0,0,NULL,'grouped',0,1,1,0,0,'0'),('885','3169','drop_down',1,NULL,'0',NULL,0,0,'1','',0,0,0,'',0,0,0,0,0,NULL,'grouped',0,1,1,0,0,'0'),('886','3170','drop_down',1,NULL,'0',NULL,0,0,'1','',0,0,0,'',0,0,0,0,0,NULL,'grouped',0,1,1,0,0,'0'),('887','3171','drop_down',1,NULL,'0',NULL,0,0,'1','',0,0,0,'',0,0,0,0,0,NULL,'grouped',0,1,1,0,0,'0'),('888','3172','drop_down',1,NULL,'0',NULL,0,0,'2','',0,0,0,'',0,0,0,0,0,NULL,'grouped',0,1,1,0,0,'0'),('889','3176','drop_down',1,NULL,'0',NULL,0,0,'1','',0,0,0,'',0,0,0,0,0,NULL,'use_config',0,1,1,0,0,'0'),('890','3176','drop_down',1,NULL,'0',NULL,0,0,'2','',0,0,0,'',0,0,0,0,0,NULL,'grouped',1,1,1,0,0,'0'),('891','3204','drop_down',1,NULL,'0',NULL,0,0,'1','',0,0,0,'',0,0,0,0,0,NULL,'use_config',0,1,1,0,0,'0'),('892','3204','drop_down',1,NULL,'0',NULL,0,0,'2','',0,0,0,'',0,0,0,0,0,NULL,'use_config',0,1,1,0,0,'0'),('895','3205','drop_down',1,NULL,'0',NULL,0,0,'1','',0,0,0,'',0,0,0,0,0,NULL,'use_config',0,1,1,0,0,'0'),('896','3205','drop_down',1,NULL,'0',NULL,0,0,'2','',0,0,0,'',0,0,0,0,0,NULL,'use_config',0,1,1,0,0,'0'),('899','3206','drop_down',1,NULL,'0',NULL,0,0,'1','',0,0,0,'',0,0,0,0,0,NULL,'use_config',0,1,1,0,0,'0'),('900','3206','drop_down',1,NULL,'0',NULL,0,0,'2','',0,0,0,'',0,0,0,0,0,NULL,'use_config',0,1,1,0,0,'0'),('903','3214','drop_down',1,NULL,'0',NULL,0,0,'1','',0,0,0,'',0,0,0,0,0,NULL,'grouped',0,1,1,0,0,'0'),('904','3214','drop_down',1,NULL,'0',NULL,0,0,'2','',0,0,0,'',0,0,0,0,0,NULL,'grouped',0,1,1,0,0,'0'),('907','3172','drop_down',1,NULL,'0',NULL,0,0,'1','',0,0,0,'',0,0,0,0,0,NULL,'use_config',0,1,1,0,0,'0'),('908','3226','drop_down',1,NULL,'0',NULL,0,0,'1','',0,0,0,'',0,0,0,0,0,NULL,'grouped',0,1,1,0,0,'0'),('909','3227','drop_down',1,NULL,'0',NULL,0,0,'1','',0,0,0,'',0,0,0,0,0,NULL,'grouped',0,1,1,0,0,'0'),('910','3228','drop_down',1,NULL,'0',NULL,0,0,'1','',0,0,0,'',0,0,0,0,0,NULL,'grouped',0,1,1,0,0,'0'),('911','3235','drop_down',1,NULL,'0',NULL,0,0,'1','',0,0,0,'',0,0,0,0,0,NULL,'grouped',0,1,1,0,0,'0'),('917','3236','drop_down',1,NULL,'0',NULL,0,0,'1','',0,0,0,'',0,0,0,0,0,NULL,'grouped',0,1,1,0,0,'0'),('918','3236','drop_down',1,NULL,'0',NULL,0,0,'4','',0,0,0,'',0,0,0,0,0,NULL,'grouped',0,1,1,0,0,'0'),('919','3236','drop_down',1,NULL,'0',NULL,0,0,'5','',0,0,0,'',0,0,0,0,0,'3','grouped',0,1,1,0,0,'0'),('920','3236','checkbox',1,NULL,'0',NULL,0,0,'6','',0,0,0,'',0,0,0,0,1,'4','grouped',0,1,1,0,0,'0'),('923','3238','drop_down',1,NULL,'0',NULL,0,0,'1','',0,0,0,'',0,0,0,0,0,NULL,'use_config',0,1,1,0,0,'0'),('924','3238','checkbox',1,NULL,'0',NULL,0,0,'2','',0,0,0,'',0,0,0,0,1,NULL,'use_config',0,1,1,0,0,'0'),('925','3245','drop_down',1,NULL,'0',NULL,0,0,'3','',0,0,0,'',0,0,0,0,0,NULL,'grouped',0,1,1,0,0,'0'),('926','3245','drop_down',1,NULL,'0',NULL,0,0,'2','',0,0,0,'',0,0,0,0,0,NULL,'use_config',0,1,1,0,0,'0'),('982','2721','drop_down',1,NULL,'0',NULL,0,0,'4','',0,0,0,'',0,0,0,0,0,'5','use_config',0,1,1,0,0,'0'),('983','2721','drop_down',1,NULL,'0',NULL,0,0,'6','',0,0,0,'',0,0,0,0,0,'3','grouped',0,1,1,0,0,'0'),('984','2721','checkbox',1,NULL,'0',NULL,0,0,'7','',0,0,0,'',0,0,0,0,1,'4','grouped',0,1,1,0,0,'0'),('987','2713','drop_down',0,NULL,'0',NULL,0,0,'1','',0,0,0,'',0,0,0,0,0,'5','grouped',0,1,1,0,0,'0'),('988','2713','drop_down',1,NULL,'0',NULL,0,0,'6','',0,0,0,'',0,0,0,0,0,'3','grouped',0,1,1,0,0,'0'),('989','2713','checkbox',1,NULL,'0',NULL,0,0,'7','',0,0,0,'',0,0,0,0,1,'4','grouped',0,1,1,0,0,'0'),('1001','2733','drop_down',1,NULL,'0',NULL,0,0,'5','',0,0,0,'',0,0,0,0,0,'8','grouped',0,1,1,0,0,'0'),('1002','2733','drop_down',1,NULL,'0',NULL,0,0,'6','',0,0,0,'',0,0,0,0,0,'6','grouped',0,1,1,0,0,'0'),('1003','2733','checkbox',1,NULL,'0',NULL,0,0,'7','',0,0,0,'',0,0,0,0,1,'7','grouped',0,1,1,0,0,'0'),('1006','2732','drop_down',1,NULL,'0',NULL,0,0,'5','',0,0,0,'',0,0,0,0,0,'8','grouped',0,1,1,0,0,'0'),('1007','2732','drop_down',1,NULL,'0',NULL,0,0,'6','',0,0,0,'',0,0,0,0,0,'6','grouped',0,1,1,0,0,'0'),('1008','2732','checkbox',1,NULL,'0',NULL,0,0,'7','',0,0,0,'',0,0,0,0,1,'7','grouped',0,1,1,0,0,'0'),('1011','3246','drop_down',1,NULL,'0',NULL,0,0,'5','',0,0,0,'',0,0,0,0,0,'8','grouped',0,1,1,0,0,'0'),('1012','3246','drop_down',1,NULL,'0',NULL,0,0,'6','',0,0,0,'',0,0,0,0,0,'6','grouped',0,1,1,0,0,'0'),('1013','3246','checkbox',1,NULL,'0',NULL,0,0,'7','',0,0,0,'',0,0,0,0,1,'7','grouped',0,1,1,0,0,'0'),('1021','2729','drop_down',1,NULL,'0',NULL,0,0,'6','',0,0,0,'',0,0,0,0,0,'11','grouped',0,1,1,0,0,'0'),('1022','2729','drop_down',1,NULL,'0',NULL,0,0,'3','',0,0,0,'',0,0,0,0,0,'9','grouped',0,1,1,0,0,'0'),('1023','2729','checkbox',1,NULL,'0',NULL,0,0,'4','',0,0,0,'',0,0,0,0,1,'10','grouped',0,1,1,0,0,'0'),('1026','2726','drop_down',1,NULL,'0',NULL,0,0,'5','',0,0,0,'',0,0,0,0,0,'5','grouped',0,1,1,0,0,'0'),('1027','2726','drop_down',1,NULL,'0',NULL,0,0,'4','',0,0,0,'',0,0,0,0,0,'3','grouped',0,1,1,0,0,'0'),('1028','2726','checkbox',1,NULL,'0',NULL,0,0,'6','',0,0,0,'',0,0,0,0,1,'4','grouped',0,1,1,0,0,'0'),('1031','2725','drop_down',1,NULL,'0',NULL,0,0,'5','',0,0,0,'',0,0,0,0,0,'5','grouped',1,1,1,0,0,'0'),('1032','2725','drop_down',1,NULL,'0',NULL,0,0,'4','',0,0,0,'',0,0,0,0,0,'3','grouped',1,1,1,0,0,'0'),('1033','2725','checkbox',1,NULL,'0',NULL,0,0,'6','',0,0,0,'',0,0,0,0,1,'4','grouped',0,1,1,0,0,'0'),('1036','2128','drop_down',1,NULL,'0',NULL,0,0,'5','',0,0,0,'',0,0,0,0,0,'8','grouped',0,1,1,0,0,'0'),('1037','2128','drop_down',1,NULL,'0',NULL,0,0,'6','',0,0,0,'',0,0,0,0,0,'6','grouped',0,1,1,0,0,'0'),('1038','2128','checkbox',1,NULL,'0',NULL,0,0,'7','',0,0,0,'',0,0,0,0,1,'7','grouped',0,1,1,0,0,'0'),('1041','2127','drop_down',1,NULL,'0',NULL,0,0,'4','',0,0,0,'',0,0,0,0,0,'11','grouped',0,1,1,0,0,'0'),('1042','2127','drop_down',1,NULL,'0',NULL,0,0,'5','',0,0,0,'',0,0,0,0,0,'9','grouped',0,1,1,0,0,'0'),('1043','2127','checkbox',1,NULL,'0',NULL,0,0,'6','',0,0,0,'',0,0,0,0,1,'10','grouped',0,1,1,0,0,'0'),('1046','3235','drop_down',1,NULL,'0',NULL,0,0,'3','',0,0,0,'',0,0,0,0,0,'11','grouped',0,1,1,0,0,'0'),('1047','3235','drop_down',1,NULL,'0',NULL,0,0,'6','',0,0,0,'',0,0,0,0,0,'9','grouped',0,1,1,0,0,'0'),('1048','3235','checkbox',1,NULL,'0',NULL,0,0,'7','',0,0,0,'',0,0,0,0,1,'10','grouped',0,1,1,0,0,'0'),('1051','2730','drop_down',1,NULL,'0',NULL,0,0,'5','',0,0,0,'',0,0,0,0,0,'11','grouped',0,1,1,0,0,'0'),('1052','2730','drop_down',1,NULL,'0',NULL,0,0,'4','',0,0,0,'',0,0,0,0,0,'9','grouped',0,1,1,0,0,'0'),('1053','2730','checkbox',1,NULL,'0',NULL,0,0,'6','',0,0,0,'',0,0,0,0,1,'10','grouped',0,1,1,0,0,'0'),('1056','3249','drop_down',1,NULL,'0',NULL,0,0,'1','',0,0,0,'',0,0,0,0,0,NULL,'grouped',0,1,1,0,0,'0'),('1075','3274','drop_down',1,NULL,'0',NULL,0,0,'1','',0,0,0,'',0,0,0,0,0,NULL,'use_config',0,1,1,0,0,'0'),('1076','3274','checkbox',1,NULL,'0',NULL,0,0,'4','',0,0,0,'',0,0,0,0,1,NULL,'use_config',0,1,1,0,0,'0'),('1079','3274','drop_down',1,NULL,'0',NULL,0,0,'3','',0,0,0,'',0,0,0,0,0,NULL,'use_config',0,1,1,0,0,'0'),('1082','3275','drop_down',1,NULL,'0',NULL,0,0,'1','',0,0,0,'',0,0,0,0,0,NULL,'use_config',0,1,1,0,0,'0'),('1083','3275','checkbox',1,NULL,'0',NULL,0,0,'4','',0,0,0,'',0,0,0,0,1,NULL,'use_config',0,1,1,0,0,'0'),('1084','3275','drop_down',1,NULL,'0',NULL,0,0,'3','',0,0,0,'',0,0,0,0,0,NULL,'use_config',0,1,1,0,0,'0'),('1089','3278','drop_down',1,NULL,'0',NULL,0,0,'1','',0,0,0,'',0,0,0,0,0,NULL,'use_config',0,1,1,0,0,'0'),('1090','3278','drop_down',1,NULL,'0',NULL,0,0,'2','',0,0,0,'',0,0,0,0,0,NULL,'use_config',0,1,1,0,0,'0'),('1093','3278','checkbox',1,NULL,'0',NULL,0,0,'4','',0,0,0,'',0,0,0,0,1,NULL,'use_config',0,1,1,0,0,'0'),('1096','3280','drop_down',1,NULL,'0',NULL,0,0,'2','',0,0,0,'',0,0,0,0,0,NULL,'grouped',0,1,1,0,0,'0'),('1102','3281','drop_down',1,NULL,'0',NULL,0,0,'2','',0,0,0,'',0,0,0,0,0,NULL,'grouped',0,1,1,0,0,'0'),('1112','3282','drop_down',1,NULL,'0',NULL,0,0,'1','',0,0,0,'',0,0,0,0,0,NULL,'grouped',0,1,1,0,0,'0'),('1115','3283','drop_down',1,NULL,'0',NULL,0,0,'2','',0,0,0,'',0,0,0,0,0,NULL,'grouped',0,1,1,0,0,'0'),('1122','3284','drop_down',1,NULL,'0',NULL,0,0,'1','',0,0,0,'',0,0,0,0,0,NULL,'grouped',0,1,1,0,0,'0'),('1127','3288','checkbox',1,NULL,'0',NULL,0,0,'1','',0,0,0,'',0,0,0,0,1,NULL,'replacement',0,1,1,0,0,'0'),('1128','3287','checkbox',1,NULL,'0',NULL,0,0,'1','',0,0,0,'',0,0,0,0,1,NULL,'replacement',0,1,1,0,0,'0'),('1129','3286','checkbox',1,NULL,'0',NULL,0,0,'1','',0,0,0,'',0,0,0,0,1,NULL,'replacement',0,1,1,0,0,'0'),('1130','3285','checkbox',1,NULL,'0',NULL,0,0,'1','',0,0,0,'',0,0,0,0,1,NULL,'replacement',0,1,1,0,0,'0'),('1131','2739','checkbox',1,NULL,'0',NULL,0,0,'1','',0,0,0,'',0,0,0,0,1,NULL,'replacement',0,1,1,0,0,'0'),('1132','2741','checkbox',1,NULL,'0',NULL,0,0,'1','',0,0,0,'',0,0,0,0,1,NULL,'replacement',0,1,1,0,0,'0'),('1133','2742','checkbox',1,NULL,'0',NULL,0,0,'1','',0,0,0,'',0,0,0,0,1,NULL,'replacement',0,1,1,0,0,'0'),('1134','2743','checkbox',1,NULL,'0',NULL,0,0,'1','',0,0,0,'',0,0,0,0,1,NULL,'replacement',0,1,1,0,0,'0'),('1135','2744','checkbox',1,NULL,'0',NULL,0,0,'1','',0,0,0,'',0,0,0,0,1,NULL,'replacement',0,1,1,0,0,'0'),('1137','3291','checkbox',1,NULL,'0',NULL,0,0,'1','',0,0,0,'',0,0,0,0,1,NULL,'replacement',0,1,1,0,0,'0'),('1138','3292','checkbox',1,NULL,'0',NULL,0,0,'1','',0,0,0,'',0,0,0,0,1,NULL,'replacement',0,1,1,0,0,'0'),('1139','3293','checkbox',1,NULL,'0',NULL,0,0,'1','',0,0,0,'',0,0,0,0,1,NULL,'replacement',0,1,1,0,0,'0'),('1140','3294','checkbox',1,NULL,'0',NULL,0,0,'1','',0,0,0,'',0,0,0,0,1,NULL,'replacement',0,1,1,0,0,'0'),('1141','3295','checkbox',1,NULL,'0',NULL,0,0,'1','',0,0,0,'',0,0,0,0,1,NULL,'replacement',0,1,1,0,0,'0'),('1142','3296','checkbox',1,NULL,'0',NULL,0,0,'1','',0,0,0,'',0,0,0,0,1,NULL,'replacement',0,1,1,0,0,'0'),('1143','3297','checkbox',1,NULL,'0',NULL,0,0,'1','',0,0,0,'',0,0,0,0,1,NULL,'replacement',0,1,1,0,0,'0'),('1144','3298','checkbox',1,NULL,'0',NULL,0,0,'1','',0,0,0,'',0,0,0,0,1,NULL,'replacement',0,1,1,0,0,'0'),('1145','3299','checkbox',1,NULL,'0',NULL,0,0,'1','',0,0,0,'',0,0,0,0,1,NULL,'replacement',0,1,1,0,0,'0'),('1146','3300','checkbox',1,NULL,'0',NULL,0,0,'1','',0,0,0,'',0,0,0,0,1,NULL,'replacement',0,1,1,0,0,'0'),('1147','3301','checkbox',1,NULL,'0',NULL,0,0,'1','',0,0,0,'',0,0,0,0,1,NULL,'replacement',0,1,1,0,0,'0'),('1150','3304','checkbox',1,NULL,'0',NULL,0,0,'1','',0,0,0,'',0,0,0,0,1,NULL,'replacement',0,1,1,0,0,'0'),('1151','3305','checkbox',1,NULL,'0',NULL,0,0,'1','',0,0,0,'',0,0,0,0,1,NULL,'replacement',0,1,1,0,0,'0'),('1152','3306','checkbox',1,NULL,'0',NULL,0,0,'1','',0,0,0,'',0,0,0,0,1,NULL,'replacement',0,1,1,0,0,'0'),('1153','3307','checkbox',1,NULL,'0',NULL,0,0,'1','',0,0,0,'',0,0,0,0,1,NULL,'replacement',0,1,1,0,0,'0'),('1154','3308','checkbox',1,NULL,'0',NULL,0,0,'1','',0,0,0,'',0,0,0,0,1,NULL,'replacement',0,1,1,0,0,'0'),('1156','3310','checkbox',1,NULL,'0',NULL,0,0,'1','',0,0,0,'',0,0,0,0,1,NULL,'replacement',0,1,1,0,0,'0'),('1160','3319','drop_down',1,NULL,'0',NULL,0,0,'13','',0,0,0,'',0,0,0,0,0,NULL,'use_config',0,1,1,0,0,'0'),('1161','3319','drop_down',1,NULL,'0',NULL,0,0,'14','',0,0,0,'',0,0,0,0,0,NULL,'use_config',0,1,1,0,0,'0'),('1162','3319','checkbox',1,NULL,'0',NULL,0,0,'15','',0,0,0,'',0,0,0,0,1,NULL,'grouped',0,1,1,0,0,'0'),('1165','3320','checkbox',1,NULL,'0',NULL,0,0,'1','',0,0,0,'',0,0,0,0,1,NULL,'replacement',0,1,1,0,0,'0'),('1171','2051','checkbox',0,NULL,'0',NULL,0,0,'14','',0,0,0,'',0,0,0,0,0,NULL,'grouped',0,1,1,0,0,'0'),('1175','3252','drop_down',1,NULL,'0',NULL,0,0,'3','',0,0,0,'',0,0,0,0,0,NULL,'replacement',0,1,1,0,0,'0'),('1178','2494','drop_down',1,NULL,'0',NULL,0,0,'1','',0,0,0,'',0,0,0,0,0,NULL,'replacement',0,1,1,0,0,'0'),('1181','3329','drop_down',1,NULL,'0',NULL,0,0,'1','',0,0,0,'',0,0,0,0,0,NULL,'grouped',0,1,1,0,0,'0'),('1183','3329','checkbox',1,NULL,'0',NULL,0,0,'3','',0,0,0,'',0,0,0,0,1,NULL,'grouped',0,1,1,0,0,'0'),('1186','2285','checkbox',0,NULL,'0',NULL,0,0,'6','',0,0,0,'',0,0,0,0,0,NULL,'grouped',0,1,1,0,0,'0'),('1187','2286','checkbox',0,NULL,'0',NULL,0,0,'6','',0,0,0,'',0,0,0,0,0,NULL,'grouped',0,1,1,0,0,'0'),('1188','2287','checkbox',0,NULL,'0',NULL,0,0,'6','',0,0,0,'',0,0,0,0,0,NULL,'grouped',0,1,1,0,0,'0'),('1189','2729','checkbox',0,NULL,'0',NULL,0,0,'5','',0,0,0,'',0,0,0,0,0,NULL,'grouped',0,1,1,0,0,'0'),('1190','2127','checkbox',0,NULL,'0',NULL,0,0,'3','',0,0,0,'',0,0,0,0,0,NULL,'grouped',0,1,1,0,0,'0'),('1191','2731','checkbox',0,NULL,'0',NULL,0,0,'3','',0,0,0,'',0,0,0,0,0,NULL,'grouped',0,1,1,0,0,'0'),('1192','2730','checkbox',0,NULL,'0',NULL,0,0,'3','',0,0,0,'',0,0,0,0,0,NULL,'grouped',0,1,1,0,0,'0'),('1193','3235','checkbox',0,NULL,'0',NULL,0,0,'2','',0,0,0,'',0,0,0,0,0,NULL,'grouped',0,1,1,0,0,'0'),('1194','2118','checkbox',0,NULL,'0',NULL,0,0,'4','',0,0,0,'',0,0,0,0,0,NULL,'grouped',0,1,1,0,0,'0'),('1195','2721','checkbox',0,NULL,'0',NULL,0,0,'3','',0,0,0,'',0,0,0,0,0,NULL,'grouped',0,1,1,0,0,'0'),('1196','2725','checkbox',0,NULL,'0',NULL,0,0,'3','',0,0,0,'',0,0,0,0,0,NULL,'grouped',0,1,1,0,0,'0'),('1197','2726','checkbox',0,NULL,'0',NULL,0,0,'3','',0,0,0,'',0,0,0,0,0,NULL,'grouped',0,1,1,0,0,'0'),('1198','3236','checkbox',0,NULL,'0',NULL,0,0,'2','',0,0,0,'',0,0,0,0,0,NULL,'grouped',0,1,1,0,0,'0'),('1199','2128','checkbox',0,NULL,'0',NULL,0,0,'2','',0,0,0,'',0,0,0,0,0,NULL,'grouped',0,1,1,0,0,'0'),('1200','2732','checkbox',0,NULL,'0',NULL,0,0,'3','',0,0,0,'',0,0,0,0,0,NULL,'grouped',0,1,1,0,0,'0'),('1201','2733','checkbox',0,NULL,'0',NULL,0,0,'3','',0,0,0,'',0,0,0,0,0,NULL,'grouped',0,1,1,0,0,'0'),('1202','2288','checkbox',0,NULL,'0',NULL,0,0,'5','',0,0,0,'',0,0,0,0,0,NULL,'grouped',0,1,1,0,0,'0'),('1203','3274','checkbox',0,NULL,'0',NULL,0,0,'2','',0,0,0,'',0,0,0,0,0,NULL,'grouped',0,1,1,0,0,'0'),('1204','3275','checkbox',0,NULL,'0',NULL,0,0,'2','',0,0,0,'',0,0,0,0,0,NULL,'grouped',0,1,1,0,0,'0'),('1205','2296','checkbox',0,NULL,'0',NULL,0,0,'8','',0,0,0,'',0,0,0,0,0,NULL,'grouped',0,1,1,0,0,'0'),('1206','3278','checkbox',0,NULL,'0',NULL,0,0,'3','',0,0,0,'',0,0,0,0,0,NULL,'grouped',0,1,1,0,0,'0'),('1207','2311','checkbox',0,NULL,'0',NULL,0,0,'14','',0,0,0,'',0,0,0,0,0,NULL,'grouped',0,1,1,0,0,'0'),('1208','2324','checkbox',0,NULL,'0',NULL,0,0,'14','',0,0,0,'',0,0,0,0,0,NULL,'grouped',0,1,1,0,0,'0'),('1209','2754','checkbox',0,NULL,'0',NULL,0,0,'7','',0,0,0,'',0,0,0,0,0,NULL,'grouped',0,1,1,0,0,'0'),('1210','2780','checkbox',0,NULL,'0',NULL,0,0,'2','',0,0,0,'',0,0,0,0,0,NULL,'grouped',0,1,1,0,0,'0'),('1212','2092','checkbox',1,NULL,'0',NULL,0,0,'1','',0,0,0,'',0,0,0,0,1,NULL,'replacement',0,1,1,0,0,'0'),('1213','2748','checkbox',1,NULL,'0',NULL,0,0,'1','',0,0,0,'',0,0,0,0,1,NULL,'replacement',0,1,1,0,0,'0'),('1214','2749','checkbox',1,NULL,'0',NULL,0,0,'1','',0,0,0,'',0,0,0,0,1,NULL,'replacement',0,1,1,0,0,'0'),('1215','2750','checkbox',1,NULL,'0',NULL,0,0,'1','',0,0,0,'',0,0,0,0,1,NULL,'replacement',0,1,1,0,0,'0'),('1216','2751','checkbox',1,NULL,'0',NULL,0,0,'1','',0,0,0,'',0,0,0,0,1,NULL,'replacement',0,1,1,0,0,'0'),('1217','2752','checkbox',1,NULL,'0',NULL,0,0,'1','',0,0,0,'',0,0,0,0,1,NULL,'replacement',0,1,1,0,0,'0'),('1218','3330','drop_down',1,NULL,'0',NULL,0,0,'1','',0,0,0,'',0,0,0,0,0,NULL,'use_config',0,1,1,0,0,'0'),('1219','3330','drop_down',1,NULL,'0',NULL,0,0,'2','',0,0,0,'',0,0,0,0,0,NULL,'grouped',0,1,1,0,0,'0'),('1220','3331','drop_down',1,NULL,'0',NULL,0,0,'1','',0,0,0,'',0,0,0,0,0,NULL,'use_config',0,1,1,0,0,'0'),('1221','3331','drop_down',1,NULL,'0',NULL,0,0,'2','',0,0,0,'',0,0,0,0,0,NULL,'grouped',0,1,1,0,0,'0'),('1222','3332','drop_down',1,NULL,'0',NULL,0,0,'1','',0,0,0,'',0,0,0,0,0,NULL,'grouped',0,1,1,0,0,'0'),('1223','2956','checkbox',1,NULL,'0',NULL,0,0,'1','',0,0,0,'',0,0,0,0,1,NULL,'replacement',0,1,1,0,0,'0'),('1224','3002','checkbox',1,NULL,'0',NULL,0,0,'1','',0,0,0,'',0,0,0,0,1,NULL,'replacement',0,1,1,0,0,'0'),('1225','3144','checkbox',1,NULL,'0',NULL,0,0,'1','',0,0,0,'',0,0,0,0,1,NULL,'replacement',0,1,1,0,0,'0'),('1226','3333','drop_down',1,NULL,'0',NULL,0,0,'1','',0,0,0,'',0,0,0,0,0,NULL,'grouped',0,1,1,0,0,'0'),('1227','3334','drop_down',1,NULL,'0',NULL,0,0,'1','',0,0,0,'',0,0,0,0,0,NULL,'grouped',0,1,1,0,0,'0'),('1228','3341','drop_down',1,NULL,'0',NULL,0,0,'1','',0,0,0,'',0,0,0,0,0,NULL,'grouped',0,1,1,0,0,'0'),('1229','3341','checkbox',1,NULL,'0',NULL,0,0,'2','',0,0,0,'',0,0,0,0,1,NULL,'grouped',0,1,1,0,0,'0'),('1232','3341','drop_down',1,NULL,'0',NULL,0,0,'3','',0,0,0,'',0,0,0,0,0,NULL,'grouped',0,1,1,0,0,'0'),('1238','3359','drop_down',1,NULL,'0',NULL,0,0,'1','',0,0,0,'',0,0,0,0,0,NULL,'use_config',0,1,1,0,0,'0'),('1239','2721','checkbox',0,NULL,'0',NULL,0,0,'8','',0,0,0,'',0,0,0,0,0,NULL,'use_config',0,1,1,0,0,'0'),('1240','2051','checkbox',0,NULL,'0',NULL,0,0,'15','',0,0,0,'',0,0,0,0,0,NULL,'use_config',0,1,1,0,0,'0'),('1241','2127','checkbox',0,NULL,'0',NULL,0,0,'7','',0,0,0,'',0,0,0,0,0,NULL,'use_config',0,1,1,0,0,'0'),('1242','2729','checkbox',0,NULL,'0',NULL,0,0,'7','',0,0,0,'',0,0,0,0,0,NULL,'use_config',0,1,1,0,0,'0'),('1243','2285','checkbox',0,NULL,'0',NULL,0,0,'7','',0,0,0,'',0,0,0,0,0,NULL,'use_config',0,1,1,0,0,'0'),('1244','2286','checkbox',0,NULL,'0',NULL,0,0,'7','',0,0,0,'',0,0,0,0,0,NULL,'use_config',0,1,1,0,0,'0'),('1245','2287','checkbox',0,NULL,'0',NULL,0,0,'7','',0,0,0,'',0,0,0,0,0,NULL,'use_config',0,1,1,0,0,'0'),('1246','3245','checkbox',0,NULL,'0',NULL,0,0,'4','',0,0,0,'',0,0,0,0,0,NULL,'use_config',0,1,1,0,0,'0'),('1247','2726','checkbox',0,NULL,'0',NULL,0,0,'7','',0,0,0,'',0,0,0,0,0,NULL,'use_config',0,1,1,0,0,'0'),('1248','2088','checkbox',0,NULL,'0',NULL,0,0,'2','',0,0,0,'',0,0,0,0,0,NULL,'use_config',0,1,1,0,0,'0'),('1249','2733','checkbox',0,NULL,'0',NULL,0,0,'8','',0,0,0,'',0,0,0,0,0,NULL,'use_config',0,1,1,0,0,'0'),('1250','2730','checkbox',0,NULL,'0',NULL,0,0,'7','',0,0,0,'',0,0,0,0,0,NULL,'use_config',0,1,1,0,0,'0'),('1251','2814','checkbox',0,NULL,'0',NULL,0,0,'4','',0,0,0,'',0,0,0,0,0,NULL,'use_config',0,1,1,0,0,'0'),('1252','2135','checkbox',0,NULL,'0',NULL,0,0,'5','',0,0,0,'',0,0,0,0,0,NULL,'use_config',0,1,1,0,0,'0'),('1253','2543','checkbox',0,NULL,'0',NULL,0,0,'8','',0,0,0,'',0,0,0,0,0,NULL,'use_config',0,1,1,0,0,'0'),('1254','2118','checkbox',0,NULL,'0',NULL,0,0,'13','',0,0,0,'',0,0,0,0,0,NULL,'use_config',0,1,1,0,0,'0'),('1255','2731','checkbox',0,NULL,'0',NULL,0,0,'7','',0,0,0,'',0,0,0,0,0,NULL,'use_config',0,1,1,0,0,'0'),('1256','3236','checkbox',0,NULL,'0',NULL,0,0,'7','',0,0,0,'',0,0,0,0,0,NULL,'use_config',0,1,1,0,0,'0'),('1257','3235','checkbox',0,NULL,'0',NULL,0,0,'8','',0,0,0,'',0,0,0,0,0,NULL,'use_config',0,1,1,0,0,'0'),('1258','2128','checkbox',0,NULL,'0',NULL,0,0,'8','',0,0,0,'',0,0,0,0,0,NULL,'use_config',0,1,1,0,0,'0'),('1259','2725','checkbox',0,NULL,'0',NULL,0,0,'7','',0,0,0,'',0,0,0,0,0,NULL,'use_config',0,1,1,0,0,'0'),('1260','2732','checkbox',0,NULL,'0',NULL,0,0,'8','',0,0,0,'',0,0,0,0,0,NULL,'use_config',0,1,1,0,0,'0'),('1261','2754','checkbox',0,NULL,'0',NULL,0,0,'9','',0,0,0,'',0,0,0,0,0,NULL,'use_config',0,1,1,0,0,'0'),('1262','2785','checkbox',0,NULL,'0',NULL,0,0,'2','',0,0,0,'',0,0,0,0,0,NULL,'use_config',0,1,1,0,0,'0'),('1263','2780','checkbox',0,NULL,'0',NULL,0,0,'3','',0,0,0,'',0,0,0,0,0,NULL,'use_config',0,1,1,0,0,'0'),('1264','2786','checkbox',0,NULL,'0',NULL,0,0,'2','',0,0,0,'',0,0,0,0,0,NULL,'use_config',0,1,1,0,0,'0'),('1265','2288','checkbox',0,NULL,'0',NULL,0,0,'6','',0,0,0,'',0,0,0,0,0,NULL,'use_config',0,1,1,0,0,'0'),('1266','2296','checkbox',0,NULL,'0',NULL,0,0,'9','',0,0,0,'',0,0,0,0,0,NULL,'use_config',0,1,1,0,0,'0'),('1267','2073','checkbox',0,NULL,'0',NULL,0,0,'3','',0,0,0,'',0,0,0,0,0,NULL,'use_config',0,1,1,0,0,'0'),('1268','3280','checkbox',0,NULL,'0',NULL,0,0,'3','',0,0,0,'',0,0,0,0,0,NULL,'use_config',0,1,1,0,0,'0'),('1269','3281','checkbox',0,NULL,'0',NULL,0,0,'3','',0,0,0,'',0,0,0,0,0,NULL,'use_config',0,1,1,0,0,'0'),('1270','3282','checkbox',0,NULL,'0',NULL,0,0,'2','',0,0,0,'',0,0,0,0,0,NULL,'use_config',0,1,1,0,0,'0'),('1271','3284','checkbox',0,NULL,'0',NULL,0,0,'2','',0,0,0,'',0,0,0,0,0,NULL,'use_config',0,1,1,0,0,'0'),('1272','3283','checkbox',0,NULL,'0',NULL,0,0,'3','',0,0,0,'',0,0,0,0,0,NULL,'use_config',0,1,1,0,0,'0'),('1273','2494','checkbox',0,NULL,'0',NULL,0,0,'2','',0,0,0,'',0,0,0,0,0,NULL,'use_config',0,1,1,0,0,'0'),('1274','2115','checkbox',1,NULL,'0',NULL,0,0,'1','',0,0,0,'',0,0,0,0,1,NULL,'replacement',0,1,1,0,0,'0'),('1275','2397','checkbox',0,NULL,'0',NULL,0,0,'4','',0,0,0,'',0,0,0,0,0,NULL,'use_config',0,1,1,0,0,'0'),('1276','2406','checkbox',0,NULL,'0',NULL,0,0,'7','',0,0,0,'',0,0,0,0,0,NULL,'use_config',0,1,1,0,0,'0'),('1277','2398','checkbox',0,NULL,'0',NULL,0,0,'4','',0,0,0,'',0,0,0,0,0,NULL,'use_config',0,1,1,0,0,'0'),('1278','2408','checkbox',0,NULL,'0',NULL,0,0,'7','',0,0,0,'',0,0,0,0,0,NULL,'use_config',0,1,1,0,0,'0'),('1279','2311','checkbox',0,NULL,'0',NULL,0,0,'15','',0,0,0,'',0,0,0,0,0,NULL,'use_config',0,1,1,0,0,'0'),('1280','2400','checkbox',0,NULL,'0',NULL,0,0,'4','',0,0,0,'',0,0,0,0,0,NULL,'use_config',0,1,1,0,0,'0'),('1281','2401','checkbox',0,NULL,'0',NULL,0,0,'5','',0,0,0,'',0,0,0,0,0,NULL,'use_config',0,1,1,0,0,'0'),('1282','2399','checkbox',0,NULL,'0',NULL,0,0,'4','',0,0,0,'',0,0,0,0,0,NULL,'use_config',0,1,1,0,0,'0'),('1283','2403','checkbox',0,NULL,'0',NULL,0,0,'7','',0,0,0,'',0,0,0,0,0,NULL,'use_config',0,1,1,0,0,'0'),('1284','2405','checkbox',0,NULL,'0',NULL,0,0,'7','',0,0,0,'',0,0,0,0,0,NULL,'use_config',0,1,1,0,0,'0'),('1285','2404','checkbox',0,NULL,'0',NULL,0,0,'7','',0,0,0,'',0,0,0,0,0,NULL,'use_config',0,1,1,0,0,'0'),('1286','2402','checkbox',0,NULL,'0',NULL,0,0,'7','',0,0,0,'',0,0,0,0,0,NULL,'use_config',0,1,1,0,0,'0'),('1287','2407','checkbox',0,NULL,'0',NULL,0,0,'7','',0,0,0,'',0,0,0,0,0,NULL,'use_config',0,1,1,0,0,'0'),('1288','3341','checkbox',0,NULL,'0',NULL,0,0,'4','',0,0,0,'',0,0,0,0,0,NULL,'use_config',0,1,1,0,0,'0'),('1289','3319','checkbox',0,NULL,'0',NULL,0,0,'16','',0,0,0,'',0,0,0,0,0,NULL,'use_config',0,1,1,0,0,'0'),('1290','2791','checkbox',0,NULL,'0',NULL,0,0,'2','',0,0,0,'',0,0,0,0,0,NULL,'use_config',0,1,1,0,0,'0'),('1291','2115','checkbox',0,NULL,'0',NULL,0,0,'2','',0,0,0,'',0,0,0,0,0,NULL,'use_config',0,1,1,0,0,'0'),('1292','3271','checkbox',0,NULL,'0',NULL,0,0,'1','',0,0,0,'',0,0,0,0,0,NULL,'use_config',0,1,1,0,0,'0'),('1293','2130','checkbox',0,NULL,'0',NULL,0,0,'2','',0,0,0,'',0,0,0,0,0,NULL,'use_config',0,1,1,0,0,'0'),('1294','2129','checkbox',0,NULL,'0',NULL,0,0,'2','',0,0,0,'',0,0,0,0,0,NULL,'use_config',0,1,1,0,0,'0'),('1295','2131','checkbox',0,NULL,'0',NULL,0,0,'2','',0,0,0,'',0,0,0,0,0,NULL,'use_config',0,1,1,0,0,'0'),('1296','3329','checkbox',0,NULL,'0',NULL,0,0,'4','',0,0,0,'',0,0,0,0,0,NULL,'use_config',0,1,1,0,0,'0'),('1297','2815','checkbox',0,NULL,'0',NULL,0,0,'2','',0,0,0,'',0,0,0,0,0,NULL,'use_config',0,1,1,0,0,'0'),('1298','2102','checkbox',0,NULL,'0',NULL,0,0,'2','',0,0,0,'',0,0,0,0,0,NULL,'use_config',0,1,1,0,0,'0'),('1299','2118','drop_down',1,NULL,'0',NULL,0,0,'2','',0,0,0,'',0,0,0,0,0,NULL,'use_config',0,1,1,0,0,'0'),('1300','2721','drop_down',1,NULL,'0',NULL,0,0,'1','',0,0,0,'',0,0,0,0,0,NULL,'use_config',0,1,1,0,0,'0'),('1301','2725','drop_down',1,NULL,'0',NULL,0,0,'1','',0,0,0,'',0,0,0,0,0,NULL,'use_config',0,1,1,0,0,'0'),('1302','2726','drop_down',1,NULL,'0',NULL,0,0,'1','',0,0,0,'',0,0,0,0,0,NULL,'use_config',0,1,1,0,0,'0'),('1303','2731','drop_down',1,NULL,'0',NULL,0,0,'1','',0,0,0,'',0,0,0,0,0,NULL,'use_config',0,1,1,0,0,'0'),('1304','2127','drop_down',1,NULL,'0',NULL,0,0,'1','',0,0,0,'',0,0,0,0,0,NULL,'use_config',0,1,1,0,0,'0'),('1305','2729','drop_down',1,NULL,'0',NULL,0,0,'1','',0,0,0,'',0,0,0,0,0,NULL,'use_config',0,1,1,0,0,'0'),('1306','2730','drop_down',1,NULL,'0',NULL,0,0,'1','',0,0,0,'',0,0,0,0,0,NULL,'use_config',0,1,1,0,0,'0'),('1307','2118','checkbox',1,NULL,'0',NULL,0,0,'14','Feather Hardware',0,0,0,'',0,0,0,0,1,NULL,'grouped',0,1,1,0,0,'0'),('1308','2731','drop_down',1,NULL,'0',NULL,0,0,'4','',0,0,0,'',0,0,0,0,0,NULL,'grouped',0,1,1,0,0,'0'),('1309','2731','checkbox',1,NULL,'0',NULL,0,0,'8','Teardrop Hardware',0,0,0,'',0,0,0,0,1,NULL,'grouped',0,1,1,0,0,'0'),('1310','3407','drop_down',1,NULL,'0',NULL,0,0,'1','',0,0,0,'',0,0,0,0,0,NULL,'use_config',0,1,1,0,0,'0'),('1311','3407','drop_down',1,NULL,'0',NULL,0,0,'2','',0,0,0,'',0,0,0,0,0,NULL,'use_config',0,1,1,0,0,'0'),('1312','3407','drop_down',1,NULL,'0',NULL,0,0,'3','',0,0,0,'',0,1,0,0,0,NULL,'use_config',0,1,1,0,0,'0'),('1313','3407','drop_down',1,NULL,'0',NULL,0,0,'4','',0,0,0,'',0,0,0,0,0,NULL,'use_config',0,1,1,0,0,'0'),('1314','3407','drop_down',1,NULL,'0',NULL,0,0,'5','',0,0,0,'',0,0,0,0,0,NULL,'use_config',1,1,1,0,0,'0'),('1315','3407','checkbox',1,NULL,'0',NULL,0,0,'6','',0,0,0,'',0,0,0,0,1,NULL,'use_config',0,1,1,0,0,'0'),('1316','3407','checkbox',0,NULL,'0',NULL,0,0,'7','',0,0,0,'',0,0,0,0,0,NULL,'use_config',0,1,1,0,0,'0'),('1317','3408','drop_down',1,NULL,'0',NULL,0,0,'1','',0,0,0,'',0,0,0,0,0,NULL,'use_config',0,1,1,0,0,'0'),('1318','3408','drop_down',1,NULL,'0',NULL,0,0,'2','',0,0,0,'',0,0,0,0,0,NULL,'use_config',0,1,1,0,0,'0'),('1319','3408','drop_down',1,NULL,'0',NULL,0,0,'3','',0,0,0,'',0,1,0,0,0,NULL,'use_config',0,1,1,0,0,'0'),('1320','3408','drop_down',1,NULL,'0',NULL,0,0,'4','',0,0,0,'',0,0,0,0,0,NULL,'use_config',0,1,1,0,0,'0'),('1321','3408','drop_down',1,NULL,'0',NULL,0,0,'5','',0,0,0,'',0,0,0,0,0,NULL,'use_config',1,1,1,0,0,'0'),('1322','3408','checkbox',1,NULL,'0',NULL,0,0,'6','',0,0,0,'',0,0,0,0,1,NULL,'use_config',0,1,1,0,0,'0'),('1323','3408','checkbox',0,NULL,'0',NULL,0,0,'7','',0,0,0,'',0,0,0,0,0,NULL,'use_config',0,1,1,0,0,'0'),('1324','3409','drop_down',1,NULL,'0',NULL,0,0,'1','',0,0,0,'',0,0,0,0,0,NULL,'use_config',0,1,1,0,0,'0'),('1325','3409','drop_down',1,NULL,'0',NULL,0,0,'2','',0,0,0,'',0,1,0,0,0,NULL,'use_config',0,1,1,0,0,'0'),('1326','3409','drop_down',1,NULL,'0',NULL,0,0,'3','',0,0,0,'',0,0,0,0,0,NULL,'use_config',0,1,1,0,0,'0'),('1327','3409','drop_down',1,NULL,'0',NULL,0,0,'4','',0,0,0,'',0,0,0,0,0,NULL,'use_config',1,1,1,0,0,'0'),('1328','3409','checkbox',1,NULL,'0',NULL,0,0,'5','',0,0,0,'',0,0,0,0,1,NULL,'use_config',0,1,1,0,0,'0'),('1329','3409','checkbox',0,NULL,'0',NULL,0,0,'6','',0,0,0,'',0,0,0,0,0,NULL,'use_config',0,1,1,0,0,'0'),('1330','3410','drop_down',1,NULL,'0',NULL,0,0,'1','',0,0,0,'',0,0,0,0,0,NULL,'use_config',0,1,1,0,0,'0'),('1331','3410','drop_down',1,NULL,'0',NULL,0,0,'2','',0,0,0,'',0,0,0,0,0,NULL,'use_config',0,1,1,0,0,'0'),('1332','3410','drop_down',1,NULL,'0',NULL,0,0,'3','',0,0,0,'',0,1,0,0,0,NULL,'use_config',0,1,1,0,0,'0'),('1333','3410','drop_down',1,NULL,'0',NULL,0,0,'4','',0,0,0,'',0,0,0,0,0,NULL,'use_config',0,1,1,0,0,'0'),('1334','3410','drop_down',1,NULL,'0',NULL,0,0,'5','',0,0,0,'',0,0,0,0,0,NULL,'use_config',1,1,1,0,0,'0'),('1335','3410','checkbox',1,NULL,'0',NULL,0,0,'6','',0,0,0,'',0,0,0,0,1,NULL,'use_config',0,1,1,0,0,'0'),('1336','3410','checkbox',0,NULL,'0',NULL,0,0,'7','',0,0,0,'',0,0,0,0,0,NULL,'use_config',0,1,1,0,0,'0'),('1337','3411','drop_down',1,NULL,'0',NULL,0,0,'1','',0,0,0,'',0,0,0,0,0,NULL,'use_config',0,1,1,0,0,'0'),('1338','3411','drop_down',1,NULL,'0',NULL,0,0,'2','',0,0,0,'',0,1,0,0,0,NULL,'use_config',0,1,1,0,0,'0'),('1339','3411','drop_down',1,NULL,'0',NULL,0,0,'3','',0,0,0,'',0,0,0,0,0,NULL,'use_config',0,1,1,0,0,'0'),('1340','3411','drop_down',1,NULL,'0',NULL,0,0,'4','',0,0,0,'',0,0,0,0,0,NULL,'use_config',1,1,1,0,0,'0'),('1341','3411','checkbox',1,NULL,'0',NULL,0,0,'5','',0,0,0,'',0,0,0,0,1,NULL,'use_config',0,1,1,0,0,'0'),('1342','3411','checkbox',0,NULL,'0',NULL,0,0,'6','',0,0,0,'',0,0,0,0,0,NULL,'use_config',0,1,1,0,0,'0'),('1343','3412','drop_down',1,NULL,'0',NULL,0,0,'1','',0,0,0,'',0,1,0,0,0,NULL,'use_config',0,1,1,0,0,'0'),('1344','3412','checkbox',1,NULL,'0',NULL,0,0,'2','',0,0,0,'',0,0,0,0,1,NULL,'use_config',0,1,1,0,0,'0'),('1345','3413','drop_down',1,NULL,'0',NULL,0,0,'1','',0,0,0,'',0,0,0,0,0,NULL,'use_config',0,1,1,0,0,'0'),('1346','3413','drop_down',1,NULL,'0',NULL,0,0,'2','',0,0,0,'',0,0,0,0,0,NULL,'use_config',0,1,1,0,0,'0'),('1347','3157','drop_down',0,NULL,'0',NULL,0,0,'2','',0,0,0,'',0,0,0,0,0,NULL,'use_config',0,1,1,0,0,'0'),('1348','3292','drop_down',0,NULL,'0',NULL,0,0,'2','',0,0,0,'',0,0,0,0,0,NULL,'use_config',0,1,1,0,0,'0'),('1349','3307','drop_down',1,NULL,'0',NULL,0,0,'2','',0,0,0,'',0,0,0,0,0,NULL,'use_config',0,1,1,0,0,'0'),('1350','3307','drop_down',1,NULL,'0',NULL,0,0,'3','',0,0,0,'',0,0,0,0,0,NULL,'use_config',0,1,1,0,0,'0'),('1356','3414','drop_down',1,NULL,'0',NULL,0,0,'1','',0,0,0,'',0,0,0,0,0,NULL,'use_config',1,1,1,0,0,'0'),('1357','3414','drop_down',1,NULL,'0',NULL,0,0,'2','',0,0,0,'',0,0,0,0,0,NULL,'use_config',1,1,1,0,0,'0'),('1358','3414','drop_down',1,NULL,'0',NULL,0,0,'3','',0,0,0,'',0,0,0,0,0,NULL,'use_config',1,1,1,0,0,'0'),('1359','3414','drop_down',1,NULL,'0',NULL,0,0,'4','',0,0,0,'',0,0,0,0,0,NULL,'use_config',1,1,1,0,0,'0'),('1360','3414','drop_down',1,NULL,'0',NULL,0,0,'5','',0,0,0,'',0,0,0,0,0,NULL,'use_config',1,1,1,0,0,'0'),('1361','3414','checkbox',1,NULL,'0',NULL,0,0,'6','',0,0,0,'',0,0,0,0,1,NULL,'use_config',0,1,1,0,0,'0'),('1362','3414','checkbox',1,NULL,'0',NULL,0,0,'7','',0,0,0,'',0,0,0,0,0,NULL,'use_config',0,1,1,0,0,'0');

--
-- Table structure for table `catalog_product_option_price`
--

CREATE TABLE `catalog_product_option_price` (
  `option_price_id` int unsigned NOT NULL AUTO_INCREMENT COMMENT 'Option Price ID',
  `option_id` int unsigned NOT NULL DEFAULT '0' COMMENT 'Option ID',
  `store_id` smallint unsigned NOT NULL DEFAULT '0' COMMENT 'Store ID',
  `price` decimal(20,6) NOT NULL DEFAULT '0.000000' COMMENT 'Price',
  `price_type` varchar(7) CHARACTER SET utf8mb4 COLLATE utf8mb4_general_ci NOT NULL DEFAULT 'fixed' COMMENT 'Price Type',
  PRIMARY KEY (`option_price_id`),
  UNIQUE KEY `CATALOG_PRODUCT_OPTION_PRICE_OPTION_ID_STORE_ID` (`option_id`,`store_id`),
  KEY `CATALOG_PRODUCT_OPTION_PRICE_STORE_ID` (`store_id`)
) ENGINE=InnoDB AUTO_INCREMENT=2410 DEFAULT CHARSET=utf8mb4 COLLATE=utf8mb4_general_ci COMMENT='Catalog Product Option Price Table';

--
-- Table structure for table `catalog_product_option_title`
--

CREATE TABLE `catalog_product_option_title` (
  `option_title_id` int unsigned NOT NULL AUTO_INCREMENT COMMENT 'Option Title ID',
  `option_id` int unsigned NOT NULL DEFAULT '0' COMMENT 'Option ID',
  `store_id` smallint unsigned NOT NULL DEFAULT '0' COMMENT 'Store ID',
  `title` varchar(255) CHARACTER SET utf8mb4 COLLATE utf8mb4_general_ci DEFAULT NULL COMMENT 'Title',
  PRIMARY KEY (`option_title_id`),
  UNIQUE KEY `CATALOG_PRODUCT_OPTION_TITLE_OPTION_ID_STORE_ID` (`option_id`,`store_id`),
  KEY `CATALOG_PRODUCT_OPTION_TITLE_STORE_ID` (`store_id`)
) ENGINE=InnoDB AUTO_INCREMENT=27002 DEFAULT CHARSET=utf8mb4 COLLATE=utf8mb4_general_ci COMMENT='Catalog Product Option Title Table';

--
-- Dumping data for table `catalog_product_option_title`
--

INSERT INTO `catalog_product_option_title` VALUES ('16506','493',0,'Size'),('16507','496',0,'Hardware?'),('16508','497',0,'Add Graphics'),('16509','494',0,'Colour'),('16510','498',0,'Roof'),('16511','499',0,'Wall Configuration'),('16512','495',0,'Walls'),('16513','1208',0,'Add EnhanceAir Coating?'),('18594','347',0,'Banner'),('18595','348',0,'Hardware'),('22064','1132',0,'SKU'),('22065','1132',1,'SKU'),('23165','760',0,'Size'),('23166','761',0,'Hardware'),('24015','1011',0,'Flagpoles'),('24016','1012',0,'Base Option'),('24017','1013',0,'Base Components'),('24018','987',0,'Flagpoles'),('24019','988',0,'Base Option'),('24020','989',0,'Base Components'),('24021','627',0,'Poles'),('24022','628',0,'Base Option'),('24578','1141',0,'SKU'),('24591','1225',0,'SKU'),('24602','1154',0,'SKU'),('24607','1165',0,'Flag'),('24608','1165',1,'Flag'),('24690','882',0,'Printed Flags'),('24738','1299',0,'Material'),('24739','127',0,'Size'),('24740','1194',0,'Add EnhanceAir Coating?'),('24741','129',0,'Poles'),('24742','138',0,'Base Option'),('24743','1254',0,'In-House Design Service'),('24744','1307',0,'Base Components'),('24745','1300',0,'Material'),('24746','582',0,'Size'),('24747','1195',0,'Add EnhanceAir Coating?'),('24748','982',0,'Flagpoles'),('24749','983',0,'Base Option'),('24750','984',0,'Base Components'),('24751','1239',0,'In-House Design Service'),('24752','1301',0,'Material'),('24753','587',0,'Size'),('24754','1196',0,'Add EnhanceAir Coating?'),('24755','1032',0,'Base Option'),('24756','1031',0,'Flagpoles'),('24757','1033',0,'Base Components'),('24758','1259',0,'In-House Design Service'),('24759','1303',0,'Material'),('24760','607',0,'Size'),('24761','1191',0,'Add EnhanceAir Coating?'),('24762','1308',0,'Poles'),('24763','609',0,'Base Option'),('24764','610',0,'Extra Base Options'),('24765','1255',0,'In-House Design Service'),('24766','1309',0,'Base Components'),('24767','1304',0,'Material'),('24768','157',0,'Size'),('24769','1190',0,'Add EnhanceAir Coating?'),('24770','1041',0,'Flagpoles'),('24771','1042',0,'Base Option'),('24772','1043',0,'Base Components'),('24773','1241',0,'In-House Design Service'),('24774','1305',0,'Material'),('24775','597',0,'Size'),('24776','1022',0,'Base Option'),('24777','1023',0,'Base Components'),('24778','1189',0,'Add EnhanceAir Coating?'),('24779','1021',0,'Flagpoles'),('24780','1242',0,'In-House Design Service'),('24781','163',0,'Size'),('24782','1199',0,'Add EnhanceAir Coating?'),('24783','1036',0,'Flagpoles'),('24784','1037',0,'Base Option'),('24785','1038',0,'Base Components'),('24786','1258',0,'In-House Design Service'),('24787','612',0,'Size'),('24788','1200',0,'Add EnhanceAir Coating?'),('24789','1006',0,'Flagpoles'),('24790','1007',0,'Base Option'),('24791','1008',0,'Base Components'),('24792','1260',0,'In-House Design Service'),('24793','917',0,'Size'),('24794','1198',0,'Add EnhanceAir Coating?'),('24795','918',0,'Poles'),('24796','919',0,'Base Option'),('24797','920',0,'Base Components'),('24798','1256',0,'In-House Design Service'),('24799','911',0,'Size'),('24800','1193',0,'Add EnhanceAir Coating?'),('24801','1046',0,'Flagpoles'),('24802','1047',0,'Base Option'),('24803','1048',0,'Base Components'),('24804','1257',0,'In-House Design Service'),('24805','1302',0,'Sleeve'),('24806','592',0,'Size'),('24807','1197',0,'Add EnhanceAir Coating?'),('24808','1027',0,'Base Option'),('24809','1026',0,'Flagpoles'),('24810','1028',0,'Base Components'),('24811','1247',0,'In-House Design Service'),('24812','1306',0,'Sleeve'),('24813','602',0,'Size'),('24814','1192',0,'Add EnhanceAir Coating?'),('24815','1052',0,'Base Option'),('24816','1051',0,'Flagpoles'),('24817','1053',0,'Base Components'),('24818','1250',0,'In-House Design Service'),('24819','617',0,'Size'),('24820','1201',0,'Add EnhanceAir Coating?'),('24821','1001',0,'Flagpoles'),('24822','1002',0,'Base Option'),('24823','1003',0,'Base Components'),('24824','1249',0,'In-House Design Service'),('25043','1150',0,'SKU'),('25044','1138',0,'SKU'),('25045','1348',0,'Sewn'),('25128','1238',0,'Test-1'),('25748','819',0,'Size'),('25749','1297',0,'In-House Design Service'),('25874','876',0,'Type'),('25875','877',0,'Sizes'),('25876','886',0,'Hand Sewn Flags'),('25878','872',0,'Hand Sewn Flags'),('25881','1224',0,'SKU'),('25882','1224',1,'SKU'),('25883','672',0,'Size'),('25884','1290',0,'In-House Design Service'),('25885','79',0,'Size'),('25886','1267',0,'In-House Design Service'),('25887','1146',0,'SKU'),('25888','910',0,'Sizes'),('25889','1324',0,'Material'),('25890','1325',0,'Size'),('25891','1326',0,'Flagpoles'),('25892','1327',0,'Bases'),('25893','1328',0,'Base Components'),('25894','1329',0,'Add-ons'),('25999','865',0,'Hand Sewn Flags'),('26196','503',0,'Size'),('26197','208',0,'Finishing Type'),('26198','1171',0,'Add EnhanceAir Coating?'),('26199','1240',0,'In-House Design Service'),('26200','507',0,'Size'),('26201','508',0,'Finishing Type'),('26202','1187',0,'Add EnhanceAir Coating?'),('26203','1244',0,'In-House Design Service'),('26204','926',0,'Material'),('26205','925',0,'Size'),('26206','1246',0,'In-House Design Service'),('26207','504',0,'Size'),('26208','505',0,'Finishing Type'),('26209','1186',0,'Add EnhanceAir Coating?'),('26210','1243',0,'In-House Design Service'),('26211','510',0,'Size'),('26212','511',0,'Finishing Type'),('26213','1188',0,'Add EnhanceAir Coating?'),('26214','1245',0,'In-House Design Service'),('26222','1317',0,'Material'),('26223','1318',0,'Sleeve'),('26224','1319',0,'Size'),('26225','1320',0,'Flagpoles'),('26226','1321',0,'Bases'),('26227','1322',0,'Base Components'),('26228','1323',0,'Add-ons'),('26229','1337',0,'Shape'),('26230','1338',0,'Size'),('26231','1339',0,'Flagpoles'),('26232','1340',0,'Bases'),('26233','1341',0,'Base Components'),('26234','1342',0,'Add-ons'),('26235','1343',0,'Choose your base'),('26236','1344',0,'Base Components'),('26237','1345',0,'Hardware'),('26238','1346',0,'Size'),('26239','1330',0,'Shape'),('26240','1331',0,'Sleeve'),('26241','1332',0,'Size'),('26242','1333',0,'Flagpoles'),('26243','1334',0,'Bases'),('26244','1335',0,'Base Components'),('26245','1336',0,'Add-ons'),('26246','113',0,'Size'),('26247','113',1,'Size'),('26248','1248',0,'In-House Design Service'),('26249','242',0,'Size'),('26250','242',1,'Size'),('26251','1252',0,'In-House Design Service'),('26252','578',0,'Paper Type'),('26253','576',0,'Size'),('26254','576',1,'Size'),('26255','1253',0,'In-House Design Service'),('26256','1216',0,'SKU'),('26257','1215',0,'sku'),('26258','1214',0,'SKU'),('26259','1213',0,'SKU'),('26260','1217',0,'SKU'),('26261','863',0,'Type'),('26262','864',0,'Sizes'),('26263','866',0,'Hand Sewn Flags'),('26264','1222',0,'Hand Sewn Flags'),('26265','868',0,'Type'),('26266','869',0,'Sizes'),('26267','425',0,'Type'),('26268','425',1,'Type'),('26269','426',0,'Sizes'),('26270','426',1,'Sizes'),('26271','423',0,'Type'),('26272','423',1,'Type'),('26273','424',0,'Sizes'),('26274','424',1,'Sizes'),('26275','870',0,'Hand Sewn Flags'),('26276','1147',0,'SKU'),('26277','1226',0,'Available Stock'),('26278','1145',0,'SKU'),('26279','421',0,'Type'),('26280','421',1,'Type'),('26281','422',0,'Sizes'),('26282','422',1,'Sizes'),('26283','871',0,'Printed Flags'),('26284','1223',0,'SKU'),('26285','1223',1,'SKU'),('26286','419',0,'Type'),('26287','419',1,'Type'),('26288','420',0,'Sizes'),('26289','420',1,'Sizes'),('26290','1144',0,'SKU'),('26291','1151',0,'SKU'),('26292','1227',0,'Available Stock'),('26293','873',0,'Hand Sewn Flags'),('26294','874',0,'Type'),('26295','875',0,'Sizes'),('26296','878',0,'Type'),('26297','879',0,'Sizes'),('26298','1220',0,'Country List'),('26299','1221',0,'Available Stock'),('26300','1152',0,'SKU'),('26301','883',0,'Type'),('26302','884',0,'Sizes'),('26303','1218',0,'Country List'),('26304','1219',0,'Available Stock'),('26305','1142',0,'SKU'),('26306','885',0,'Printed Flags'),('26307','1156',0,'SKU'),('26308','907',0,'Printed or Sewn'),('26309','888',0,'Flags'),('26310','1143',0,'SKU'),('26311','1153',0,'SKU'),('26312','1349',0,'Spun Polyester'),('26313','1350',0,'Sewn'),('26314','1137',0,'SKU'),('26315','861',0,'Country List'),('26316','862',0,'Available Stock'),('26317','867',0,'Hand Sewn Flags'),('26318','1347',0,'Spun Polyester'),('26319','1140',0,'SKU'),('26320','1139',0,'SKU'),('26323','909',0,'Sizes'),('26324','908',0,'Size'),('26325','813',0,'Flag'),('26326','814',0,'Hardware'),('26327','815',0,'Bungee'),('26328','1251',0,'In-House Design Service'),('26329','653',0,'Size'),('26330','1210',0,'Add EnhanceAir Coating?'),('26331','1263',0,'In-House Design Service'),('26332','657',0,'Size'),('26333','1264',0,'Customisable Option'),('26334','655',0,'Size'),('26335','1262',0,'In-House Design Service'),('26336','651',0,'Banner'),('26337','1209',0,'Add EnhanceAir Coating?'),('26338','652',0,'Frame'),('26339','1261',0,'In-House Design Service'),('26340','903',0,'Frame'),('26341','904',0,'Banner?'),('26342','1075',0,'Banner Option'),('26343','1203',0,'Add EnhanceAir Coating?'),('26344','1079',0,'Bungees / Rails'),('26345','1076',0,'Hardware'),('26346','409',0,'Hardware Size'),('26347','406',0,'Banner'),('26348','1205',0,'Add EnhanceAir Coating?'),('26349','1266',0,'In-House Design Service'),('26350','1089',0,'Size (Post to Post)'),('26351','1090',0,'Banner Option'),('26352','1206',0,'Add EnhanceAir Coating?'),('26353','1093',0,'Hardware'),('26354','404',0,'Banner'),('26355','1202',0,'Add EnhanceAir Coating?'),('26356','1265',0,'In-House Design Service'),('26357','1082',0,'Banner Option'),('26358','1204',0,'Add EnhanceAir Coating?'),('26359','1084',0,'Bungees / Rails'),('26360','1083',0,'Hardware'),('26361','1115',0,'Size'),('26362','1272',0,'In-House Design Service'),('26363','1102',0,'Size'),('26364','1269',0,'In-House Design Service'),('26365','1096',0,'Size'),('26366','1268',0,'In-House Design Service'),('26367','1122',0,'Shape'),('26368','1271',0,'In-House Design Service'),('26369','1112',0,'Size'),('26370','1270',0,'In-House Design Service'),('26371','1056',0,'Size'),('26372','18',0,'Size'),('26373','18',1,'Size'),('26374','1175',0,'Roll Up Set'),('26375','1178',0,'Roll Up Set'),('26376','1273',0,'In-House Design Service'),('26377','1212',0,'SKU'),('26378','1212',1,'SKU'),('26379','514',0,'Gazebo Size'),('26380','515',0,'Hardware'),('26381','516',0,'Print'),('26382','1275',0,'In-House Design Service'),('26383','558',0,'Gazebo Size'),('26384','559',0,'Hardware'),('26385','560',0,'Print'),('26386','563',0,'Tablecloth'),('26387','1276',0,'In-House Design Service'),('26388','517',0,'Gazebo Size'),('26389','518',0,'Hardware'),('26390','519',0,'Print'),('26391','1277',0,'In-House Design Service'),('26392','570',0,'Gazebo Size'),('26393','571',0,'Hardware'),('26394','572',0,'Print'),('26395','575',0,'Tablecloth'),('26396','1278',0,'In-House Design Service'),('26397','485',0,'Size'),('26398','488',0,'Hardware?'),('26399','489',0,'Add Graphics'),('26400','490',0,'Roof'),('26401','491',0,'Wall Configuration'),('26402','487',0,'Walls'),('26403','1207',0,'Add EnhanceAir Coating?'),('26404','1279',0,'In-House Design Service'),('26405','525',0,'Gazebo Size'),('26406','526',0,'Hardware'),('26407','527',0,'Print'),('26408','1280',0,'In-House Design Service'),('26409','529',0,'Gazebo Size'),('26410','530',0,'Hardware'),('26411','531',0,'Print'),('26412','533',0,'Feather Kit'),('26413','1281',0,'In-House Design Service'),('26414','540',0,'Gazebo Size'),('26415','541',0,'Hardware'),('26416','542',0,'Print'),('26417','545',0,'Counter Kit'),('26418','1283',0,'In-House Design Service'),('26419','552',0,'Gazebo Size'),('26420','553',0,'Hardware'),('26421','554',0,'Print'),('26422','556',0,'Feather Kit'),('26423','557',0,'Tablecloth'),('26424','1284',0,'In-House Design Service'),('26425','546',0,'Gazebo Size'),('26426','547',0,'Hardware'),('26427','548',0,'Print'),('26428','550',0,'Feather Kit'),('26429','551',0,'Tablecloth'),('26430','1285',0,'In-House Design Service'),('26431','534',0,'Gazebo Size'),('26432','535',0,'Hardware'),('26433','536',0,'Print'),('26434','538',0,'Feather Kit'),('26435','539',0,'Counter Kit'),('26436','1286',0,'In-House Design Service'),('26437','521',0,'Gazebo Size'),('26438','522',0,'Hardware'),('26439','523',0,'Print'),('26440','1282',0,'In-House Design Service'),('26441','564',0,'Gazebo Size'),('26442','565',0,'Hardware'),('26443','566',0,'Print'),('26444','568',0,'Feather Kit'),('26445','569',0,'Tablecloth'),('26446','1287',0,'In-House Design Service'),('26447','1160',0,'Material'),('26448','1161',0,'Size'),('26449','1162',0,'Cover'),('26450','1289',0,'In-House Design Service'),('26451','1274',0,'SKU'),('26452','1274',1,'SKU'),('26453','1291',0,'In-House Design Service'),('26454','1292',0,'In-House Design Service'),('26455','173',0,'Size'),('26456','1294',0,'In-House Design Service'),('26457','176',0,'Size'),('26458','1293',0,'In-House Design Service'),('26459','179',0,'Size'),('26460','1295',0,'In-House Design Service'),('26461','895',0,'Frame Size'),('26462','896',0,'Cover'),('26463','899',0,'Frame Size'),('26464','900',0,'Cover'),('26465','891',0,'Frame Size'),('26466','892',0,'Cover'),('26467','1228',0,'Shape'),('26468','1229',0,'Stock'),('26469','1232',0,'Bases'),('26470','1288',0,'In-House Design Service'),('26471','1181',0,'Size'),('26472','1183',0,'Parts'),('26473','1296',0,'In-House Design Service'),('26474','923',0,'Size'),('26475','924',0,'Hardware'),('26476','889',0,'Flagpole Finial Size'),('26477','890',0,'Flagpole Finial Colour'),('26478','225',0,'Frame Colour'),('26479','225',1,'Frame Colour'),('26480','1298',0,'In-House Design Service'),('26481','1130',0,'SKU'),('26482','1127',0,'SKU'),('26483','1129',0,'SKU'),('26484','1128',0,'SKU'),('26485','1134',0,'SKU'),('26486','1134',1,'SKU'),('26487','1135',0,'SKU'),('26488','1135',1,'SKU'),('26489','1131',0,'SKU'),('26490','1131',1,'SKU'),('26491','1133',0,'SKU'),('26492','1133',1,'SKU'),('26493','417',0,'Type'),('26494','417',1,'Type'),('26495','418',0,'Sizes'),('26496','418',1,'Sizes'),('26497','415',0,'Type'),('26498','415',1,'Type'),('26499','416',0,'Sizes'),('26500','416',1,'Sizes'),('26501','887',0,'Hand Sewn Flags'),('26502','118',0,'Type'),('26503','118',1,'Type'),('26504','119',0,'Sizes'),('26505','119',1,'Sizes'),('26506','413',0,'Type'),('26507','413',1,'Type'),('26508','414',0,'Sizes'),('26509','414',1,'Sizes'),('26510','411',0,'Type'),('26511','411',1,'Type'),('26512','412',0,'Sizes'),('26513','412',1,'Sizes'),('26984','1356',0,'Fabric'),('26985','1357',0,'Sleeve Type'),('26986','1358',0,'Size'),('26987','1359',0,'Flagpole'),('26988','1360',0,'Base Type'),('26989','1361',0,'Base Components'),('26990','1362',0,'Add-ons'),('26991','1310',0,'Material'),('26992','1311',0,'Sleeve'),('26993','1312',0,'Size'),('26994','1313',0,'Flagpoles'),('26995','1314',0,'Bases'),('26996','1315',0,'Base Components'),('26997','1316',0,'Add-ons'),('26998','330',0,'Blade Flag'),('26999','330',1,'Blade Flag'),('27000','880',0,'Type'),('27001','881',0,'Sizes');

--
-- Table structure for table `catalog_product_option_type_price`
--

CREATE TABLE `catalog_product_option_type_price` (
  `option_type_price_id` int unsigned NOT NULL AUTO_INCREMENT COMMENT 'Option Type Price ID',
  `option_type_id` int unsigned NOT NULL DEFAULT '0' COMMENT 'Option Type ID',
  `store_id` smallint unsigned NOT NULL DEFAULT '0' COMMENT 'Store ID',
  `price` decimal(20,6) NOT NULL DEFAULT '0.000000' COMMENT 'Price',
  `price_type` varchar(7) CHARACTER SET utf8mb4 COLLATE utf8mb4_general_ci NOT NULL DEFAULT 'fixed' COMMENT 'Price Type',
  PRIMARY KEY (`option_type_price_id`),
  UNIQUE KEY `CATALOG_PRODUCT_OPTION_TYPE_PRICE_OPTION_TYPE_ID_STORE_ID` (`option_type_id`,`store_id`),
  KEY `CATALOG_PRODUCT_OPTION_TYPE_PRICE_STORE_ID` (`store_id`)
) ENGINE=InnoDB AUTO_INCREMENT=163926 DEFAULT CHARSET=utf8mb4 COLLATE=utf8mb4_general_ci COMMENT='Catalog Product Option Type Price Table';

--
-- Dumping data for table `catalog_product_option_type_price`
--

INSERT INTO `catalog_product_option_type_price` VALUES ('77336','5202',0,'210.000000','fixed'),('77337','5203',0,'259.000000','fixed'),('77338','5204',0,'280.500000','fixed'),('77339','1964',0,'0.000000','fixed'),('77340','1990',0,'384.000000','fixed'),('77341','1993',0,'0.000000','fixed'),('77342','1994',0,'0.000000','fixed'),('77343','1995',0,'0.000000','fixed'),('77344','1967',0,'0.000000','fixed'),('77345','1968',0,'0.000000','fixed'),('77346','1970',0,'0.000000','fixed'),('77347','1971',0,'0.000000','fixed'),('77348','2003',0,'100.000000','fixed'),('77349','2000',0,'100.000000','fixed'),('77350','2009',0,'100.000000','fixed'),('77351','2010',0,'100.000000','fixed'),('77352','2005',0,'0.000000','fixed'),('77353','2006',0,'0.000000','fixed'),('77354','2062',0,'50.000000','fixed'),('77355','2063',0,'50.000000','fixed'),('77356','2064',0,'50.000000','fixed'),('77357','2065',0,'50.000000','fixed'),('77358','2066',0,'50.000000','fixed'),('77359','2067',0,'50.000000','fixed'),('77360','2068',0,'50.000000','fixed'),('77361','2069',0,'50.000000','fixed'),('77362','2070',0,'50.000000','fixed'),('77363','2071',0,'50.000000','fixed'),('77364','2072',0,'50.000000','fixed'),('77365','2073',0,'50.000000','fixed'),('77366','2074',0,'50.000000','fixed'),('77367','2075',0,'50.000000','fixed'),('77368','2076',0,'50.000000','fixed'),('77369','5098',0,'50.000000','fixed'),('91423','1258',0,'30.000000','fixed'),('91424','1258',1,'30.000000','fixed'),('91425','1259',0,'0.000000','fixed'),('91426','1259',1,'0.000000','fixed'),('91427','1260',0,'65.000000','fixed'),('91428','1260',1,'65.000000','fixed'),('91429','1261',0,'0.000000','fixed'),('91430','1261',1,'0.000000','fixed'),('122122','5028',0,'0.000000','fixed'),('122123','5028',1,'0.000000','fixed'),('131666','3018',0,'0.000000','fixed'),('131667','3019',0,'0.000000','fixed'),('131668','3020',0,'56.600000','fixed'),('131669','3021',0,'79.600000','fixed'),('131670','3022',0,'11.470000','fixed'),('131671','3023',0,'6.930000','fixed'),('139863','4569',0,'46.000000','fixed'),('139864','4569',1,'46.000000','fixed'),('139865','4570',0,'52.900000','fixed'),('139866','4570',1,'52.900000','fixed'),('139867','4571',0,'64.400000','fixed'),('139868','4571',1,'64.400000','fixed'),('139869','4572',0,'0.000000','fixed'),('139870','4572',1,'0.000000','fixed'),('139871','4573',0,'32.000000','fixed'),('139872','4573',1,'32.000000','fixed'),('139873','4574',0,'52.000000','fixed'),('139874','4574',1,'40.000000','fixed'),('139875','4575',0,'17.500000','fixed'),('139876','4575',1,'17.500000','fixed'),('139877','4576',0,'42.780000','fixed'),('139878','4576',1,'35.000000','fixed'),('139879','4577',0,'42.000000','fixed'),('139880','4577',1,'45.000000','fixed'),('139881','4578',0,'42.000000','fixed'),('139882','4578',1,'42.000000','fixed'),('139883','4579',0,'48.300000','fixed'),('139884','4579',1,'58.000000','fixed'),('139885','4580',0,'40.260000','fixed'),('139886','4580',1,'35.000000','fixed'),('139887','4581',0,'43.700000','fixed'),('139888','4581',1,'40.000000','fixed'),('139889','4582',0,'35.820000','fixed'),('139890','4582',1,'84.000000','fixed'),('139891','4583',0,'20.700000','fixed'),('139892','4583',1,'21.000000','fixed'),('139893','4584',0,'46.000000','fixed'),('139894','4584',1,'46.000000','fixed'),('139895','4585',0,'20.700000','fixed'),('139896','4585',1,'20.700000','fixed'),('139897','4586',0,'50.140000','fixed'),('139898','4586',1,'50.140000','fixed'),('139899','4587',0,'0.000000','fixed'),('139900','4587',1,'0.000000','fixed'),('139901','4588',0,'15.500000','fixed'),('139902','4588',1,'15.500000','fixed'),('139903','4589',0,'13.500000','fixed'),('139904','4589',1,'13.500000','fixed'),('139905','4590',0,'9.000000','fixed'),('139906','4590',1,'9.000000','fixed'),('139907','4591',0,'20.700000','fixed'),('139908','4591',1,'20.700000','fixed'),('139909','4435',0,'27.600000','fixed'),('139910','4435',1,'27.600000','fixed'),('139911','4436',0,'32.200000','fixed'),('139912','4436',1,'32.200000','fixed'),('139913','4437',0,'41.400000','fixed'),('139914','4437',1,'41.400000','fixed'),('139915','4438',0,'50.600000','fixed'),('139916','4438',1,'50.600000','fixed'),('139917','4439',0,'57.500000','fixed'),('139918','4439',1,'57.500000','fixed'),('139919','4440',0,'0.000000','fixed'),('139920','4440',1,'0.000000','fixed'),('139921','4441',0,'32.000000','fixed'),('139922','4441',1,'32.000000','fixed'),('139923','4442',0,'40.000000','fixed'),('139924','4442',1,'40.000000','fixed'),('139925','4443',0,'17.500000','fixed'),('139926','4443',1,'17.500000','fixed'),('139927','4444',0,'35.000000','fixed'),('139928','4444',1,'35.000000','fixed'),('139929','4445',0,'45.000000','fixed'),('139930','4445',1,'45.000000','fixed'),('139931','4446',0,'42.000000','fixed'),('139932','4446',1,'42.000000','fixed'),('139933','4447',0,'58.000000','fixed'),('139934','4447',1,'58.000000','fixed'),('139935','4448',0,'35.000000','fixed'),('139936','4448',1,'35.000000','fixed'),('139937','4449',0,'40.000000','fixed'),('139938','4449',1,'40.000000','fixed'),('139939','4450',0,'84.000000','fixed'),('139940','4450',1,'84.000000','fixed'),('139941','4451',0,'21.000000','fixed'),('139942','4451',1,'21.000000','fixed'),('139943','4452',0,'46.000000','fixed'),('139944','4452',1,'46.000000','fixed'),('139945','4453',0,'20.700000','fixed'),('139946','4453',1,'20.700000','fixed'),('139947','4454',0,'50.140000','fixed'),('139948','4454',1,'50.140000','fixed'),('139949','4455',0,'0.000000','fixed'),('139950','4455',1,'0.000000','fixed'),('139951','4456',0,'15.500000','fixed'),('139952','4456',1,'15.500000','fixed'),('139953','4457',0,'13.500000','fixed'),('139954','4457',1,'13.500000','fixed'),('139955','4458',0,'9.000000','fixed'),('139956','4458',1,'9.000000','fixed'),('139957','4459',0,'21.000000','fixed'),('139958','4459',1,'20.700000','fixed'),('139959','2714',0,'18.400000','fixed'),('139960','2714',1,'18.400000','fixed'),('139961','2715',0,'20.700000','fixed'),('139962','2715',1,'20.700000','fixed'),('139963','2716',0,'29.900000','fixed'),('139964','2716',1,'29.900000','fixed'),('139965','2717',0,'36.800000','fixed'),('139966','2717',1,'36.800000','fixed'),('139967','2718',0,'0.000000','fixed'),('139968','2718',1,'0.000000','fixed'),('139969','2719',0,'32.000000','fixed'),('139970','2719',1,'32.200000','fixed'),('139971','2720',0,'15.000000','fixed'),('139972','2720',1,'15.000000','fixed'),('139973','2721',0,'25.000000','fixed'),('139974','2721',1,'33.360000','fixed'),('139975','2722',0,'0.000000','fixed'),('139976','2722',1,'0.000000','fixed'),('143850','5037',0,'0.000000','fixed'),('143851','5037',1,'0.000000','fixed'),('143888','5920',0,'0.000000','fixed'),('143889','5920',1,'0.000000','fixed'),('143905','5050',0,'0.000000','fixed'),('143906','5050',1,'0.000000','fixed'),('143924','5075',0,'0.000000','fixed'),('143925','5075',1,'0.000000','fixed'),('144283','3897',0,'22.000000','fixed'),('144284','3898',0,'28.000000','fixed'),('144285','3899',0,'55.000000','fixed'),('144715','6014',0,'0.000000','fixed'),('144716','6015',0,'0.000000','fixed'),('144717','385',0,'18.500000','fixed'),('144718','385',1,'18.500000','fixed'),('144719','389',0,'29.000000','fixed'),('144720','389',1,'29.000000','fixed'),('144721','390',0,'49.500000','fixed'),('144722','390',1,'49.500000','fixed'),('144723','391',0,'68.000000','fixed'),('144724','391',1,'68.000000','fixed'),('144725','6008',0,'79.500000','fixed'),('144726','6009',0,'30.000000','fixed'),('144727','6010',0,'48.000000','fixed'),('144728','6011',0,'81.000000','fixed'),('144729','6012',0,'111.000000','fixed'),('144730','6013',0,'131.000000','fixed'),('144731','5150',0,'10.000000','fixed'),('144732','5150',1,'10.000000','fixed'),('144733','5151',0,'15.000000','fixed'),('144734','5151',1,'15.000000','fixed'),('144735','5152',0,'26.000000','fixed'),('144736','5152',1,'26.000000','fixed'),('144737','5153',0,'36.000000','fixed'),('144738','5153',1,'36.000000','fixed'),('144739','6061',0,'27.600000','fixed'),('144740','6061',1,'18.400000','fixed'),('144741','6062',0,'32.200000','fixed'),('144742','6062',1,'20.700000','fixed'),('144743','6063',0,'41.400000','fixed'),('144744','6063',1,'29.900000','fixed'),('144745','6064',0,'50.600000','fixed'),('144746','6064',1,'36.800000','fixed'),('144747','6065',0,'57.500000','fixed'),('144748','408',0,'0.000000','fixed'),('144749','408',1,'0.000000','fixed'),('144750','6066',0,'32.000000','fixed'),('144751','6067',0,'40.000000','fixed'),('144752','6067',1,'32.000000','fixed'),('144753','6068',0,'17.500000','fixed'),('144754','6069',0,'35.000000','fixed'),('144755','6069',1,'15.000000','fixed'),('144756','6070',0,'45.000000','fixed'),('144757','6071',0,'42.000000','fixed'),('144758','6071',1,'25.000000','fixed'),('144759','6072',0,'58.000000','fixed'),('144760','6073',0,'35.000000','fixed'),('144761','6074',0,'40.000000','fixed'),('144762','6075',0,'84.000000','fixed'),('144763','6076',0,'21.000000','fixed'),('144764','6077',0,'46.000000','fixed'),('144765','6078',0,'20.700000','fixed'),('144766','6079',0,'50.140000','fixed'),('144767','447',0,'0.000000','fixed'),('144768','447',1,'0.000000','fixed'),('144769','5960',0,'30.000000','fixed'),('144770','5960',1,'30.000000','fixed'),('144771','6080',0,'15.500000','fixed'),('144772','6081',0,'13.500000','fixed'),('144773','6082',0,'9.000000','fixed'),('144774','6083',0,'21.000000','fixed'),('144775','6021',0,'0.000000','fixed'),('144776','6022',0,'0.000000','fixed'),('144777','2494',0,'25.500000','fixed'),('144778','2494',1,'25.500000','fixed'),('144779','2495',0,'38.000000','fixed'),('144780','2495',1,'38.000000','fixed'),('144781','2496',0,'65.000000','fixed'),('144782','2496',1,'65.000000','fixed'),('144783','2497',0,'90.000000','fixed'),('144784','2497',1,'90.000000','fixed'),('144785','2509',0,'104.000000','fixed'),('144786','2509',1,'104.000000','fixed'),('144787','6016',0,'31.500000','fixed'),('144788','6017',0,'49.000000','fixed'),('144789','6018',0,'85.500000','fixed'),('144790','6019',0,'117.000000','fixed'),('144791','6020',0,'137.000000','fixed'),('144792','5154',0,'10.000000','fixed'),('144793','5154',1,'10.000000','fixed'),('144794','5155',0,'15.000000','fixed'),('144795','5155',1,'15.000000','fixed'),('144796','5156',0,'26.000000','fixed'),('144797','5156',1,'26.000000','fixed'),('144798','5157',0,'36.000000','fixed'),('144799','5157',1,'36.000000','fixed'),('144800','5158',0,'43.000000','fixed'),('144801','5158',1,'43.000000','fixed'),('144802','4408',0,'27.600000','fixed'),('144803','4408',1,'27.600000','fixed'),('144804','4409',0,'32.200000','fixed'),('144805','4409',1,'32.200000','fixed'),('144806','4410',0,'41.400000','fixed'),('144807','4410',1,'41.400000','fixed'),('144808','4411',0,'50.600000','fixed'),('144809','4411',1,'50.600000','fixed'),('144810','4412',0,'57.500000','fixed'),('144811','4412',1,'57.500000','fixed'),('144812','4413',0,'0.000000','fixed'),('144813','4413',1,'0.000000','fixed'),('144814','4414',0,'32.000000','fixed'),('144815','4414',1,'32.000000','fixed'),('144816','4415',0,'40.000000','fixed'),('144817','4415',1,'40.000000','fixed'),('144818','4416',0,'17.500000','fixed'),('144819','4416',1,'17.500000','fixed'),('144820','4417',0,'35.000000','fixed'),('144821','4417',1,'35.000000','fixed'),('144822','4418',0,'45.000000','fixed'),('144823','4418',1,'45.000000','fixed'),('144824','4419',0,'42.000000','fixed'),('144825','4419',1,'42.000000','fixed'),('144826','4420',0,'58.000000','fixed'),('144827','4420',1,'58.000000','fixed'),('144828','4421',0,'35.000000','fixed'),('144829','4421',1,'35.000000','fixed'),('144830','4422',0,'40.000000','fixed'),('144831','4422',1,'40.000000','fixed'),('144832','4423',0,'84.000000','fixed'),('144833','4423',1,'84.000000','fixed'),('144834','4424',0,'21.000000','fixed'),('144835','4424',1,'21.000000','fixed'),('144836','4425',0,'46.000000','fixed'),('144837','4425',1,'46.000000','fixed'),('144838','4426',0,'20.700000','fixed'),('144839','4426',1,'20.700000','fixed'),('144840','4427',0,'50.140000','fixed'),('144841','4427',1,'50.140000','fixed'),('144842','4428',0,'0.000000','fixed'),('144843','4428',1,'0.000000','fixed'),('144844','4429',0,'15.500000','fixed'),('144845','4429',1,'15.500000','fixed'),('144846','4430',0,'13.500000','fixed'),('144847','4430',1,'13.500000','fixed'),('144848','4431',0,'9.000000','fixed'),('144849','4431',1,'9.000000','fixed'),('144850','4432',0,'21.000000','fixed'),('144851','4432',1,'20.700000','fixed'),('144852','5945',0,'30.000000','fixed'),('144853','5945',1,'30.000000','fixed'),('144854','6028',0,'0.000000','fixed'),('144855','6029',0,'0.000000','fixed'),('144856','2519',0,'36.000000','fixed'),('144857','2519',1,'36.000000','fixed'),('144858','2520',0,'54.500000','fixed'),('144859','2520',1,'54.500000','fixed'),('144860','2521',0,'94.500000','fixed'),('144861','2521',1,'94.500000','fixed'),('144862','2522',0,'130.000000','fixed'),('144863','2522',1,'130.000000','fixed'),('144864','2523',0,'151.500000','fixed'),('144865','2523',1,'151.500000','fixed'),('144866','6023',0,'28.500000','fixed'),('144867','6024',0,'42.500000','fixed'),('144868','6025',0,'72.000000','fixed'),('144869','6026',0,'100.000000','fixed'),('144870','6027',0,'116.000000','fixed'),('144871','5159',0,'10.000000','fixed'),('144872','5159',1,'10.000000','fixed'),('144873','5160',0,'15.000000','fixed'),('144874','5160',1,'15.000000','fixed'),('144875','5161',0,'26.000000','fixed'),('144876','5161',1,'26.000000','fixed'),('144877','5162',0,'36.000000','fixed'),('144878','5162',1,'36.000000','fixed'),('144879','5163',0,'43.000000','fixed'),('144880','5163',1,'43.000000','fixed'),('144881','4700',0,'32.000000','fixed'),('144882','4700',1,'32.000000','fixed'),('144883','4701',0,'40.000000','fixed'),('144884','4701',1,'40.000000','fixed'),('144885','4702',0,'17.500000','fixed'),('144886','4702',1,'17.500000','fixed'),('144887','4703',0,'35.000000','fixed'),('144888','4703',1,'35.000000','fixed'),('144889','4704',0,'45.000000','fixed'),('144890','4704',1,'45.000000','fixed'),('144891','4705',0,'42.000000','fixed'),('144892','4705',1,'42.000000','fixed'),('144893','4706',0,'58.000000','fixed'),('144894','4706',1,'58.000000','fixed'),('144895','4707',0,'35.000000','fixed'),('144896','4707',1,'35.000000','fixed'),('144897','4708',0,'40.000000','fixed'),('144898','4708',1,'40.000000','fixed'),('144899','4709',0,'84.000000','fixed'),('144900','4709',1,'84.000000','fixed'),('144901','4710',0,'21.000000','fixed'),('144902','4710',1,'21.000000','fixed'),('144903','4711',0,'46.000000','fixed'),('144904','4711',1,'46.000000','fixed'),('144905','4712',0,'20.700000','fixed'),('144906','4712',1,'20.700000','fixed'),('144907','4713',0,'50.140000','fixed'),('144908','4713',1,'50.140000','fixed'),('144909','4714',0,'0.000000','fixed'),('144910','4714',1,'0.000000','fixed'),('144911','4694',0,'27.600000','fixed'),('144912','4694',1,'27.600000','fixed'),('144913','4695',0,'32.200000','fixed'),('144914','4695',1,'32.200000','fixed'),('144915','4696',0,'41.400000','fixed'),('144916','4696',1,'41.400000','fixed'),('144917','4697',0,'50.600000','fixed'),('144918','4697',1,'50.600000','fixed'),('144919','4698',0,'57.500000','fixed'),('144920','4698',1,'57.500000','fixed'),('144921','4699',0,'0.000000','fixed'),('144922','4699',1,'0.000000','fixed'),('144923','4715',0,'15.500000','fixed'),('144924','4715',1,'15.500000','fixed'),('144925','4716',0,'13.500000','fixed'),('144926','4716',1,'13.500000','fixed'),('144927','4717',0,'9.000000','fixed'),('144928','4717',1,'9.000000','fixed'),('144929','4718',0,'21.000000','fixed'),('144930','4718',1,'20.700000','fixed'),('144931','5965',0,'30.000000','fixed'),('144932','5965',1,'30.000000','fixed'),('144933','6041',0,'0.000000','fixed'),('144934','6042',0,'0.000000','fixed'),('144935','2618',0,'19.000000','fixed'),('144936','2618',1,'19.000000','fixed'),('144937','2619',0,'33.000000','fixed'),('144938','2619',1,'33.000000','fixed'),('144939','2620',0,'53.000000','fixed'),('144940','2620',1,'53.000000','fixed'),('144941','2621',0,'77.000000','fixed'),('144942','2621',1,'77.000000','fixed'),('144943','6037',0,'21.000000','fixed'),('144944','6038',0,'37.000000','fixed'),('144945','6039',0,'59.000000','fixed'),('144946','6040',0,'85.500000','fixed'),('144947','5139',0,'10.000000','fixed'),('144948','5139',1,'10.000000','fixed'),('144949','5140',0,'18.000000','fixed'),('144950','5140',1,'18.000000','fixed'),('144951','5141',0,'29.000000','fixed'),('144952','5141',1,'29.000000','fixed'),('144953','5142',0,'36.000000','fixed'),('144954','5142',1,'36.000000','fixed'),('144955','6084',0,'27.600000','fixed'),('144956','6085',0,'32.200000','fixed'),('144957','6086',0,'41.400000','fixed'),('144958','6087',0,'50.600000','fixed'),('144959','6106',0,'0.000000','fixed'),('144960','6088',0,'32.000000','fixed'),('144961','6089',0,'52.000000','fixed'),('144962','6089',1,'32.000000','fixed'),('144963','6090',0,'17.500000','fixed'),('144964','6091',0,'42.780000','fixed'),('144965','6091',1,'15.000000','fixed'),('144966','6092',0,'42.000000','fixed'),('144967','6093',0,'42.000000','fixed'),('144968','6093',1,'25.000000','fixed'),('144969','6094',0,'48.300000','fixed'),('144970','6095',0,'40.260000','fixed'),('144971','6096',0,'43.700000','fixed'),('144972','6097',0,'35.820000','fixed'),('144973','6098',0,'20.700000','fixed'),('144974','6098',1,'84.000000','fixed'),('144975','6099',0,'46.000000','fixed'),('144976','6100',0,'20.700000','fixed'),('144977','6101',0,'50.140000','fixed'),('144978','2636',0,'0.000000','fixed'),('144979','2636',1,'0.000000','fixed'),('144980','2637',0,'2.000000','fixed'),('144981','2637',1,'0.000000','fixed'),('144982','5961',0,'30.000000','fixed'),('144983','5961',1,'30.000000','fixed'),('144984','6102',0,'15.500000','fixed'),('144985','6103',0,'13.500000','fixed'),('144986','6104',0,'9.000000','fixed'),('144987','6105',0,'20.700000','fixed'),('144988','6047',0,'0.000000','fixed'),('144989','6048',0,'0.000000','fixed'),('144990','471',0,'23.000000','fixed'),('144991','471',1,'23.000000','fixed'),('144992','472',0,'38.000000','fixed'),('144993','472',1,'38.000000','fixed'),('144994','473',0,'59.000000','fixed'),('144995','473',1,'59.000000','fixed'),('144996','474',0,'86.000000','fixed'),('144997','474',1,'86.000000','fixed'),('144998','6043',0,'25.500000','fixed'),('144999','6044',0,'42.500000','fixed'),('145000','6045',0,'65.500000','fixed'),('145001','6046',0,'95.500000','fixed'),('145002','5135',0,'10.000000','fixed'),('145003','5135',1,'10.000000','fixed'),('145004','5136',0,'18.000000','fixed'),('145005','5136',1,'18.000000','fixed'),('145006','5137',0,'29.000000','fixed'),('145007','5137',1,'29.000000','fixed'),('145008','5138',0,'36.000000','fixed'),('145009','5138',1,'36.000000','fixed'),('145010','4746',0,'27.600000','fixed'),('145011','4746',1,'27.600000','fixed'),('145012','4747',0,'32.200000','fixed'),('145013','4747',1,'32.200000','fixed'),('145014','4748',0,'41.400000','fixed'),('145015','4748',1,'41.400000','fixed'),('145016','4749',0,'50.600000','fixed'),('145017','4749',1,'50.600000','fixed'),('145018','4750',0,'0.000000','fixed'),('145019','4750',1,'0.000000','fixed'),('145020','4751',0,'32.000000','fixed'),('145021','4751',1,'32.000000','fixed'),('145022','4752',0,'52.000000','fixed'),('145023','4752',1,'40.000000','fixed'),('145024','4753',0,'17.500000','fixed'),('145025','4753',1,'17.500000','fixed'),('145026','4754',0,'42.780000','fixed'),('145027','4754',1,'35.000000','fixed'),('145028','4755',0,'42.000000','fixed'),('145029','4755',1,'45.000000','fixed'),('145030','4756',0,'42.000000','fixed'),('145031','4756',1,'42.000000','fixed'),('145032','4757',0,'48.300000','fixed'),('145033','4757',1,'58.000000','fixed'),('145034','4758',0,'40.260000','fixed'),('145035','4758',1,'35.000000','fixed'),('145036','4759',0,'43.700000','fixed'),('145037','4759',1,'40.000000','fixed'),('145038','4760',0,'35.820000','fixed'),('145039','4760',1,'84.000000','fixed'),('145040','4761',0,'20.700000','fixed'),('145041','4761',1,'21.000000','fixed'),('145042','4762',0,'46.000000','fixed'),('145043','4762',1,'46.000000','fixed'),('145044','4763',0,'20.700000','fixed'),('145045','4763',1,'20.700000','fixed'),('145046','4764',0,'50.140000','fixed'),('145047','4764',1,'50.140000','fixed'),('145048','4765',0,'0.000000','fixed'),('145049','4765',1,'0.000000','fixed'),('145050','4766',0,'15.500000','fixed'),('145051','4766',1,'15.500000','fixed'),('145052','4767',0,'13.500000','fixed'),('145053','4767',1,'13.500000','fixed'),('145054','4768',0,'9.000000','fixed'),('145055','4768',1,'9.000000','fixed'),('145056','4769',0,'20.700000','fixed'),('145057','4769',1,'20.700000','fixed'),('145058','5947',0,'30.000000','fixed'),('145059','5947',1,'30.000000','fixed'),('145060','6053',0,'0.000000','fixed'),('145061','6054',0,'0.000000','fixed'),('145062','2570',0,'30.500000','fixed'),('145063','2570',1,'30.500000','fixed'),('145064','2571',0,'49.500000','fixed'),('145065','2571',1,'49.500000','fixed'),('145066','2572',0,'74.000000','fixed'),('145067','2572',1,'74.000000','fixed'),('145068','2573',0,'104.500000','fixed'),('145069','2573',1,'104.500000','fixed'),('145070','6049',0,'27.500000','fixed'),('145071','6050',0,'44.500000','fixed'),('145072','6051',0,'66.500000','fixed'),('145073','6052',0,'94.000000','fixed'),('145074','4646',0,'32.000000','fixed'),('145075','4646',1,'32.000000','fixed'),('145076','4647',0,'40.000000','fixed'),('145077','4647',1,'40.000000','fixed'),('145078','4648',0,'17.500000','fixed'),('145079','4648',1,'17.500000','fixed'),('145080','4649',0,'35.000000','fixed'),('145081','4649',1,'35.000000','fixed'),('145082','4650',0,'45.000000','fixed'),('145083','4650',1,'45.000000','fixed'),('145084','4651',0,'42.000000','fixed'),('145085','4651',1,'42.000000','fixed'),('145086','4652',0,'58.000000','fixed'),('145087','4652',1,'58.000000','fixed'),('145088','4653',0,'35.000000','fixed'),('145089','4653',1,'35.000000','fixed'),('145090','4654',0,'40.000000','fixed'),('145091','4654',1,'40.000000','fixed'),('145092','4655',0,'84.000000','fixed'),('145093','4655',1,'84.000000','fixed'),('145094','4656',0,'21.000000','fixed'),('145095','4656',1,'21.000000','fixed'),('145096','4657',0,'46.000000','fixed'),('145097','4657',1,'46.000000','fixed'),('145098','4658',0,'20.700000','fixed'),('145099','4658',1,'20.700000','fixed'),('145100','4659',0,'50.140000','fixed'),('145101','4659',1,'50.140000','fixed'),('145102','4660',0,'0.000000','fixed'),('145103','4660',1,'0.000000','fixed'),('145104','4661',0,'15.500000','fixed'),('145105','4661',1,'15.500000','fixed'),('145106','4662',0,'13.500000','fixed'),('145107','4662',1,'13.500000','fixed'),('145108','4663',0,'9.000000','fixed'),('145109','4663',1,'9.000000','fixed'),('145110','4664',0,'21.000000','fixed'),('145111','4664',1,'20.700000','fixed'),('145112','5131',0,'10.000000','fixed'),('145113','5131',1,'10.000000','fixed'),('145114','5132',0,'18.000000','fixed'),('145115','5132',1,'18.000000','fixed'),('145116','5133',0,'29.000000','fixed'),('145117','5133',1,'29.000000','fixed'),('145118','5134',0,'36.000000','fixed'),('145119','5134',1,'36.000000','fixed'),('145120','4641',0,'27.600000','fixed'),('145121','4641',1,'27.600000','fixed'),('145122','4642',0,'32.200000','fixed'),('145123','4642',1,'32.200000','fixed'),('145124','4643',0,'41.400000','fixed'),('145125','4643',1,'41.400000','fixed'),('145126','4644',0,'50.600000','fixed'),('145127','4644',1,'50.600000','fixed'),('145128','4645',0,'0.000000','fixed'),('145129','4645',1,'0.000000','fixed'),('145130','5948',0,'30.000000','fixed'),('145131','5948',1,'30.000000','fixed'),('145132','513',0,'62.000000','fixed'),('145133','513',1,'62.000000','fixed'),('145134','514',0,'91.000000','fixed'),('145135','514',1,'91.000000','fixed'),('145136','515',0,'129.000000','fixed'),('145137','515',1,'129.000000','fixed'),('145138','5172',0,'12.000000','fixed'),('145139','5172',1,'12.000000','fixed'),('145140','5173',0,'19.000000','fixed'),('145141','5173',1,'19.000000','fixed'),('145142','5174',0,'26.000000','fixed'),('145143','5174',1,'26.000000','fixed'),('145144','4721',0,'46.000000','fixed'),('145145','4721',1,'46.000000','fixed'),('145146','4722',0,'52.900000','fixed'),('145147','4722',1,'52.900000','fixed'),('145148','4723',0,'64.400000','fixed'),('145149','4723',1,'64.400000','fixed'),('145150','4724',0,'0.000000','fixed'),('145151','4724',1,'0.000000','fixed'),('145152','4725',0,'32.000000','fixed'),('145153','4725',1,'32.000000','fixed'),('145154','4726',0,'40.000000','fixed'),('145155','4726',1,'40.000000','fixed'),('145156','4727',0,'17.500000','fixed'),('145157','4727',1,'17.500000','fixed'),('145158','4728',0,'35.000000','fixed'),('145159','4728',1,'35.000000','fixed'),('145160','4729',0,'45.000000','fixed'),('145161','4729',1,'45.000000','fixed'),('145162','4730',0,'42.000000','fixed'),('145163','4730',1,'42.000000','fixed'),('145164','4731',0,'58.000000','fixed'),('145165','4731',1,'58.000000','fixed'),('145166','4732',0,'35.000000','fixed'),('145167','4732',1,'35.000000','fixed'),('145168','4733',0,'40.000000','fixed'),('145169','4733',1,'40.000000','fixed'),('145170','4734',0,'84.000000','fixed'),('145171','4734',1,'84.000000','fixed'),('145172','4735',0,'21.000000','fixed'),('145173','4735',1,'21.000000','fixed'),('145174','4736',0,'46.000000','fixed'),('145175','4736',1,'46.000000','fixed'),('145176','4737',0,'20.700000','fixed'),('145177','4737',1,'20.700000','fixed'),('145178','4738',0,'50.140000','fixed'),('145179','4738',1,'50.140000','fixed'),('145180','4739',0,'0.000000','fixed'),('145181','4739',1,'0.000000','fixed'),('145182','4740',0,'15.500000','fixed'),('145183','4740',1,'15.500000','fixed'),('145184','4741',0,'13.500000','fixed'),('145185','4741',1,'13.500000','fixed'),('145186','4742',0,'9.000000','fixed'),('145187','4742',1,'9.000000','fixed'),('145188','4743',0,'21.000000','fixed'),('145189','4743',1,'20.700000','fixed'),('145190','5964',0,'30.000000','fixed'),('145191','5964',1,'30.000000','fixed'),('145192','2643',0,'69.000000','fixed'),('145193','2643',1,'69.000000','fixed'),('145194','2644',0,'101.000000','fixed'),('145195','2644',1,'101.000000','fixed'),('145196','2645',0,'144.000000','fixed'),('145197','2645',1,'144.000000','fixed'),('145198','5175',0,'12.000000','fixed'),('145199','5175',1,'12.000000','fixed'),('145200','5176',0,'19.000000','fixed'),('145201','5176',1,'19.000000','fixed'),('145202','5177',0,'26.000000','fixed'),('145203','5177',1,'26.000000','fixed'),('145204','4544',0,'46.000000','fixed'),('145205','4544',1,'46.000000','fixed'),('145206','4545',0,'52.900000','fixed'),('145207','4545',1,'52.900000','fixed'),('145208','4546',0,'64.400000','fixed'),('145209','4546',1,'64.400000','fixed'),('145210','4547',0,'0.000000','fixed'),('145211','4547',1,'0.000000','fixed'),('145212','4548',0,'32.000000','fixed'),('145213','4548',1,'32.000000','fixed'),('145214','4549',0,'40.000000','fixed'),('145215','4549',1,'40.000000','fixed'),('145216','4550',0,'17.500000','fixed'),('145217','4550',1,'17.500000','fixed'),('145218','4551',0,'35.000000','fixed'),('145219','4551',1,'35.000000','fixed'),('145220','4552',0,'45.000000','fixed'),('145221','4552',1,'45.000000','fixed'),('145222','4553',0,'42.000000','fixed'),('145223','4553',1,'42.000000','fixed'),('145224','4554',0,'58.000000','fixed'),('145225','4554',1,'58.000000','fixed'),('145226','4555',0,'35.000000','fixed'),('145227','4555',1,'35.000000','fixed'),('145228','4556',0,'40.000000','fixed'),('145229','4556',1,'40.000000','fixed'),('145230','4557',0,'84.000000','fixed'),('145231','4557',1,'84.000000','fixed'),('145232','4558',0,'21.000000','fixed'),('145233','4558',1,'21.000000','fixed'),('145234','4559',0,'46.000000','fixed'),('145235','4559',1,'46.000000','fixed'),('145236','4560',0,'20.700000','fixed'),('145237','4560',1,'20.700000','fixed'),('145238','4561',0,'50.140000','fixed'),('145239','4561',1,'50.140000','fixed'),('145240','4562',0,'0.000000','fixed'),('145241','4562',1,'0.000000','fixed'),('145242','4563',0,'15.500000','fixed'),('145243','4563',1,'15.500000','fixed'),('145244','4564',0,'13.500000','fixed'),('145245','4564',1,'13.500000','fixed'),('145246','4565',0,'9.000000','fixed'),('145247','4565',1,'9.000000','fixed'),('145248','4566',0,'21.000000','fixed'),('145249','4566',1,'20.700000','fixed'),('145250','5966',0,'30.000000','fixed'),('145251','5966',1,'30.000000','fixed'),('145252','4013',0,'60.000000','fixed'),('145253','4013',1,'60.000000','fixed'),('145254','4014',0,'97.000000','fixed'),('145255','4014',1,'97.000000','fixed'),('145256','4015',0,'166.500000','fixed'),('145257','4015',1,'166.500000','fixed'),('145258','5169',0,'20.000000','fixed'),('145259','5169',1,'20.000000','fixed'),('145260','5170',0,'30.000000','fixed'),('145261','5170',1,'30.000000','fixed'),('145262','5171',0,'52.000000','fixed'),('145263','5171',1,'52.000000','fixed'),('145264','4016',0,'27.600000','fixed'),('145265','4016',1,'27.600000','fixed'),('145266','4017',0,'32.200000','fixed'),('145267','4017',1,'32.200000','fixed'),('145268','4018',0,'41.400000','fixed'),('145269','4018',1,'41.400000','fixed'),('145270','4019',0,'0.000000','fixed'),('145271','4019',1,'0.000000','fixed'),('145272','5099',0,'32.000000','fixed'),('145273','5099',1,'32.000000','fixed'),('145274','4020',0,'40.000000','fixed'),('145275','4020',1,'40.000000','fixed'),('145276','4021',0,'17.500000','fixed'),('145277','4021',1,'17.500000','fixed'),('145278','4022',0,'45.000000','fixed'),('145279','4022',1,'45.000000','fixed'),('145280','4023',0,'42.000000','fixed'),('145281','4023',1,'42.000000','fixed'),('145282','4024',0,'58.000000','fixed'),('145283','4024',1,'58.000000','fixed'),('145284','4025',0,'35.000000','fixed'),('145285','4025',1,'35.000000','fixed'),('145286','4026',0,'40.000000','fixed'),('145287','4026',1,'40.000000','fixed'),('145288','4027',0,'84.000000','fixed'),('145289','4027',1,'84.000000','fixed'),('145290','4028',0,'46.000000','fixed'),('145291','4028',1,'46.000000','fixed'),('145292','4029',0,'50.140000','fixed'),('145293','4029',1,'50.140000','fixed'),('145294','4460',0,'0.000000','fixed'),('145295','4460',1,'0.000000','fixed'),('145296','4030',0,'15.500000','fixed'),('145297','4030',1,'15.500000','fixed'),('145298','4031',0,'13.500000','fixed'),('145299','4031',1,'13.500000','fixed'),('145300','4032',0,'9.000000','fixed'),('145301','4032',1,'9.000000','fixed'),('145302','4033',0,'21.000000','fixed'),('145303','4033',1,'20.700000','fixed'),('145304','5962',0,'30.000000','fixed'),('145305','5962',1,'30.000000','fixed'),('145306','3986',0,'50.000000','fixed'),('145307','3986',1,'50.000000','fixed'),('145308','3987',0,'90.000000','fixed'),('145309','3987',1,'90.000000','fixed'),('145310','3988',0,'140.000000','fixed'),('145311','3988',1,'140.000000','fixed'),('145312','5147',0,'20.000000','fixed'),('145313','5147',1,'20.000000','fixed'),('145314','5148',0,'36.000000','fixed'),('145315','5148',1,'36.000000','fixed'),('145316','5149',0,'58.000000','fixed'),('145317','5149',1,'58.000000','fixed'),('145318','4772',0,'27.600000','fixed'),('145319','4772',1,'27.600000','fixed'),('145320','4773',0,'32.200000','fixed'),('145321','4773',1,'32.200000','fixed'),('145322','4774',0,'41.400000','fixed'),('145323','4774',1,'41.400000','fixed'),('145324','4776',0,'0.000000','fixed'),('145325','4776',1,'0.000000','fixed'),('145326','4777',0,'32.000000','fixed'),('145327','4777',1,'32.000000','fixed'),('145328','4778',0,'40.000000','fixed'),('145329','4778',1,'40.000000','fixed'),('145330','4779',0,'17.500000','fixed'),('145331','4779',1,'17.500000','fixed'),('145332','4780',0,'35.000000','fixed'),('145333','4780',1,'35.000000','fixed'),('145334','4781',0,'45.000000','fixed'),('145335','4781',1,'45.000000','fixed'),('145336','4782',0,'42.000000','fixed'),('145337','4782',1,'42.000000','fixed'),('145338','4783',0,'58.000000','fixed'),('145339','4783',1,'58.000000','fixed'),('145340','4784',0,'35.000000','fixed'),('145341','4784',1,'35.000000','fixed'),('145342','4785',0,'40.000000','fixed'),('145343','4785',1,'40.000000','fixed'),('145344','4786',0,'84.000000','fixed'),('145345','4786',1,'84.000000','fixed'),('145346','4787',0,'21.000000','fixed'),('145347','4787',1,'21.000000','fixed'),('145348','4788',0,'46.000000','fixed'),('145349','4788',1,'46.000000','fixed'),('145350','4789',0,'20.700000','fixed'),('145351','4789',1,'20.700000','fixed'),('145352','4790',0,'50.140000','fixed'),('145353','4790',1,'50.140000','fixed'),('145354','4791',0,'0.000000','fixed'),('145355','4791',1,'0.000000','fixed'),('145356','4792',0,'15.500000','fixed'),('145357','4792',1,'15.500000','fixed'),('145358','4793',0,'13.500000','fixed'),('145359','4793',1,'13.500000','fixed'),('145360','4794',0,'9.000000','fixed'),('145361','4794',1,'9.000000','fixed'),('145362','4795',0,'21.000000','fixed'),('145363','4795',1,'20.700000','fixed'),('145364','5963',0,'30.000000','fixed'),('145365','5963',1,'30.000000','fixed'),('145366','6035',0,'0.000000','fixed'),('145367','6036',0,'0.000000','fixed'),('145368','2544',0,'38.500000','fixed'),('145369','2544',1,'38.500000','fixed'),('145370','2545',0,'58.500000','fixed'),('145371','2545',1,'58.500000','fixed'),('145372','2546',0,'101.000000','fixed'),('145373','2546',1,'101.000000','fixed'),('145374','2547',0,'139.000000','fixed'),('145375','2547',1,'139.000000','fixed'),('145376','2548',0,'162.000000','fixed'),('145377','2548',1,'162.000000','fixed'),('145378','6030',0,'34.000000','fixed'),('145379','6031',0,'52.500000','fixed'),('145380','6032',0,'91.500000','fixed'),('145381','6033',0,'125.500000','fixed'),('145382','6034',0,'146.500000','fixed'),('145383','5164',0,'10.000000','fixed'),('145384','5164',1,'10.000000','fixed'),('145385','5165',0,'15.000000','fixed'),('145386','5165',1,'15.000000','fixed'),('145387','5166',0,'26.000000','fixed'),('145388','5166',1,'26.000000','fixed'),('145389','5167',0,'36.000000','fixed'),('145390','5167',1,'36.000000','fixed'),('145391','5168',0,'43.000000','fixed'),('145392','5168',1,'43.000000','fixed'),('145393','4673',0,'32.000000','fixed'),('145394','4673',1,'32.000000','fixed'),('145395','4674',0,'40.000000','fixed'),('145396','4674',1,'40.000000','fixed'),('145397','4675',0,'17.500000','fixed'),('145398','4675',1,'17.500000','fixed'),('145399','4676',0,'35.000000','fixed'),('145400','4676',1,'35.000000','fixed'),('145401','4677',0,'45.000000','fixed'),('145402','4677',1,'45.000000','fixed'),('145403','4678',0,'42.000000','fixed'),('145404','4678',1,'42.000000','fixed'),('145405','4679',0,'58.000000','fixed'),('145406','4679',1,'58.000000','fixed'),('145407','4680',0,'35.000000','fixed'),('145408','4680',1,'35.000000','fixed'),('145409','4681',0,'40.000000','fixed'),('145410','4681',1,'40.000000','fixed'),('145411','4682',0,'84.000000','fixed'),('145412','4682',1,'84.000000','fixed'),('145413','4683',0,'21.000000','fixed'),('145414','4683',1,'21.000000','fixed'),('145415','4684',0,'46.000000','fixed'),('145416','4684',1,'46.000000','fixed'),('145417','4685',0,'20.700000','fixed'),('145418','4685',1,'20.700000','fixed'),('145419','4686',0,'50.140000','fixed'),('145420','4686',1,'50.140000','fixed'),('145421','4687',0,'0.000000','fixed'),('145422','4687',1,'0.000000','fixed'),('145423','4667',0,'27.600000','fixed'),('145424','4667',1,'27.600000','fixed'),('145425','4668',0,'32.200000','fixed'),('145426','4668',1,'32.200000','fixed'),('145427','4669',0,'41.400000','fixed'),('145428','4669',1,'41.400000','fixed'),('145429','4670',0,'50.600000','fixed'),('145430','4670',1,'50.600000','fixed'),('145431','4671',0,'57.500000','fixed'),('145432','4671',1,'57.500000','fixed'),('145433','4672',0,'0.000000','fixed'),('145434','4672',1,'0.000000','fixed'),('145435','4688',0,'15.500000','fixed'),('145436','4688',1,'15.500000','fixed'),('145437','4689',0,'13.500000','fixed'),('145438','4689',1,'13.500000','fixed'),('145439','4690',0,'9.000000','fixed'),('145440','4690',1,'9.000000','fixed'),('145441','4691',0,'21.000000','fixed'),('145442','4691',1,'20.700000','fixed'),('145443','5953',0,'30.000000','fixed'),('145444','5953',1,'30.000000','fixed'),('145445','6059',0,'0.000000','fixed'),('145446','6060',0,'0.000000','fixed'),('145447','2594',0,'42.500000','fixed'),('145448','2594',1,'42.500000','fixed'),('145449','2595',0,'59.000000','fixed'),('145450','2595',1,'59.000000','fixed'),('145451','2596',0,'90.500000','fixed'),('145452','2596',1,'90.500000','fixed'),('145453','2597',0,'132.500000','fixed'),('145454','2597',1,'132.500000','fixed'),('145455','6055',0,'36.000000','fixed'),('145456','6056',0,'50.000000','fixed'),('145457','6057',0,'77.000000','fixed'),('145458','6058',0,'112.500000','fixed'),('145459','5143',0,'10.000000','fixed'),('145460','5143',1,'10.000000','fixed'),('145461','5144',0,'18.000000','fixed'),('145462','5144',1,'18.000000','fixed'),('145463','5145',0,'29.000000','fixed'),('145464','5145',1,'29.000000','fixed'),('145465','5146',0,'36.000000','fixed'),('145466','5146',1,'36.000000','fixed'),('145467','4803',0,'32.000000','fixed'),('145468','4803',1,'32.000000','fixed'),('145469','4804',0,'40.000000','fixed'),('145470','4804',1,'40.000000','fixed'),('145471','4805',0,'17.500000','fixed'),('145472','4805',1,'17.500000','fixed'),('145473','4806',0,'35.000000','fixed'),('145474','4806',1,'35.000000','fixed'),('145475','4807',0,'45.000000','fixed'),('145476','4807',1,'45.000000','fixed'),('145477','4808',0,'42.000000','fixed'),('145478','4808',1,'42.000000','fixed'),('145479','4809',0,'58.000000','fixed'),('145480','4809',1,'58.000000','fixed'),('145481','4810',0,'35.000000','fixed'),('145482','4810',1,'35.000000','fixed'),('145483','4811',0,'40.000000','fixed'),('145484','4811',1,'40.000000','fixed'),('145485','4812',0,'84.000000','fixed'),('145486','4812',1,'84.000000','fixed'),('145487','4813',0,'21.000000','fixed'),('145488','4813',1,'21.000000','fixed'),('145489','4814',0,'46.000000','fixed'),('145490','4814',1,'46.000000','fixed'),('145491','4815',0,'20.700000','fixed'),('145492','4815',1,'20.700000','fixed'),('145493','4816',0,'50.140000','fixed'),('145494','4816',1,'50.140000','fixed'),('145495','4817',0,'0.000000','fixed'),('145496','4817',1,'0.000000','fixed'),('145497','4798',0,'27.600000','fixed'),('145498','4798',1,'27.600000','fixed'),('145499','4799',0,'32.200000','fixed'),('145500','4799',1,'32.200000','fixed'),('145501','4800',0,'41.400000','fixed'),('145502','4800',1,'41.400000','fixed'),('145503','4801',0,'50.600000','fixed'),('145504','4801',1,'50.600000','fixed'),('145505','4802',0,'0.000000','fixed'),('145506','4802',1,'0.000000','fixed'),('145507','4818',0,'15.500000','fixed'),('145508','4818',1,'15.500000','fixed'),('145509','4819',0,'13.500000','fixed'),('145510','4819',1,'13.500000','fixed'),('145511','4820',0,'9.000000','fixed'),('145512','4820',1,'9.000000','fixed'),('145513','4821',0,'21.000000','fixed'),('145514','4821',1,'20.700000','fixed'),('145515','5956',0,'30.000000','fixed'),('145516','5956',1,'30.000000','fixed'),('145517','2665',0,'40.500000','fixed'),('145518','2665',1,'81.000000','fixed'),('145519','2666',0,'59.500000','fixed'),('145520','2666',1,'119.000000','fixed'),('145521','2667',0,'85.000000','fixed'),('145522','2667',1,'170.000000','fixed'),('145523','5178',0,'12.000000','fixed'),('145524','5178',1,'12.000000','fixed'),('145525','5179',0,'19.000000','fixed'),('145526','5179',1,'19.000000','fixed'),('145527','5180',0,'26.000000','fixed'),('145528','5180',1,'26.000000','fixed'),('145529','4519',0,'46.000000','fixed'),('145530','4519',1,'46.000000','fixed'),('145531','4520',0,'52.900000','fixed'),('145532','4520',1,'52.900000','fixed'),('145533','4521',0,'64.400000','fixed'),('145534','4521',1,'64.400000','fixed'),('145535','4522',0,'0.000000','fixed'),('145536','4522',1,'0.000000','fixed'),('145537','4523',0,'32.000000','fixed'),('145538','4523',1,'32.000000','fixed'),('145539','4524',0,'40.000000','fixed'),('145540','4524',1,'40.000000','fixed'),('145541','4525',0,'17.500000','fixed'),('145542','4525',1,'17.500000','fixed'),('145543','4526',0,'35.000000','fixed'),('145544','4526',1,'35.000000','fixed'),('145545','4527',0,'45.000000','fixed'),('145546','4527',1,'45.000000','fixed'),('145547','4528',0,'42.000000','fixed'),('145548','4528',1,'42.000000','fixed'),('145549','4529',0,'58.000000','fixed'),('145550','4529',1,'58.000000','fixed'),('145551','4530',0,'35.000000','fixed'),('145552','4530',1,'35.000000','fixed'),('145553','4531',0,'40.000000','fixed'),('145554','4531',1,'40.000000','fixed'),('145555','4532',0,'84.000000','fixed'),('145556','4532',1,'84.000000','fixed'),('145557','4533',0,'21.000000','fixed'),('145558','4533',1,'21.000000','fixed'),('145559','4534',0,'46.000000','fixed'),('145560','4534',1,'46.000000','fixed'),('145561','4535',0,'20.700000','fixed'),('145562','4535',1,'20.700000','fixed'),('145563','4536',0,'50.140000','fixed'),('145564','4536',1,'50.140000','fixed'),('145565','4537',0,'0.000000','fixed'),('145566','4537',1,'0.000000','fixed'),('145567','4538',0,'15.500000','fixed'),('145568','4538',1,'15.500000','fixed'),('145569','4539',0,'13.500000','fixed'),('145570','4539',1,'13.500000','fixed'),('145571','4540',0,'9.000000','fixed'),('145572','4540',1,'9.000000','fixed'),('145573','4541',0,'21.000000','fixed'),('145574','4541',1,'20.700000','fixed'),('145575','5955',0,'30.000000','fixed'),('145576','5955',1,'30.000000','fixed'),('146734','5046',0,'0.000000','fixed'),('146735','5046',1,'0.000000','fixed'),('146737','5034',0,'0.000000','fixed'),('146738','5034',1,'0.000000','fixed'),('146739','6335',0,'64.260000','fixed'),('146740','6335',1,'64.260000','fixed'),('147668','5943',0,'0.300000','fixed'),('153894','3120',0,'58.000000','fixed'),('153895','3120',1,'58.000000','fixed'),('153896','3121',0,'68.000000','fixed'),('153897','3121',1,'68.000000','fixed'),('153898','3122',0,'40.000000','fixed'),('153899','3122',1,'40.000000','fixed'),('153900','6003',0,'30.000000','fixed'),('153901','6003',1,'30.000000','fixed'),('154470','3874',0,'0.000000','fixed'),('154471','3874',1,'0.000000','fixed'),('154472','3875',0,'0.000000','fixed'),('154473','3875',1,'0.000000','fixed'),('154474','3876',0,'42.000000','fixed'),('154475','3876',1,'42.000000','fixed'),('154476','3877',0,'36.000000','fixed'),('154477','3877',1,'36.000000','fixed'),('154478','3878',0,'45.000000','fixed'),('154479','3878',1,'45.000000','fixed'),('154480','3879',0,'65.000000','fixed'),('154481','3879',1,'65.000000','fixed'),('154482','3880',0,'85.000000','fixed'),('154483','3880',1,'85.000000','fixed'),('154484','3908',0,'120.000000','fixed'),('154485','3908',1,'120.000000','fixed'),('154486','3909',0,'160.000000','fixed'),('154487','3909',1,'160.000000','fixed'),('154488','3910',0,'190.000000','fixed'),('154489','3910',1,'190.000000','fixed'),('154490','3911',0,'300.000000','fixed'),('154491','3911',1,'300.000000','fixed'),('154500','3860',0,'25.000000','fixed'),('154501','3860',1,'25.000000','fixed'),('154502','3861',0,'35.000000','fixed'),('154503','3861',1,'35.000000','fixed'),('154504','3862',0,'50.000000','fixed'),('154505','3862',1,'50.000000','fixed'),('154506','3863',0,'70.000000','fixed'),('154507','3863',1,'70.000000','fixed'),('154510','5919',0,'0.000000','fixed'),('154511','5919',1,'0.000000','fixed'),('154512','2920',0,'320.000000','fixed'),('154513','2920',1,'320.000000','fixed'),('154514','2921',0,'350.000000','fixed'),('154515','2921',1,'350.000000','fixed'),('154516','2922',0,'440.000000','fixed'),('154517','2922',1,'440.000000','fixed'),('154518','2923',0,'540.000000','fixed'),('154519','2923',1,'540.000000','fixed'),('154520','5996',0,'30.000000','fixed'),('154521','5996',1,'30.000000','fixed'),('154522','609',0,'132.000000','fixed'),('154523','609',1,'132.000000','fixed'),('154524','608',0,'148.000000','fixed'),('154525','608',1,'148.000000','fixed'),('154526','610',0,'165.000000','fixed'),('154527','610',1,'165.000000','fixed'),('154528','249',0,'215.000000','fixed'),('154529','249',1,'215.000000','fixed'),('154530','611',0,'260.000000','fixed'),('154531','611',1,'260.000000','fixed'),('154532','5973',0,'30.000000','fixed'),('154533','5973',1,'30.000000','fixed'),('154534','5042',0,'0.000000','fixed'),('154535','5042',1,'0.000000','fixed'),('154536','3983',0,'24.000000','fixed'),('154537','3983',1,'24.000000','fixed'),('154538','3984',0,'48.000000','fixed'),('154539','3984',1,'48.000000','fixed'),('154540','3985',0,'96.000000','fixed'),('154541','3985',1,'96.000000','fixed'),('154542','6206',0,'0.000000','fixed'),('154543','6207',0,'0.000000','fixed'),('154544','6208',0,'69.000000','fixed'),('154545','6209',0,'101.000000','fixed'),('154546','6210',0,'144.000000','fixed'),('154547','6211',0,'62.000000','fixed'),('154548','6212',0,'91.000000','fixed'),('154549','6213',0,'129.000000','fixed'),('154550','6214',0,'46.000000','fixed'),('154551','6215',0,'52.900000','fixed'),('154552','6216',0,'64.400000','fixed'),('154553','6217',0,'0.000000','fixed'),('154554','6218',0,'32.000000','fixed'),('154555','6219',0,'17.500000','fixed'),('154556','6220',0,'35.000000','fixed'),('154557','6221',0,'45.000000','fixed'),('154558','6227',0,'0.000000','fixed'),('154559','6222',0,'15.500000','fixed'),('154560','6223',0,'12.000000','fixed'),('154561','6224',0,'19.000000','fixed'),('154562','6225',0,'26.000000','fixed'),('154563','6226',0,'30.000000','fixed'),('155450','3834',0,'25.000000','fixed'),('155451','3834',1,'25.000000','fixed'),('155452','3835',0,'35.000000','fixed'),('155453','3835',1,'35.000000','fixed'),('155454','3836',0,'60.000000','fixed'),('155455','3836',1,'60.000000','fixed'),('155456','3837',0,'125.000000','fixed'),('155457','3837',1,'125.000000','fixed'),('157473','2026',0,'40.500000','fixed'),('157474','2026',1,'40.500000','fixed'),('157475','2027',0,'48.000000','fixed'),('157476','2027',1,'48.000000','fixed'),('157477','2028',0,'64.800000','fixed'),('157478','2028',1,'64.800000','fixed'),('157479','2029',0,'108.000000','fixed'),('157480','2029',1,'108.000000','fixed'),('157481','2030',0,'162.000000','fixed'),('157482','2030',1,'162.000000','fixed'),('157483','654',0,'0.000000','fixed'),('157484','654',1,'0.000000','fixed'),('157485','655',0,'0.000000','fixed'),('157486','655',1,'0.000000','fixed'),('157487','656',0,'0.000000','fixed'),('157488','656',1,'0.000000','fixed'),('157489','5082',0,'13.500000','fixed'),('157490','5082',1,'13.500000','fixed'),('157491','5083',0,'16.000000','fixed'),('157492','5083',1,'16.000000','fixed'),('157493','5084',0,'21.600000','fixed'),('157494','5084',1,'21.600000','fixed'),('157495','5085',0,'36.000000','fixed'),('157496','5085',1,'36.000000','fixed'),('157497','5086',0,'54.000000','fixed'),('157498','5086',1,'54.000000','fixed'),('157499','5946',0,'30.000000','fixed'),('157500','5946',1,'30.000000','fixed'),('157501','2041',0,'45.900000','fixed'),('157502','2041',1,'45.900000','fixed'),('157503','2042',0,'54.400000','fixed'),('157504','2042',1,'54.400000','fixed'),('157505','2043',0,'73.440000','fixed'),('157506','2043',1,'73.440000','fixed'),('157507','2044',0,'122.400000','fixed'),('157508','2044',1,'122.400000','fixed'),('157509','2045',0,'183.600000','fixed'),('157510','2045',1,'183.600000','fixed'),('157511','2046',0,'0.000000','fixed'),('157512','2046',1,'0.000000','fixed'),('157513','2047',0,'0.000000','fixed'),('157514','2047',1,'0.000000','fixed'),('157515','2048',0,'0.000000','fixed'),('157516','2048',1,'0.000000','fixed'),('157517','5121',0,'13.500000','fixed'),('157518','5121',1,'13.500000','fixed'),('157519','5122',0,'16.000000','fixed'),('157520','5122',1,'16.000000','fixed'),('157521','5123',0,'21.600000','fixed'),('157522','5123',1,'21.600000','fixed'),('157523','5124',0,'36.000000','fixed'),('157524','5124',1,'36.000000','fixed'),('157525','5125',0,'54.000000','fixed'),('157526','5125',1,'54.000000','fixed'),('157527','5950',0,'30.000000','fixed'),('157528','5950',1,'30.000000','fixed'),('157529','4048',0,'0.000000','fixed'),('157530','4048',1,'0.000000','fixed'),('157531','4049',0,'0.000000','fixed'),('157532','4049',1,'0.000000','fixed'),('157533','4050',0,'0.000000','fixed'),('157534','4050',1,'0.000000','fixed'),('157535','4042',0,'48.600000','fixed'),('157536','4042',1,'48.600000','fixed'),('157537','4043',0,'67.500000','fixed'),('157538','4043',1,'67.500000','fixed'),('157539','4044',0,'58.320000','fixed'),('157540','4044',1,'58.320000','fixed'),('157541','4045',0,'81.000000','fixed'),('157542','4045',1,'81.000000','fixed'),('157543','4046',0,'55.080000','fixed'),('157544','4046',1,'55.080000','fixed'),('157545','4047',0,'76.500000','fixed'),('157546','4047',1,'76.500000','fixed'),('157547','5952',0,'30.000000','fixed'),('157548','5952',1,'30.000000','fixed'),('157549','2031',0,'48.600000','fixed'),('157550','2031',1,'48.600000','fixed'),('157551','2032',0,'57.600000','fixed'),('157552','2032',1,'57.600000','fixed'),('157553','2033',0,'77.760000','fixed'),('157554','2033',1,'77.760000','fixed'),('157555','2034',0,'129.600000','fixed'),('157556','2034',1,'129.600000','fixed'),('157557','2035',0,'194.400000','fixed'),('157558','2035',1,'194.400000','fixed'),('157559','2036',0,'0.000000','fixed'),('157560','2036',1,'0.000000','fixed'),('157561','2037',0,'0.000000','fixed'),('157562','2037',1,'0.000000','fixed'),('157563','2038',0,'0.000000','fixed'),('157564','2038',1,'0.000000','fixed'),('157565','5116',0,'13.500000','fixed'),('157566','5116',1,'13.500000','fixed'),('157567','5117',0,'16.000000','fixed'),('157568','5117',1,'16.000000','fixed'),('157569','5118',0,'21.600000','fixed'),('157570','5118',1,'21.600000','fixed'),('157571','5119',0,'36.000000','fixed'),('157572','5119',1,'36.000000','fixed'),('157573','5120',0,'54.000000','fixed'),('157574','5120',1,'54.000000','fixed'),('157575','5949',0,'30.000000','fixed'),('157576','5949',1,'30.000000','fixed'),('157577','2051',0,'54.000000','fixed'),('157578','2051',1,'54.000000','fixed'),('157579','2052',0,'64.000000','fixed'),('157580','2052',1,'64.000000','fixed'),('157581','2053',0,'86.400000','fixed'),('157582','2053',1,'86.400000','fixed'),('157583','2054',0,'144.000000','fixed'),('157584','2054',1,'144.000000','fixed'),('157585','2055',0,'216.000000','fixed'),('157586','2055',1,'216.000000','fixed'),('157587','2056',0,'0.000000','fixed'),('157588','2056',1,'0.000000','fixed'),('157589','2057',0,'0.000000','fixed'),('157590','2057',1,'0.000000','fixed'),('157591','2058',0,'0.000000','fixed'),('157592','2058',1,'0.000000','fixed'),('157593','5126',0,'13.500000','fixed'),('157594','5126',1,'13.500000','fixed'),('157595','5127',0,'16.000000','fixed'),('157596','5127',1,'16.000000','fixed'),('157597','5128',0,'21.600000','fixed'),('157598','5128',1,'21.600000','fixed'),('157599','5129',0,'36.000000','fixed'),('157600','5129',1,'36.000000','fixed'),('157601','5130',0,'54.000000','fixed'),('157602','5130',1,'54.000000','fixed'),('157603','5951',0,'30.000000','fixed'),('157604','5951',1,'30.000000','fixed'),('157711','6161',0,'0.000000','fixed'),('157712','6161',1,'0.000000','fixed'),('157713','6162',0,'0.000000','fixed'),('157714','6162',1,'0.000000','fixed'),('157715','6163',0,'0.000000','fixed'),('157716','6163',1,'0.000000','fixed'),('157717','6164',0,'0.000000','fixed'),('157718','6164',1,'0.000000','fixed'),('157719','6165',0,'0.000000','fixed'),('157720','6165',1,'0.000000','fixed'),('157721','6166',0,'21.000000','fixed'),('157722','6166',1,'21.000000','fixed'),('157723','6167',0,'37.000000','fixed'),('157724','6167',1,'37.000000','fixed'),('157725','6168',0,'59.000000','fixed'),('157726','6168',1,'59.000000','fixed'),('157727','6169',0,'85.500000','fixed'),('157728','6169',1,'85.500000','fixed'),('157729','6170',0,'25.500000','fixed'),('157730','6170',1,'25.500000','fixed'),('157731','6171',0,'42.500000','fixed'),('157732','6171',1,'42.500000','fixed'),('157733','6172',0,'65.500000','fixed'),('157734','6172',1,'65.500000','fixed'),('157735','6173',0,'95.500000','fixed'),('157736','6173',1,'95.500000','fixed'),('157737','6174',0,'30.500000','fixed'),('157738','6174',1,'30.500000','fixed'),('157739','6175',0,'49.500000','fixed'),('157740','6175',1,'49.500000','fixed'),('157741','6176',0,'74.000000','fixed'),('157742','6176',1,'74.000000','fixed'),('157743','6177',0,'104.500000','fixed'),('157744','6177',1,'104.500000','fixed'),('157745','6178',0,'19.000000','fixed'),('157746','6178',1,'19.000000','fixed'),('157747','6179',0,'33.000000','fixed'),('157748','6179',1,'33.000000','fixed'),('157749','6180',0,'53.000000','fixed'),('157750','6180',1,'53.000000','fixed'),('157751','6181',0,'77.000000','fixed'),('157752','6181',1,'77.000000','fixed'),('157753','6182',0,'23.000000','fixed'),('157754','6182',1,'23.000000','fixed'),('157755','6183',0,'38.000000','fixed'),('157756','6183',1,'38.000000','fixed'),('157757','6184',0,'59.000000','fixed'),('157758','6184',1,'59.000000','fixed'),('157759','6185',0,'86.000000','fixed'),('157760','6185',1,'86.000000','fixed'),('157761','6186',0,'27.500000','fixed'),('157762','6186',1,'27.500000','fixed'),('157763','6187',0,'44.500000','fixed'),('157764','6187',1,'44.500000','fixed'),('157765','6188',0,'66.500000','fixed'),('157766','6188',1,'66.500000','fixed'),('157767','6189',0,'94.000000','fixed'),('157768','6189',1,'94.000000','fixed'),('157769','6190',0,'27.600000','fixed'),('157770','6190',1,'27.600000','fixed'),('157771','6191',0,'32.200000','fixed'),('157772','6191',1,'32.200000','fixed'),('157773','6192',0,'41.400000','fixed'),('157774','6192',1,'41.400000','fixed'),('157775','6193',0,'50.600000','fixed'),('157776','6193',1,'50.600000','fixed'),('157777','6194',0,'0.000000','fixed'),('157778','6194',1,'0.000000','fixed'),('157779','6195',0,'32.000000','fixed'),('157780','6195',1,'32.000000','fixed'),('157781','6196',0,'17.500000','fixed'),('157782','6196',1,'17.500000','fixed'),('157783','6197',0,'35.000000','fixed'),('157784','6197',1,'35.000000','fixed'),('157785','6198',0,'45.000000','fixed'),('157786','6198',1,'45.000000','fixed'),('157787','6199',0,'0.000000','fixed'),('157788','6199',1,'0.000000','fixed'),('157789','6200',0,'15.500000','fixed'),('157790','6200',1,'15.500000','fixed'),('157791','6201',0,'10.000000','fixed'),('157792','6201',1,'10.000000','fixed'),('157793','6202',0,'18.000000','fixed'),('157794','6202',1,'18.000000','fixed'),('157795','6203',0,'29.000000','fixed'),('157796','6203',1,'29.000000','fixed'),('157797','6204',0,'36.000000','fixed'),('157798','6204',1,'36.000000','fixed'),('157799','6205',0,'30.000000','fixed'),('157800','6205',1,'30.000000','fixed'),('157801','6282',0,'0.000000','fixed'),('157802','6283',0,'0.000000','fixed'),('157803','6284',0,'60.000000','fixed'),('157804','6285',0,'97.000000','fixed'),('157805','6286',0,'166.500000','fixed'),('157806','6287',0,'50.000000','fixed'),('157807','6288',0,'90.000000','fixed'),('157808','6289',0,'140.000000','fixed'),('157809','6290',0,'27.600000','fixed'),('157810','6291',0,'32.200000','fixed'),('157811','6292',0,'41.400000','fixed'),('157812','6293',0,'0.000000','fixed'),('157813','6294',0,'32.000000','fixed'),('157814','6295',0,'17.500000','fixed'),('157815','6296',0,'35.000000','fixed'),('157816','6297',0,'45.000000','fixed'),('157817','6298',0,'0.000000','fixed'),('157818','6299',0,'15.500000','fixed'),('157819','6300',0,'20.000000','fixed'),('157820','6301',0,'30.000000','fixed'),('157821','6302',0,'52.000000','fixed'),('157822','6303',0,'20.000000','fixed'),('157823','6304',0,'36.000000','fixed'),('157824','6305',0,'58.000000','fixed'),('157825','6306',0,'30.000000','fixed'),('157826','6307',0,'32.000000','fixed'),('157827','6307',1,'32.000000','fixed'),('157828','6308',0,'40.000000','fixed'),('157829','6308',1,'40.000000','fixed'),('157830','6309',0,'17.500000','fixed'),('157831','6309',1,'17.500000','fixed'),('157832','6310',0,'35.000000','fixed'),('157833','6310',1,'35.000000','fixed'),('157834','6311',0,'45.000000','fixed'),('157835','6311',1,'45.000000','fixed'),('157836','6312',0,'42.000000','fixed'),('157837','6312',1,'42.000000','fixed'),('157838','6313',0,'58.000000','fixed'),('157839','6313',1,'58.000000','fixed'),('157840','6314',0,'35.000000','fixed'),('157841','6314',1,'35.000000','fixed'),('157842','6315',0,'40.000000','fixed'),('157843','6315',1,'40.000000','fixed'),('157844','6316',0,'84.000000','fixed'),('157845','6316',1,'84.000000','fixed'),('157846','6317',0,'21.000000','fixed'),('157847','6317',1,'21.000000','fixed'),('157848','6318',0,'46.000000','fixed'),('157849','6318',1,'46.000000','fixed'),('157850','6319',0,'50.140000','fixed'),('157851','6319',1,'50.140000','fixed'),('157852','6320',0,'13.500000','fixed'),('157853','6320',1,'13.500000','fixed'),('157854','6321',0,'15.500000','fixed'),('157855','6321',1,'15.500000','fixed'),('157856','6322',0,'9.000000','fixed'),('157857','6322',1,'9.000000','fixed'),('157858','6323',0,'21.000000','fixed'),('157859','6323',1,'21.000000','fixed'),('157860','6324',0,'0.000000','fixed'),('157861','6325',0,'0.000000','fixed'),('157862','6326',0,'27.600000','fixed'),('157863','6327',0,'32.200000','fixed'),('157864','6328',0,'41.400000','fixed'),('157865','6329',0,'50.600000','fixed'),('157866','6330',0,'57.500000','fixed'),('157867','6331',0,'46.000000','fixed'),('157868','6332',0,'52.900000','fixed'),('157869','6333',0,'64.400000','fixed'),('157870','6228',0,'0.000000','fixed'),('157871','6229',0,'0.000000','fixed'),('157872','6230',0,'0.000000','fixed'),('157873','6231',0,'0.000000','fixed'),('157874','6232',0,'0.000000','fixed'),('157875','6233',0,'34.000000','fixed'),('157876','6234',0,'52.500000','fixed'),('157877','6235',0,'91.500000','fixed'),('157878','6236',0,'125.500000','fixed'),('157879','6237',0,'146.500000','fixed'),('157880','6238',0,'38.500000','fixed'),('157881','6239',0,'58.500000','fixed'),('157882','6240',0,'101.000000','fixed'),('157883','6241',0,'139.000000','fixed'),('157884','6242',0,'162.000000','fixed'),('157885','6243',0,'36.000000','fixed'),('157886','6244',0,'50.000000','fixed'),('157887','6245',0,'77.000000','fixed'),('157888','6246',0,'112.500000','fixed'),('157889','6247',0,'42.500000','fixed'),('157890','6248',0,'59.000000','fixed'),('157891','6249',0,'90.500000','fixed'),('157892','6250',0,'132.500000','fixed'),('157893','6251',0,'40.500000','fixed'),('157894','6252',0,'59.500000','fixed'),('157895','6253',0,'85.000000','fixed'),('157896','6254',0,'27.600000','fixed'),('157897','6255',0,'32.200000','fixed'),('157898','6256',0,'41.400000','fixed'),('157899','6257',0,'50.600000','fixed'),('157900','6258',0,'57.500000','fixed'),('157901','6259',0,'46.000000','fixed'),('157902','6260',0,'52.900000','fixed'),('157903','6261',0,'64.400000','fixed'),('157904','6262',0,'0.000000','fixed'),('157905','6263',0,'32.000000','fixed'),('157906','6264',0,'17.500000','fixed'),('157907','6265',0,'35.000000','fixed'),('157908','6266',0,'45.000000','fixed'),('157909','6267',0,'0.000000','fixed'),('157910','6268',0,'15.500000','fixed'),('157911','6269',0,'10.000000','fixed'),('157912','6270',0,'15.000000','fixed'),('157913','6271',0,'26.000000','fixed'),('157914','6272',0,'36.000000','fixed'),('157915','6273',0,'43.000000','fixed'),('157916','6274',0,'10.000000','fixed'),('157917','6275',0,'18.000000','fixed'),('157918','6276',0,'29.000000','fixed'),('157919','6277',0,'36.000000','fixed'),('157920','6278',0,'12.000000','fixed'),('157921','6279',0,'19.000000','fixed'),('157922','6280',0,'26.000000','fixed'),('157923','6281',0,'30.000000','fixed'),('157924','340',0,'1.640000','fixed'),('157925','340',1,'1.640000','fixed'),('157926','798',0,'2.840000','fixed'),('157927','798',1,'2.840000','fixed'),('157928','799',0,'5.900000','fixed'),('157929','799',1,'5.900000','fixed'),('157930','800',0,'10.140000','fixed'),('157931','800',1,'10.140000','fixed'),('157932','5954',0,'30.000000','fixed'),('157933','5954',1,'30.000000','fixed'),('157934','802',0,'2.580000','fixed'),('157935','802',1,'2.580000','fixed'),('157936','803',0,'9.160000','fixed'),('157937','803',1,'9.160000','fixed'),('157938','804',0,'19.960000','fixed'),('157939','804',1,'19.960000','fixed'),('157940','811',0,'25.720000','fixed'),('157941','811',1,'25.720000','fixed'),('157942','5958',0,'30.000000','fixed'),('157943','5958',1,'30.000000','fixed'),('157944','2474',0,'0.000000','fixed'),('157945','2474',1,'0.000000','fixed'),('157946','2475',0,'0.000000','fixed'),('157947','2475',1,'0.000000','fixed'),('157948','2467',0,'4.440000','fixed'),('157949','2467',1,'4.440000','fixed'),('157950','2468',0,'4.600000','fixed'),('157951','2468',1,'4.600000','fixed'),('157952','2469',0,'6.740000','fixed'),('157953','2469',1,'6.740000','fixed'),('157954','2470',0,'7.050000','fixed'),('157955','2470',1,'7.050000','fixed'),('157956','5959',0,'30.000000','fixed'),('157957','5959',1,'30.000000','fixed'),('157958','5223',0,'0.000000','fixed'),('157959','5223',1,'0.000000','fixed'),('157960','5222',0,'0.000000','fixed'),('157961','5222',1,'0.000000','fixed'),('157962','5221',0,'0.000000','fixed'),('157963','5221',1,'0.000000','fixed'),('157964','5220',0,'0.000000','fixed'),('157965','5220',1,'0.000000','fixed'),('157966','5224',0,'0.000000','fixed'),('157967','5224',1,'0.000000','fixed'),('157968','3826',0,'0.000000','fixed'),('157969','3826',1,'0.000000','fixed'),('157970','3827',0,'0.000000','fixed'),('157971','3827',1,'0.000000','fixed'),('157972','3828',0,'32.000000','fixed'),('157973','3828',1,'32.000000','fixed'),('157974','3829',0,'42.000000','fixed'),('157975','3829',1,'42.000000','fixed'),('157976','3830',0,'160.000000','fixed'),('157977','3830',1,'160.000000','fixed'),('157978','3831',0,'36.000000','fixed'),('157979','3831',1,'36.000000','fixed'),('157980','3832',0,'45.000000','fixed'),('157981','3832',1,'45.000000','fixed'),('157982','3833',0,'75.000000','fixed'),('157983','3833',1,'75.000000','fixed'),('157984','3840',0,'35.000000','fixed'),('157985','3840',1,'35.000000','fixed'),('157986','3841',0,'50.000000','fixed'),('157987','3841',1,'50.000000','fixed'),('157988','3842',0,'70.000000','fixed'),('157989','3842',1,'70.000000','fixed'),('157990','5915',0,'120.000000','fixed'),('157991','5915',1,'120.000000','fixed'),('157992','5916',0,'160.000000','fixed'),('157993','5916',1,'160.000000','fixed'),('157994','5917',0,'190.000000','fixed'),('157995','5917',1,'190.000000','fixed'),('157996','3846',0,'0.000000','fixed'),('157997','3846',1,'0.000000','fixed'),('157998','3847',0,'0.000000','fixed'),('157999','3847',1,'0.000000','fixed'),('158000','3848',0,'25.000000','fixed'),('158001','3848',1,'25.000000','fixed'),('158002','3849',0,'38.000000','fixed'),('158003','3849',1,'38.000000','fixed'),('158004','3850',0,'30.000000','fixed'),('158005','3850',1,'30.000000','fixed'),('158006','3851',0,'55.000000','fixed'),('158007','3851',1,'55.000000','fixed'),('158008','3852',0,'60.000000','fixed'),('158009','3852',1,'60.000000','fixed'),('158010','3853',0,'75.000000','fixed'),('158011','3853',1,'75.000000','fixed'),('158012','1469',0,'0.000000','fixed'),('158013','1469',1,'0.000000','fixed'),('158014','1470',0,'0.000000','fixed'),('158015','1470',1,'0.000000','fixed'),('158016','1477',0,'20.000000','fixed'),('158017','1477',1,'20.000000','fixed'),('158018','1478',0,'28.000000','fixed'),('158019','1478',1,'28.000000','fixed'),('158020','1471',0,'22.000000','fixed'),('158021','1471',1,'22.000000','fixed'),('158022','1472',0,'38.000000','fixed'),('158023','1472',1,'38.000000','fixed'),('158024','1475',0,'55.000000','fixed'),('158025','1475',1,'55.000000','fixed'),('158026','1474',0,'30.000000','fixed'),('158027','1474',1,'30.000000','fixed'),('158028','1473',0,'60.000000','fixed'),('158029','1473',1,'60.000000','fixed'),('158030','1476',0,'75.000000','fixed'),('158031','1476',1,'75.000000','fixed'),('158032','1479',0,'110.000000','fixed'),('158033','1479',1,'110.000000','fixed'),('158034','1461',0,'0.000000','fixed'),('158035','1461',1,'0.000000','fixed'),('158036','1462',0,'0.000000','fixed'),('158037','1462',1,'0.000000','fixed'),('158038','1463',0,'22.000000','fixed'),('158039','1463',1,'22.000000','fixed'),('158040','1464',0,'35.000000','fixed'),('158041','1464',1,'35.000000','fixed'),('158042','1467',0,'50.000000','fixed'),('158043','1467',1,'50.000000','fixed'),('158044','1466',0,'28.000000','fixed'),('158045','1466',1,'28.000000','fixed'),('158046','1465',0,'55.000000','fixed'),('158047','1465',1,'55.000000','fixed'),('158048','1468',0,'70.000000','fixed'),('158049','1468',1,'70.000000','fixed'),('158050','3854',0,'50.000000','fixed'),('158051','3854',1,'50.000000','fixed'),('158052','3855',0,'70.000000','fixed'),('158053','3855',1,'70.000000','fixed'),('158054','5043',0,'0.000000','fixed'),('158055','5043',1,'0.000000','fixed'),('158056','5921',0,'65.000000','fixed'),('158057','5921',1,'65.000000','fixed'),('158058','5922',0,'75.000000','fixed'),('158059','5922',1,'75.000000','fixed'),('158060','5041',0,'0.000000','fixed'),('158061','5041',1,'0.000000','fixed'),('158062','1453',0,'0.000000','fixed'),('158063','1453',1,'0.000000','fixed'),('158064','1454',0,'0.000000','fixed'),('158065','1454',1,'0.000000','fixed'),('158066','1455',0,'25.000000','fixed'),('158067','1455',1,'25.000000','fixed'),('158068','1456',0,'22.000000','fixed'),('158069','1456',1,'22.000000','fixed'),('158070','1459',0,'35.000000','fixed'),('158071','1459',1,'35.000000','fixed'),('158072','1457',0,'50.000000','fixed'),('158073','1457',1,'50.000000','fixed'),('158074','1460',0,'28.000000','fixed'),('158075','1460',1,'28.000000','fixed'),('158076','1458',0,'70.000000','fixed'),('158077','1458',1,'70.000000','fixed'),('158078','3856',0,'15.000000','fixed'),('158079','3856',1,'15.000000','fixed'),('158080','3857',0,'16.000000','fixed'),('158081','3857',1,'16.000000','fixed'),('158082','3858',0,'24.000000','fixed'),('158083','3858',1,'24.000000','fixed'),('158084','3859',0,'46.000000','fixed'),('158085','3859',1,'46.000000','fixed'),('158086','5918',0,'0.000000','fixed'),('158087','5918',1,'0.000000','fixed'),('158088','1444',0,'0.000000','fixed'),('158089','1444',1,'0.000000','fixed'),('158090','1445',0,'0.000000','fixed'),('158091','1445',1,'0.000000','fixed'),('158092','1446',0,'22.000000','fixed'),('158093','1446',1,'22.000000','fixed'),('158094','1447',0,'35.000000','fixed'),('158095','1447',1,'35.000000','fixed'),('158096','1448',0,'28.000000','fixed'),('158097','1448',1,'28.000000','fixed'),('158098','1449',0,'50.000000','fixed'),('158099','1449',1,'50.000000','fixed'),('158100','1450',0,'55.000000','fixed'),('158101','1450',1,'55.000000','fixed'),('158102','1451',0,'70.000000','fixed'),('158103','1451',1,'70.000000','fixed'),('158104','5040',0,'0.000000','fixed'),('158105','5040',1,'0.000000','fixed'),('158106','5047',0,'0.000000','fixed'),('158107','5047',1,'0.000000','fixed'),('158108','5923',0,'120.000000','fixed'),('158109','5923',1,'120.000000','fixed'),('158110','3864',0,'65.000000','fixed'),('158111','3864',1,'65.000000','fixed'),('158112','3865',0,'80.000000','fixed'),('158113','3865',1,'80.000000','fixed'),('158114','3866',0,'100.000000','fixed'),('158115','3866',1,'100.000000','fixed'),('158116','3867',0,'0.000000','fixed'),('158117','3867',1,'0.000000','fixed'),('158118','3868',0,'0.000000','fixed'),('158119','3868',1,'0.000000','fixed'),('158120','3869',0,'36.000000','fixed'),('158121','3869',1,'36.000000','fixed'),('158122','3870',0,'42.000000','fixed'),('158123','3870',1,'42.000000','fixed'),('158124','3871',0,'45.000000','fixed'),('158125','3871',1,'45.000000','fixed'),('158126','3872',0,'75.000000','fixed'),('158127','3872',1,'75.000000','fixed'),('158128','3873',0,'85.000000','fixed'),('158129','3873',1,'85.000000','fixed'),('158130','3881',0,'0.000000','fixed'),('158131','3881',1,'0.000000','fixed'),('158132','3882',0,'0.000000','fixed'),('158133','3882',1,'0.000000','fixed'),('158134','3883',0,'40.000000','fixed'),('158135','3883',1,'40.000000','fixed'),('158136','3884',0,'65.000000','fixed'),('158137','3884',1,'65.000000','fixed'),('158138','3885',0,'48.000000','fixed'),('158139','3885',1,'48.000000','fixed'),('158140','3886',0,'80.000000','fixed'),('158141','3886',1,'80.000000','fixed'),('158142','3887',0,'85.000000','fixed'),('158143','3887',1,'85.000000','fixed'),('158144','6338',0,'125.000000','fixed'),('158145','6338',1,'125.000000','fixed'),('158146','5570',0,'0.000000','fixed'),('158147','5572',0,'0.000000','fixed'),('158148','5573',0,'0.000000','fixed'),('158149','5578',0,'0.000000','fixed'),('158150','5588',0,'0.000000','fixed'),('158151','5606',0,'0.000000','fixed'),('158152','5614',0,'0.000000','fixed'),('158153','5617',0,'0.000000','fixed'),('158154','5623',0,'0.000000','fixed'),('158155','5627',0,'0.000000','fixed'),('158156','5629',0,'0.000000','fixed'),('158157','5632',0,'0.000000','fixed'),('158158','5653',0,'0.000000','fixed'),('158159','5657',0,'0.000000','fixed'),('158160','5665',0,'0.000000','fixed'),('158161','5681',0,'0.000000','fixed'),('158162','5688',0,'0.000000','fixed'),('158163','5704',0,'110.000000','fixed'),('158164','5705',0,'41.000000','fixed'),('158165','5713',0,'41.000000','fixed'),('158166','5715',0,'55.000000','fixed'),('158167','5733',0,'41.000000','fixed'),('158168','5765',0,'25.000000','fixed'),('158169','5778',0,'25.000000','fixed'),('158170','5779',0,'60.000000','fixed'),('158171','5785',0,'45.000000','fixed'),('158172','5786',0,'75.000000','fixed'),('158173','5794',0,'48.000000','fixed'),('158174','5802',0,'75.000000','fixed'),('158175','5804',0,'36.000000','fixed'),('158176','5805',0,'75.000000','fixed'),('158177','5809',0,'25.000000','fixed'),('158178','5811',0,'30.000000','fixed'),('158179','5812',0,'60.000000','fixed'),('158180','5843',0,'40.000000','fixed'),('158181','5844',0,'48.000000','fixed'),('158182','5845',0,'85.000000','fixed'),('158183','5851',0,'28.000000','fixed'),('158184','5862',0,'40.000000','fixed'),('158185','5863',0,'48.000000','fixed'),('158186','5864',0,'85.000000','fixed'),('158187','5883',0,'40.000000','fixed'),('158188','5884',0,'48.000000','fixed'),('158189','5886',0,'85.000000','fixed'),('158190','5896',0,'40.000000','fixed'),('158191','5897',0,'48.000000','fixed'),('158192','5899',0,'85.000000','fixed'),('158193','5925',0,'95.000000','fixed'),('158194','5048',0,'0.000000','fixed'),('158195','5048',1,'0.000000','fixed'),('158196','3900',0,'0.000000','fixed'),('158197','3900',1,'0.000000','fixed'),('158198','3901',0,'0.000000','fixed'),('158199','3901',1,'0.000000','fixed');
INSERT INTO `catalog_product_option_type_price` VALUES ('158200','3902',0,'41.000000','fixed'),('158201','3902',1,'41.000000','fixed'),('158202','3903',0,'55.000000','fixed'),('158203','3903',1,'55.000000','fixed'),('158204','3904',0,'190.000000','fixed'),('158205','3904',1,'190.000000','fixed'),('158206','5225',0,'0.000000','fixed'),('158207','5226',0,'0.000000','fixed'),('158208','5227',0,'0.000000','fixed'),('158209','5228',0,'0.000000','fixed'),('158210','5229',0,'0.000000','fixed'),('158211','5230',0,'0.000000','fixed'),('158212','5231',0,'0.000000','fixed'),('158213','5232',0,'0.000000','fixed'),('158214','5233',0,'0.000000','fixed'),('158215','5234',0,'0.000000','fixed'),('158216','5235',0,'0.000000','fixed'),('158217','5236',0,'0.000000','fixed'),('158218','5237',0,'0.000000','fixed'),('158219','5238',0,'0.000000','fixed'),('158220','5239',0,'0.000000','fixed'),('158221','5240',0,'0.000000','fixed'),('158222','5241',0,'0.000000','fixed'),('158223','5242',0,'0.000000','fixed'),('158224','5243',0,'0.000000','fixed'),('158225','5244',0,'0.000000','fixed'),('158226','5245',0,'0.000000','fixed'),('158227','5246',0,'0.000000','fixed'),('158228','5247',0,'0.000000','fixed'),('158229','5248',0,'0.000000','fixed'),('158230','5249',0,'0.000000','fixed'),('158231','5250',0,'0.000000','fixed'),('158232','5251',0,'0.000000','fixed'),('158233','5252',0,'0.000000','fixed'),('158234','5253',0,'0.000000','fixed'),('158235','5254',0,'0.000000','fixed'),('158236','5255',0,'0.000000','fixed'),('158237','5256',0,'0.000000','fixed'),('158238','5257',0,'0.000000','fixed'),('158239','5258',0,'0.000000','fixed'),('158240','5259',0,'0.000000','fixed'),('158241','5260',0,'0.000000','fixed'),('158242','5261',0,'0.000000','fixed'),('158243','5262',0,'0.000000','fixed'),('158244','5263',0,'0.000000','fixed'),('158245','5264',0,'0.000000','fixed'),('158246','5265',0,'0.000000','fixed'),('158247','5266',0,'0.000000','fixed'),('158248','5267',0,'0.000000','fixed'),('158249','5268',0,'0.000000','fixed'),('158250','5351',0,'0.000000','fixed'),('158251','5269',0,'0.000000','fixed'),('158252','5270',0,'0.000000','fixed'),('158253','5271',0,'0.000000','fixed'),('158254','5272',0,'0.000000','fixed'),('158255','5273',0,'0.000000','fixed'),('158256','5274',0,'0.000000','fixed'),('158257','5275',0,'0.000000','fixed'),('158258','5276',0,'0.000000','fixed'),('158259','5277',0,'0.000000','fixed'),('158260','5278',0,'0.000000','fixed'),('158261','5279',0,'0.000000','fixed'),('158262','5280',0,'0.000000','fixed'),('158263','5281',0,'0.000000','fixed'),('158264','5282',0,'0.000000','fixed'),('158265','5283',0,'0.000000','fixed'),('158266','5284',0,'0.000000','fixed'),('158267','5285',0,'0.000000','fixed'),('158268','5286',0,'0.000000','fixed'),('158269','5287',0,'0.000000','fixed'),('158270','5288',0,'0.000000','fixed'),('158271','5289',0,'0.000000','fixed'),('158272','5290',0,'0.000000','fixed'),('158273','5291',0,'0.000000','fixed'),('158274','5292',0,'0.000000','fixed'),('158275','5352',0,'0.000000','fixed'),('158276','5293',0,'0.000000','fixed'),('158277','5294',0,'0.000000','fixed'),('158278','5295',0,'0.000000','fixed'),('158279','5296',0,'0.000000','fixed'),('158280','5297',0,'0.000000','fixed'),('158281','5298',0,'0.000000','fixed'),('158282','5299',0,'0.000000','fixed'),('158283','5300',0,'0.000000','fixed'),('158284','5301',0,'0.000000','fixed'),('158285','5302',0,'0.000000','fixed'),('158286','5303',0,'0.000000','fixed'),('158287','5304',0,'0.000000','fixed'),('158288','5305',0,'0.000000','fixed'),('158289','5306',0,'0.000000','fixed'),('158290','5307',0,'0.000000','fixed'),('158291','5308',0,'0.000000','fixed'),('158292','5309',0,'0.000000','fixed'),('158293','5310',0,'0.000000','fixed'),('158294','5311',0,'0.000000','fixed'),('158295','5312',0,'0.000000','fixed'),('158296','5313',0,'0.000000','fixed'),('158297','5314',0,'0.000000','fixed'),('158298','5315',0,'0.000000','fixed'),('158299','5316',0,'0.000000','fixed'),('158300','5317',0,'0.000000','fixed'),('158301','5318',0,'0.000000','fixed'),('158302','5319',0,'0.000000','fixed'),('158303','5320',0,'0.000000','fixed'),('158304','5321',0,'0.000000','fixed'),('158305','5322',0,'0.000000','fixed'),('158306','5323',0,'0.000000','fixed'),('158307','5324',0,'0.000000','fixed'),('158308','5325',0,'0.000000','fixed'),('158309','5326',0,'0.000000','fixed'),('158310','5327',0,'0.000000','fixed'),('158311','5328',0,'0.000000','fixed'),('158312','5329',0,'0.000000','fixed'),('158313','5330',0,'0.000000','fixed'),('158314','5331',0,'0.000000','fixed'),('158315','5332',0,'0.000000','fixed'),('158316','5333',0,'0.000000','fixed'),('158317','5334',0,'0.000000','fixed'),('158318','5335',0,'0.000000','fixed'),('158319','5336',0,'0.000000','fixed'),('158320','5337',0,'0.000000','fixed'),('158321','5338',0,'0.000000','fixed'),('158322','5339',0,'0.000000','fixed'),('158323','5340',0,'0.000000','fixed'),('158324','5341',0,'0.000000','fixed'),('158325','5342',0,'0.000000','fixed'),('158326','5343',0,'0.000000','fixed'),('158327','5344',0,'0.000000','fixed'),('158328','5345',0,'0.000000','fixed'),('158329','5346',0,'0.000000','fixed'),('158330','5347',0,'0.000000','fixed'),('158331','5348',0,'0.000000','fixed'),('158332','5349',0,'0.000000','fixed'),('158333','5350',0,'0.000000','fixed'),('158334','5354',0,'65.000000','fixed'),('158335','5355',0,'80.000000','fixed'),('158336','5356',0,'100.000000','fixed'),('158337','5357',0,'38.000000','fixed'),('158338','5358',0,'55.000000','fixed'),('158339','5361',0,'160.000000','fixed'),('158340','5362',0,'65.000000','fixed'),('158341','5363',0,'80.000000','fixed'),('158342','5364',0,'100.000000','fixed'),('158343','5365',0,'65.000000','fixed'),('158344','5366',0,'160.000000','fixed'),('158345','5367',0,'190.000000','fixed'),('158346','5369',0,'120.000000','fixed'),('158347','5371',0,'160.000000','fixed'),('158348','5372',0,'50.000000','fixed'),('158349','5373',0,'32.000000','fixed'),('158350','5374',0,'65.000000','fixed'),('158351','5375',0,'85.000000','fixed'),('158352','5376',0,'42.000000','fixed'),('158353','5377',0,'85.000000','fixed'),('158354','5378',0,'38.000000','fixed'),('158355','5379',0,'55.000000','fixed'),('158356','5380',0,'75.000000','fixed'),('158357','5381',0,'38.000000','fixed'),('158358','5382',0,'38.000000','fixed'),('158359','5383',0,'55.000000','fixed'),('158360','5384',0,'120.000000','fixed'),('158361','5385',0,'35.000000','fixed'),('158362','5386',0,'50.000000','fixed'),('158363','5387',0,'70.000000','fixed'),('158364','5389',0,'160.000000','fixed'),('158365','5390',0,'190.000000','fixed'),('158366','5391',0,'120.000000','fixed'),('158367','5392',0,'160.000000','fixed'),('158368','5393',0,'190.000000','fixed'),('158369','5394',0,'160.000000','fixed'),('158370','5395',0,'35.000000','fixed'),('158371','5396',0,'50.000000','fixed'),('158372','5397',0,'70.000000','fixed'),('158373','5398',0,'75.000000','fixed'),('158374','5399',0,'38.000000','fixed'),('158375','5400',0,'120.000000','fixed'),('158376','5401',0,'160.000000','fixed'),('158377','5402',0,'190.000000','fixed'),('158378','5403',0,'35.000000','fixed'),('158379','5404',0,'38.000000','fixed'),('158380','5405',0,'55.000000','fixed'),('158381','5406',0,'32.000000','fixed'),('158382','5407',0,'65.000000','fixed'),('158383','5408',0,'35.000000','fixed'),('158384','5409',0,'50.000000','fixed'),('158385','5410',0,'70.000000','fixed'),('158386','5411',0,'120.000000','fixed'),('158387','5412',0,'65.000000','fixed'),('158388','5413',0,'80.000000','fixed'),('158389','5414',0,'32.000000','fixed'),('158390','5415',0,'85.000000','fixed'),('158391','5416',0,'38.000000','fixed'),('158392','5417',0,'75.000000','fixed'),('158393','5418',0,'38.000000','fixed'),('158394','5419',0,'120.000000','fixed'),('158395','5421',0,'100.000000','fixed'),('158396','5422',0,'160.000000','fixed'),('158397','5423',0,'35.000000','fixed'),('158398','5424',0,'50.000000','fixed'),('158399','5425',0,'65.000000','fixed'),('158400','5426',0,'120.000000','fixed'),('158401','5427',0,'42.000000','fixed'),('158402','5428',0,'65.000000','fixed'),('158403','5429',0,'38.000000','fixed'),('158404','5430',0,'75.000000','fixed'),('158405','5431',0,'50.000000','fixed'),('158406','5432',0,'42.000000','fixed'),('158407','5435',0,'38.000000','fixed'),('158408','5436',0,'55.000000','fixed'),('158409','5437',0,'65.000000','fixed'),('158410','5438',0,'80.000000','fixed'),('158411','5439',0,'42.000000','fixed'),('158412','5442',0,'32.000000','fixed'),('158413','5443',0,'120.000000','fixed'),('158414','5444',0,'85.000000','fixed'),('158415','5445',0,'35.000000','fixed'),('158416','5446',0,'50.000000','fixed'),('158417','5447',0,'32.000000','fixed'),('158418','5448',0,'65.000000','fixed'),('158419','5450',0,'160.000000','fixed'),('158420','5451',0,'190.000000','fixed'),('158421','5452',0,'25.000000','fixed'),('158422','5453',0,'35.000000','fixed'),('158423','5454',0,'50.000000','fixed'),('158424','5455',0,'65.000000','fixed'),('158425','5456',0,'65.000000','fixed'),('158426','5458',0,'65.000000','fixed'),('158427','5461',0,'35.000000','fixed'),('158428','5462',0,'65.000000','fixed'),('158429','5463',0,'80.000000','fixed'),('158430','5465',0,'38.000000','fixed'),('158431','5468',0,'75.000000','fixed'),('158432','5469',0,'80.000000','fixed'),('158433','5470',0,'42.000000','fixed'),('158434','5471',0,'85.000000','fixed'),('158435','5472',0,'100.000000','fixed'),('158436','5473',0,'65.000000','fixed'),('158437','5474',0,'65.000000','fixed'),('158438','5475',0,'80.000000','fixed'),('158439','5476',0,'38.000000','fixed'),('158440','5477',0,'35.000000','fixed'),('158441','5478',0,'70.000000','fixed'),('158442','5479',0,'65.000000','fixed'),('158443','5480',0,'32.000000','fixed'),('158444','5481',0,'65.000000','fixed'),('158445','5482',0,'80.000000','fixed'),('158446','5483',0,'65.000000','fixed'),('158447','5484',0,'80.000000','fixed'),('158448','5485',0,'100.000000','fixed'),('158449','5486',0,'85.000000','fixed'),('158450','5487',0,'65.000000','fixed'),('158451','5488',0,'80.000000','fixed'),('158452','5489',0,'140.000000','fixed'),('158453','5490',0,'80.000000','fixed'),('158454','5491',0,'75.000000','fixed'),('158455','5492',0,'120.000000','fixed'),('158456','5493',0,'50.000000','fixed'),('158457','5494',0,'70.000000','fixed'),('158458','5495',0,'120.000000','fixed'),('158459','5496',0,'38.000000','fixed'),('158460','5497',0,'55.000000','fixed'),('158461','5501',0,'38.000000','fixed'),('158462','5502',0,'75.000000','fixed'),('158463','5503',0,'65.000000','fixed'),('158464','5504',0,'160.000000','fixed'),('158465','5505',0,'35.000000','fixed'),('158466','5507',0,'50.000000','fixed'),('158467','5508',0,'70.000000','fixed'),('158468','5509',0,'65.000000','fixed'),('158469','5510',0,'42.000000','fixed'),('158470','5511',0,'32.000000','fixed'),('158471','5512',0,'42.000000','fixed'),('158472','5513',0,'65.000000','fixed'),('158473','5514',0,'70.000000','fixed'),('158474','5515',0,'85.000000','fixed'),('158475','5516',0,'35.000000','fixed'),('158476','5520',0,'38.000000','fixed'),('158477','5521',0,'35.000000','fixed'),('158478','5522',0,'42.000000','fixed'),('158479','5523',0,'120.000000','fixed'),('158480','5524',0,'160.000000','fixed'),('158481','5525',0,'80.000000','fixed'),('158482','5526',0,'120.000000','fixed'),('158483','5527',0,'120.000000','fixed'),('158484','5528',0,'80.000000','fixed'),('158485','5529',0,'42.000000','fixed'),('158486','5530',0,'65.000000','fixed'),('158487','5531',0,'160.000000','fixed'),('158488','5532',0,'38.000000','fixed'),('158489','5533',0,'42.000000','fixed'),('158490','5534',0,'42.000000','fixed'),('158491','5535',0,'42.000000','fixed'),('158492','5536',0,'85.000000','fixed'),('158493','5537',0,'42.000000','fixed'),('158494','5540',0,'80.000000','fixed'),('158495','5542',0,'100.000000','fixed'),('158496','5543',0,'42.000000','fixed'),('158497','5544',0,'85.000000','fixed'),('158498','5545',0,'75.000000','fixed'),('158499','5546',0,'120.000000','fixed'),('158500','5547',0,'160.000000','fixed'),('158501','5548',0,'75.000000','fixed'),('158502','5549',0,'120.000000','fixed'),('158503','5550',0,'38.000000','fixed'),('158504','5553',0,'80.000000','fixed'),('158505','5555',0,'100.000000','fixed'),('158506','5556',0,'65.000000','fixed'),('158507','5557',0,'65.000000','fixed'),('158508','5558',0,'85.000000','fixed'),('158509','5559',0,'38.000000','fixed'),('158510','5560',0,'55.000000','fixed'),('158511','5561',0,'38.000000','fixed'),('158512','5562',0,'54.000000','fixed'),('158513','5563',0,'72.500000','fixed'),('158514','5564',0,'35.000000','fixed'),('158515','5565',0,'50.000000','fixed'),('158516','5566',0,'80.000000','fixed'),('158517','5567',0,'80.000000','fixed'),('158518','5568',0,'80.000000','fixed'),('158519','5569',0,'100.000000','fixed'),('158520','5038',0,'0.000000','fixed'),('158521','5038',1,'0.000000','fixed'),('158522','3905',0,'40.000000','fixed'),('158523','3905',1,'40.000000','fixed'),('158524','3906',0,'48.000000','fixed'),('158525','3906',1,'48.000000','fixed'),('158526','3907',0,'85.000000','fixed'),('158527','3907',1,'85.000000','fixed'),('158528','5052',0,'0.000000','fixed'),('158529','5052',1,'0.000000','fixed'),('158530','3974',0,'0.000000','fixed'),('158531','3974',1,'0.000000','fixed'),('158532','3975',0,'0.000000','fixed'),('158533','3975',1,'0.000000','fixed'),('158534','3915',0,'35.000000','fixed'),('158535','3915',1,'35.000000','fixed'),('158536','3916',0,'50.000000','fixed'),('158537','3916',1,'50.000000','fixed'),('158538','3917',0,'70.000000','fixed'),('158539','3917',1,'70.000000','fixed'),('158540','3973',0,'13.300000','fixed'),('158541','3973',1,'13.300000','fixed'),('158542','5039',0,'0.000000','fixed'),('158543','5039',1,'0.000000','fixed'),('158544','5049',0,'0.000000','fixed'),('158545','5049',1,'0.000000','fixed'),('158546','6336',0,'41.000000','fixed'),('158547','6336',1,'41.000000','fixed'),('158548','6337',0,'76.000000','fixed'),('158549','6337',1,'76.000000','fixed'),('158550','5033',0,'0.000000','fixed'),('158551','5033',1,'0.000000','fixed'),('158552','3484',0,'0.000000','fixed'),('158553','3484',1,'0.000000','fixed'),('158554','3485',0,'0.000000','fixed'),('158555','3485',1,'0.000000','fixed'),('158556','3486',0,'0.000000','fixed'),('158557','3486',1,'0.000000','fixed'),('158558','3487',0,'0.000000','fixed'),('158559','3487',1,'0.000000','fixed'),('158560','3488',0,'0.000000','fixed'),('158561','3488',1,'0.000000','fixed'),('158562','3489',0,'0.000000','fixed'),('158563','3489',1,'0.000000','fixed'),('158564','3490',0,'0.000000','fixed'),('158565','3490',1,'0.000000','fixed'),('158566','3491',0,'0.000000','fixed'),('158567','3491',1,'0.000000','fixed'),('158568','3492',0,'0.000000','fixed'),('158569','3492',1,'0.000000','fixed'),('158570','3493',0,'0.000000','fixed'),('158571','3493',1,'0.000000','fixed'),('158572','3494',0,'0.000000','fixed'),('158573','3494',1,'0.000000','fixed'),('158574','3495',0,'0.000000','fixed'),('158575','3495',1,'0.000000','fixed'),('158576','3496',0,'0.000000','fixed'),('158577','3496',1,'0.000000','fixed'),('158578','3497',0,'0.000000','fixed'),('158579','3497',1,'0.000000','fixed'),('158580','3498',0,'0.000000','fixed'),('158581','3498',1,'0.000000','fixed'),('158582','3499',0,'0.000000','fixed'),('158583','3499',1,'0.000000','fixed'),('158584','3500',0,'0.000000','fixed'),('158585','3500',1,'0.000000','fixed'),('158586','3501',0,'0.000000','fixed'),('158587','3501',1,'0.000000','fixed'),('158588','3502',0,'0.000000','fixed'),('158589','3502',1,'0.000000','fixed'),('158590','3503',0,'0.000000','fixed'),('158591','3503',1,'0.000000','fixed'),('158592','3504',0,'0.000000','fixed'),('158593','3504',1,'0.000000','fixed'),('158594','3505',0,'0.000000','fixed'),('158595','3505',1,'0.000000','fixed'),('158596','3506',0,'0.000000','fixed'),('158597','3506',1,'0.000000','fixed'),('158598','3507',0,'0.000000','fixed'),('158599','3507',1,'0.000000','fixed'),('158600','3508',0,'0.000000','fixed'),('158601','3508',1,'0.000000','fixed'),('158602','3509',0,'0.000000','fixed'),('158603','3509',1,'0.000000','fixed'),('158604','3510',0,'0.000000','fixed'),('158605','3510',1,'0.000000','fixed'),('158606','3511',0,'0.000000','fixed'),('158607','3511',1,'0.000000','fixed'),('158608','3512',0,'0.000000','fixed'),('158609','3512',1,'0.000000','fixed'),('158610','3513',0,'0.000000','fixed'),('158611','3513',1,'0.000000','fixed'),('158612','3514',0,'0.000000','fixed'),('158613','3514',1,'0.000000','fixed'),('158614','3515',0,'0.000000','fixed'),('158615','3515',1,'0.000000','fixed'),('158616','3516',0,'0.000000','fixed'),('158617','3516',1,'0.000000','fixed'),('158618','3517',0,'0.000000','fixed'),('158619','3517',1,'0.000000','fixed'),('158620','3518',0,'0.000000','fixed'),('158621','3518',1,'0.000000','fixed'),('158622','3519',0,'0.000000','fixed'),('158623','3519',1,'0.000000','fixed'),('158624','3520',0,'0.000000','fixed'),('158625','3520',1,'0.000000','fixed'),('158626','3521',0,'0.000000','fixed'),('158627','3521',1,'0.000000','fixed'),('158628','3522',0,'0.000000','fixed'),('158629','3522',1,'0.000000','fixed'),('158630','3523',0,'0.000000','fixed'),('158631','3523',1,'0.000000','fixed'),('158632','3524',0,'0.000000','fixed'),('158633','3524',1,'0.000000','fixed'),('158634','3525',0,'0.000000','fixed'),('158635','3525',1,'0.000000','fixed'),('158636','3526',0,'0.000000','fixed'),('158637','3526',1,'0.000000','fixed'),('158638','3527',0,'0.000000','fixed'),('158639','3527',1,'0.000000','fixed'),('158640','3528',0,'0.000000','fixed'),('158641','3528',1,'0.000000','fixed'),('158642','3838',0,'0.000000','fixed'),('158643','3838',1,'0.000000','fixed'),('158644','3529',0,'0.000000','fixed'),('158645','3529',1,'0.000000','fixed'),('158646','3530',0,'0.000000','fixed'),('158647','3530',1,'0.000000','fixed'),('158648','3531',0,'0.000000','fixed'),('158649','3531',1,'0.000000','fixed'),('158650','3532',0,'0.000000','fixed'),('158651','3532',1,'0.000000','fixed'),('158652','3533',0,'0.000000','fixed'),('158653','3533',1,'0.000000','fixed'),('158654','3534',0,'0.000000','fixed'),('158655','3534',1,'0.000000','fixed'),('158656','3535',0,'0.000000','fixed'),('158657','3535',1,'0.000000','fixed'),('158658','3536',0,'0.000000','fixed'),('158659','3536',1,'0.000000','fixed'),('158660','3537',0,'0.000000','fixed'),('158661','3537',1,'0.000000','fixed'),('158662','3538',0,'0.000000','fixed'),('158663','3538',1,'0.000000','fixed'),('158664','3539',0,'0.000000','fixed'),('158665','3539',1,'0.000000','fixed'),('158666','3540',0,'0.000000','fixed'),('158667','3540',1,'0.000000','fixed'),('158668','3541',0,'0.000000','fixed'),('158669','3541',1,'0.000000','fixed'),('158670','3542',0,'0.000000','fixed'),('158671','3542',1,'0.000000','fixed'),('158672','3543',0,'0.000000','fixed'),('158673','3543',1,'0.000000','fixed'),('158674','3544',0,'0.000000','fixed'),('158675','3544',1,'0.000000','fixed'),('158676','3545',0,'0.000000','fixed'),('158677','3545',1,'0.000000','fixed'),('158678','3546',0,'0.000000','fixed'),('158679','3546',1,'0.000000','fixed'),('158680','3547',0,'0.000000','fixed'),('158681','3547',1,'0.000000','fixed'),('158682','3548',0,'0.000000','fixed'),('158683','3548',1,'0.000000','fixed'),('158684','3549',0,'0.000000','fixed'),('158685','3549',1,'0.000000','fixed'),('158686','3550',0,'0.000000','fixed'),('158687','3550',1,'0.000000','fixed'),('158688','3551',0,'0.000000','fixed'),('158689','3551',1,'0.000000','fixed'),('158690','3839',0,'0.000000','fixed'),('158691','3839',1,'0.000000','fixed'),('158692','3552',0,'0.000000','fixed'),('158693','3552',1,'0.000000','fixed'),('158694','3553',0,'0.000000','fixed'),('158695','3553',1,'0.000000','fixed'),('158696','3554',0,'0.000000','fixed'),('158697','3554',1,'0.000000','fixed'),('158698','3555',0,'0.000000','fixed'),('158699','3555',1,'0.000000','fixed'),('158700','3556',0,'0.000000','fixed'),('158701','3556',1,'0.000000','fixed'),('158702','3557',0,'0.000000','fixed'),('158703','3557',1,'0.000000','fixed'),('158704','3558',0,'0.000000','fixed'),('158705','3558',1,'0.000000','fixed'),('158706','3559',0,'0.000000','fixed'),('158707','3559',1,'0.000000','fixed'),('158708','3560',0,'0.000000','fixed'),('158709','3560',1,'0.000000','fixed'),('158710','3561',0,'0.000000','fixed'),('158711','3561',1,'0.000000','fixed'),('158712','3562',0,'0.000000','fixed'),('158713','3562',1,'0.000000','fixed'),('158714','3563',0,'0.000000','fixed'),('158715','3563',1,'0.000000','fixed'),('158716','3564',0,'0.000000','fixed'),('158717','3564',1,'0.000000','fixed'),('158718','3565',0,'0.000000','fixed'),('158719','3565',1,'0.000000','fixed'),('158720','3566',0,'0.000000','fixed'),('158721','3566',1,'0.000000','fixed'),('158722','3567',0,'0.000000','fixed'),('158723','3567',1,'0.000000','fixed'),('158724','3568',0,'0.000000','fixed'),('158725','3568',1,'0.000000','fixed'),('158726','3569',0,'0.000000','fixed'),('158727','3569',1,'0.000000','fixed'),('158728','3570',0,'0.000000','fixed'),('158729','3570',1,'0.000000','fixed'),('158730','3571',0,'0.000000','fixed'),('158731','3571',1,'0.000000','fixed'),('158732','3572',0,'0.000000','fixed'),('158733','3572',1,'0.000000','fixed'),('158734','3573',0,'0.000000','fixed'),('158735','3573',1,'0.000000','fixed'),('158736','3574',0,'0.000000','fixed'),('158737','3574',1,'0.000000','fixed'),('158738','3575',0,'0.000000','fixed'),('158739','3575',1,'0.000000','fixed'),('158740','3576',0,'0.000000','fixed'),('158741','3576',1,'0.000000','fixed'),('158742','3577',0,'0.000000','fixed'),('158743','3577',1,'0.000000','fixed'),('158744','3578',0,'0.000000','fixed'),('158745','3578',1,'0.000000','fixed'),('158746','3579',0,'0.000000','fixed'),('158747','3579',1,'0.000000','fixed'),('158748','3580',0,'0.000000','fixed'),('158749','3580',1,'0.000000','fixed'),('158750','3581',0,'0.000000','fixed'),('158751','3581',1,'0.000000','fixed'),('158752','3582',0,'0.000000','fixed'),('158753','3582',1,'0.000000','fixed'),('158754','3583',0,'0.000000','fixed'),('158755','3583',1,'0.000000','fixed'),('158756','3584',0,'0.000000','fixed'),('158757','3584',1,'0.000000','fixed'),('158758','3585',0,'0.000000','fixed'),('158759','3585',1,'0.000000','fixed'),('158760','3586',0,'0.000000','fixed'),('158761','3586',1,'0.000000','fixed'),('158762','3587',0,'0.000000','fixed'),('158763','3587',1,'0.000000','fixed'),('158764','3588',0,'0.000000','fixed'),('158765','3588',1,'0.000000','fixed'),('158766','3589',0,'0.000000','fixed'),('158767','3589',1,'0.000000','fixed'),('158768','3590',0,'0.000000','fixed'),('158769','3590',1,'0.000000','fixed'),('158770','3591',0,'0.000000','fixed'),('158771','3591',1,'0.000000','fixed'),('158772','3592',0,'0.000000','fixed'),('158773','3592',1,'0.000000','fixed'),('158774','3593',0,'0.000000','fixed'),('158775','3593',1,'0.000000','fixed'),('158776','3594',0,'0.000000','fixed'),('158777','3594',1,'0.000000','fixed'),('158778','3595',0,'0.000000','fixed'),('158779','3595',1,'0.000000','fixed'),('158780','3596',0,'0.000000','fixed'),('158781','3596',1,'0.000000','fixed'),('158782','3597',0,'0.000000','fixed'),('158783','3597',1,'0.000000','fixed'),('158784','3598',0,'0.000000','fixed'),('158785','3598',1,'0.000000','fixed'),('158786','3599',0,'0.000000','fixed'),('158787','3599',1,'0.000000','fixed'),('158788','3600',0,'0.000000','fixed'),('158789','3600',1,'0.000000','fixed'),('158790','3601',0,'0.000000','fixed'),('158791','3601',1,'0.000000','fixed'),('158792','3602',0,'0.000000','fixed'),('158793','3602',1,'0.000000','fixed'),('158794','3603',0,'0.000000','fixed'),('158795','3603',1,'0.000000','fixed'),('158796','3604',0,'0.000000','fixed'),('158797','3604',1,'0.000000','fixed'),('158798','3605',0,'0.000000','fixed'),('158799','3605',1,'0.000000','fixed'),('158800','3606',0,'0.000000','fixed'),('158801','3606',1,'0.000000','fixed'),('158802','3608',0,'0.000000','fixed'),('158803','3608',1,'0.000000','fixed'),('158804','3609',0,'0.000000','fixed'),('158805','3609',1,'0.000000','fixed'),('158806','3610',0,'0.000000','fixed'),('158807','3610',1,'0.000000','fixed'),('158808','3611',0,'95.000000','fixed'),('158809','3611',1,'95.000000','fixed'),('158810','3612',0,'65.000000','fixed'),('158811','3612',1,'65.000000','fixed'),('158812','3613',0,'80.000000','fixed'),('158813','3613',1,'80.000000','fixed'),('158814','3614',0,'100.000000','fixed'),('158815','3614',1,'100.000000','fixed'),('158816','3615',0,'38.000000','fixed'),('158817','3615',1,'38.000000','fixed'),('158818','3616',0,'55.000000','fixed'),('158819','3616',1,'55.000000','fixed'),('158820','3617',0,'110.000000','fixed'),('158821','3617',1,'110.000000','fixed'),('158822','3618',0,'41.000000','fixed'),('158823','3618',1,'41.000000','fixed'),('158824','3619',0,'160.000000','fixed'),('158825','3619',1,'160.000000','fixed'),('158826','3620',0,'65.000000','fixed'),('158827','3620',1,'65.000000','fixed'),('158828','3621',0,'80.000000','fixed'),('158829','3621',1,'80.000000','fixed'),('158830','3622',0,'100.000000','fixed'),('158831','3622',1,'100.000000','fixed'),('158832','3623',0,'65.000000','fixed'),('158833','3623',1,'65.000000','fixed'),('158834','3624',0,'160.000000','fixed'),('158835','3624',1,'160.000000','fixed'),('158836','3625',0,'190.000000','fixed'),('158837','3625',1,'190.000000','fixed'),('158838','3626',0,'41.000000','fixed'),('158839','3626',1,'41.000000','fixed'),('158840','3627',0,'120.000000','fixed'),('158841','3627',1,'120.000000','fixed'),('158842','3628',0,'55.000000','fixed'),('158843','3628',1,'55.000000','fixed'),('158844','3629',0,'160.000000','fixed'),('158845','3629',1,'160.000000','fixed'),('158846','3630',0,'50.000000','fixed'),('158847','3630',1,'50.000000','fixed'),('158848','3631',0,'32.000000','fixed'),('158849','3631',1,'32.000000','fixed'),('158850','3632',0,'65.000000','fixed'),('158851','3632',1,'65.000000','fixed'),('158852','3633',0,'85.000000','fixed'),('158853','3633',1,'85.000000','fixed'),('158854','3634',0,'42.000000','fixed'),('158855','3634',1,'42.000000','fixed'),('158856','3635',0,'85.000000','fixed'),('158857','3635',1,'85.000000','fixed'),('158858','3636',0,'38.000000','fixed'),('158859','3636',1,'38.000000','fixed'),('158860','3637',0,'55.000000','fixed'),('158861','3637',1,'55.000000','fixed'),('158862','3638',0,'75.000000','fixed'),('158863','3638',1,'75.000000','fixed'),('158864','3639',0,'38.000000','fixed'),('158865','3639',1,'38.000000','fixed'),('158866','3640',0,'38.000000','fixed'),('158867','3640',1,'38.000000','fixed'),('158868','3641',0,'55.000000','fixed'),('158869','3641',1,'55.000000','fixed'),('158870','3642',0,'120.000000','fixed'),('158871','3642',1,'120.000000','fixed'),('158872','3643',0,'35.000000','fixed'),('158873','3643',1,'35.000000','fixed'),('158874','3644',0,'50.000000','fixed'),('158875','3644',1,'50.000000','fixed'),('158876','3645',0,'70.000000','fixed'),('158877','3645',1,'70.000000','fixed'),('158878','3646',0,'41.000000','fixed'),('158879','3646',1,'41.000000','fixed'),('158880','3647',0,'160.000000','fixed'),('158881','3647',1,'160.000000','fixed'),('158882','3648',0,'190.000000','fixed'),('158883','3648',1,'190.000000','fixed'),('158884','3649',0,'120.000000','fixed'),('158885','3649',1,'120.000000','fixed'),('158886','3650',0,'160.000000','fixed'),('158887','3650',1,'160.000000','fixed'),('158888','3651',0,'190.000000','fixed'),('158889','3651',1,'190.000000','fixed'),('158890','3652',0,'160.000000','fixed'),('158891','3652',1,'160.000000','fixed'),('158892','3653',0,'35.000000','fixed'),('158893','3653',1,'35.000000','fixed'),('158894','3654',0,'50.000000','fixed'),('158895','3654',1,'50.000000','fixed'),('158896','3655',0,'70.000000','fixed'),('158897','3655',1,'70.000000','fixed'),('158898','3656',0,'75.000000','fixed'),('158899','3656',1,'75.000000','fixed'),('158900','3657',0,'38.000000','fixed'),('158901','3657',1,'38.000000','fixed'),('158902','3658',0,'120.000000','fixed'),('158903','3658',1,'120.000000','fixed'),('158904','3659',0,'160.000000','fixed'),('158905','3659',1,'160.000000','fixed'),('158906','3660',0,'190.000000','fixed'),('158907','3660',1,'190.000000','fixed'),('158908','3661',0,'35.000000','fixed'),('158909','3661',1,'35.000000','fixed'),('158910','3662',0,'38.000000','fixed'),('158911','3662',1,'38.000000','fixed'),('158912','3663',0,'55.000000','fixed'),('158913','3663',1,'55.000000','fixed'),('158914','3664',0,'32.000000','fixed'),('158915','3664',1,'32.000000','fixed'),('158916','3665',0,'65.000000','fixed'),('158917','3665',1,'65.000000','fixed'),('158918','3666',0,'35.000000','fixed'),('158919','3666',1,'35.000000','fixed'),('158920','3667',0,'50.000000','fixed'),('158921','3667',1,'50.000000','fixed'),('158922','3668',0,'70.000000','fixed'),('158923','3668',1,'70.000000','fixed'),('158924','3669',0,'120.000000','fixed'),('158925','3669',1,'120.000000','fixed'),('158926','3670',0,'65.000000','fixed'),('158927','3670',1,'65.000000','fixed'),('158928','3671',0,'80.000000','fixed'),('158929','3671',1,'80.000000','fixed'),('158930','3672',0,'32.000000','fixed'),('158931','3672',1,'32.000000','fixed'),('158932','3673',0,'85.000000','fixed'),('158933','3673',1,'85.000000','fixed'),('158934','3674',0,'38.000000','fixed'),('158935','3674',1,'38.000000','fixed'),('158936','3675',0,'75.000000','fixed'),('158937','3675',1,'75.000000','fixed'),('158938','3676',0,'38.000000','fixed'),('158939','3676',1,'38.000000','fixed'),('158940','3677',0,'120.000000','fixed'),('158941','3677',1,'120.000000','fixed'),('158942','3678',0,'25.000000','fixed'),('158943','3678',1,'25.000000','fixed'),('158944','3679',0,'100.000000','fixed'),('158945','3679',1,'100.000000','fixed'),('158946','3680',0,'160.000000','fixed'),('158947','3680',1,'160.000000','fixed'),('158948','3681',0,'35.000000','fixed'),('158949','3681',1,'35.000000','fixed'),('158950','3682',0,'50.000000','fixed'),('158951','3682',1,'50.000000','fixed'),('158952','3683',0,'65.000000','fixed'),('158953','3683',1,'65.000000','fixed'),('158954','3684',0,'120.000000','fixed'),('158955','3684',1,'120.000000','fixed'),('158956','3685',0,'42.000000','fixed'),('158957','3685',1,'42.000000','fixed'),('158958','3686',0,'65.000000','fixed'),('158959','3686',1,'65.000000','fixed'),('158960','3687',0,'38.000000','fixed'),('158961','3687',1,'38.000000','fixed'),('158962','3688',0,'75.000000','fixed'),('158963','3688',1,'75.000000','fixed'),('158964','3689',0,'50.000000','fixed'),('158965','3689',1,'50.000000','fixed'),('158966','3690',0,'42.000000','fixed'),('158967','3690',1,'42.000000','fixed'),('158968','3691',0,'25.000000','fixed'),('158969','3691',1,'25.000000','fixed'),('158970','3692',0,'60.000000','fixed'),('158971','3692',1,'60.000000','fixed'),('158972','3693',0,'37.000000','fixed'),('158973','3693',1,'37.000000','fixed'),('158974','3694',0,'55.000000','fixed'),('158975','3694',1,'55.000000','fixed'),('158976','3695',0,'65.000000','fixed'),('158977','3695',1,'65.000000','fixed'),('158978','3696',0,'80.000000','fixed'),('158979','3696',1,'80.000000','fixed'),('158980','3697',0,'42.000000','fixed'),('158981','3697',1,'42.000000','fixed'),('158982','3698',0,'45.000000','fixed'),('158983','3698',1,'45.000000','fixed'),('158984','3699',0,'75.000000','fixed'),('158985','3699',1,'75.000000','fixed'),('158986','3700',0,'32.000000','fixed'),('158987','3700',1,'32.000000','fixed'),('158988','3701',0,'120.000000','fixed'),('158989','3701',1,'120.000000','fixed'),('158990','3702',0,'85.000000','fixed'),('158991','3702',1,'85.000000','fixed'),('158992','3703',0,'35.000000','fixed'),('158993','3703',1,'35.000000','fixed'),('158994','3704',0,'50.000000','fixed'),('158995','3704',1,'50.000000','fixed'),('158996','3705',0,'32.000000','fixed'),('158997','3705',1,'32.000000','fixed'),('158998','3706',0,'65.000000','fixed'),('158999','3706',1,'65.000000','fixed'),('159000','3707',0,'45.000000','fixed'),('159001','3707',1,'45.000000','fixed'),('159002','3708',0,'160.000000','fixed'),('159003','3708',1,'160.000000','fixed'),('159004','3709',0,'190.000000','fixed'),('159005','3709',1,'190.000000','fixed'),('159006','3710',0,'25.000000','fixed'),('159007','3710',1,'25.000000','fixed'),('159008','3711',0,'35.000000','fixed'),('159009','3711',1,'35.000000','fixed'),('159010','3712',0,'50.000000','fixed'),('159011','3712',1,'50.000000','fixed'),('159012','3713',0,'65.000000','fixed'),('159013','3713',1,'65.000000','fixed'),('159014','3714',0,'65.000000','fixed'),('159015','3714',1,'65.000000','fixed'),('159016','3715',0,'75.000000','fixed'),('159017','3715',1,'75.000000','fixed'),('159018','3716',0,'65.000000','fixed'),('159019','3716',1,'65.000000','fixed'),('159020','3717',0,'36.000000','fixed'),('159021','3717',1,'36.000000','fixed'),('159022','3718',0,'45.000000','fixed'),('159023','3718',1,'45.000000','fixed'),('159024','3719',0,'35.000000','fixed'),('159025','3719',1,'35.000000','fixed'),('159026','3720',0,'65.000000','fixed'),('159027','3720',1,'65.000000','fixed'),('159028','3721',0,'80.000000','fixed'),('159029','3721',1,'80.000000','fixed'),('159030','3722',0,'25.000000','fixed'),('159031','3722',1,'25.000000','fixed'),('159032','3723',0,'38.000000','fixed'),('159033','3723',1,'38.000000','fixed'),('159034','3724',0,'30.000000','fixed'),('159035','3724',1,'30.000000','fixed'),('159036','3725',0,'60.000000','fixed'),('159037','3725',1,'60.000000','fixed'),('159038','3726',0,'75.000000','fixed'),('159039','3726',1,'75.000000','fixed'),('159040','3727',0,'80.000000','fixed'),('159041','3727',1,'80.000000','fixed'),('159042','3728',0,'42.000000','fixed'),('159043','3728',1,'42.000000','fixed'),('159044','3729',0,'85.000000','fixed'),('159045','3729',1,'85.000000','fixed'),('159046','3730',0,'100.000000','fixed'),('159047','3730',1,'100.000000','fixed'),('159048','3731',0,'65.000000','fixed'),('159049','3731',1,'65.000000','fixed'),('159050','3732',0,'65.000000','fixed'),('159051','3732',1,'65.000000','fixed'),('159052','3733',0,'80.000000','fixed'),('159053','3733',1,'80.000000','fixed'),('159054','3734',0,'38.000000','fixed'),('159055','3734',1,'38.000000','fixed'),('159056','3735',0,'35.000000','fixed'),('159057','3735',1,'35.000000','fixed'),('159058','3736',0,'70.000000','fixed'),('159059','3736',1,'70.000000','fixed'),('159060','3737',0,'65.000000','fixed'),('159061','3737',1,'65.000000','fixed'),('159062','3738',0,'35.000000','fixed'),('159063','3738',1,'35.000000','fixed'),('159064','3739',0,'65.000000','fixed'),('159065','3739',1,'65.000000','fixed'),('159066','3740',0,'80.000000','fixed'),('159067','3740',1,'80.000000','fixed'),('159068','3741',0,'65.000000','fixed'),('159069','3741',1,'65.000000','fixed'),('159070','3742',0,'80.000000','fixed'),('159071','3742',1,'80.000000','fixed'),('159072','3743',0,'100.000000','fixed'),('159073','3743',1,'100.000000','fixed'),('159074','3744',0,'85.000000','fixed'),('159075','3744',1,'85.000000','fixed'),('159076','3745',0,'65.000000','fixed'),('159077','3745',1,'65.000000','fixed'),('159078','3746',0,'80.000000','fixed'),('159079','3746',1,'80.000000','fixed'),('159080','3747',0,'140.000000','fixed'),('159081','3747',1,'140.000000','fixed'),('159082','3748',0,'80.000000','fixed'),('159083','3748',1,'80.000000','fixed'),('159084','3749',0,'75.000000','fixed'),('159085','3749',1,'75.000000','fixed'),('159086','3750',0,'120.000000','fixed'),('159087','3750',1,'120.000000','fixed'),('159088','3751',0,'50.000000','fixed'),('159089','3751',1,'50.000000','fixed'),('159090','3752',0,'70.000000','fixed'),('159091','3752',1,'70.000000','fixed'),('159092','3753',0,'120.000000','fixed'),('159093','3753',1,'120.000000','fixed'),('159094','3754',0,'38.000000','fixed'),('159095','3754',1,'38.000000','fixed'),('159096','3755',0,'55.000000','fixed'),('159097','3755',1,'55.000000','fixed'),('159098','3756',0,'40.000000','fixed'),('159099','3756',1,'40.000000','fixed'),('159100','3757',0,'48.000000','fixed'),('159101','3757',1,'48.000000','fixed'),('159102','3758',0,'85.000000','fixed'),('159103','3758',1,'85.000000','fixed'),('159104','3759',0,'38.000000','fixed'),('159105','3759',1,'38.000000','fixed'),('159106','3760',0,'75.000000','fixed'),('159107','3760',1,'75.000000','fixed'),('159108','3761',0,'65.000000','fixed'),('159109','3761',1,'65.000000','fixed'),('159110','3762',0,'160.000000','fixed'),('159111','3762',1,'160.000000','fixed'),('159112','3763',0,'35.000000','fixed'),('159113','3763',1,'35.000000','fixed'),('159114','3764',0,'28.000000','fixed'),('159115','3764',1,'28.000000','fixed'),('159116','3765',0,'50.000000','fixed'),('159117','3765',1,'50.000000','fixed'),('159118','3766',0,'70.000000','fixed'),('159119','3766',1,'70.000000','fixed'),('159120','3767',0,'65.000000','fixed'),('159121','3767',1,'65.000000','fixed'),('159122','3768',0,'42.000000','fixed'),('159123','3768',1,'42.000000','fixed'),('159124','3769',0,'32.000000','fixed'),('159125','3769',1,'32.000000','fixed'),('159126','3770',0,'42.000000','fixed'),('159127','3770',1,'42.000000','fixed'),('159128','3771',0,'65.000000','fixed'),('159129','3771',1,'65.000000','fixed'),('159130','3772',0,'70.000000','fixed'),('159131','3772',1,'70.000000','fixed'),('159132','3773',0,'85.000000','fixed'),('159133','3773',1,'85.000000','fixed'),('159134','3774',0,'35.000000','fixed'),('159135','3774',1,'35.000000','fixed'),('159136','3775',0,'40.000000','fixed'),('159137','3775',1,'40.000000','fixed'),('159138','3776',0,'48.000000','fixed'),('159139','3776',1,'48.000000','fixed'),('159140','3777',0,'85.000000','fixed'),('159141','3777',1,'85.000000','fixed'),('159142','3778',0,'38.000000','fixed'),('159143','3778',1,'38.000000','fixed'),('159144','3779',0,'35.000000','fixed'),('159145','3779',1,'35.000000','fixed'),('159146','3780',0,'42.000000','fixed'),('159147','3780',1,'42.000000','fixed'),('159148','3781',0,'120.000000','fixed'),('159149','3781',1,'120.000000','fixed'),('159150','3782',0,'160.000000','fixed'),('159151','3782',1,'160.000000','fixed'),('159152','3783',0,'80.000000','fixed'),('159153','3783',1,'80.000000','fixed'),('159154','3784',0,'120.000000','fixed'),('159155','3784',1,'120.000000','fixed'),('159156','3785',0,'120.000000','fixed'),('159157','3785',1,'120.000000','fixed'),('159158','3786',0,'80.000000','fixed'),('159159','3786',1,'80.000000','fixed'),('159160','3787',0,'42.000000','fixed'),('159161','3787',1,'42.000000','fixed'),('159162','3788',0,'65.000000','fixed'),('159163','3788',1,'65.000000','fixed'),('159164','3789',0,'160.000000','fixed'),('159165','3789',1,'160.000000','fixed'),('159166','3790',0,'38.000000','fixed'),('159167','3790',1,'38.000000','fixed'),('159168','3791',0,'42.000000','fixed'),('159169','3791',1,'42.000000','fixed'),('159170','3792',0,'42.000000','fixed'),('159171','3792',1,'42.000000','fixed'),('159172','3793',0,'42.000000','fixed'),('159173','3793',1,'42.000000','fixed'),('159174','3794',0,'85.000000','fixed'),('159175','3794',1,'85.000000','fixed'),('159176','3795',0,'42.000000','fixed'),('159177','3795',1,'42.000000','fixed'),('159178','3796',0,'40.000000','fixed'),('159179','3796',1,'40.000000','fixed'),('159180','3797',0,'48.000000','fixed'),('159181','3797',1,'48.000000','fixed'),('159182','3798',0,'80.000000','fixed'),('159183','3798',1,'80.000000','fixed'),('159184','3799',0,'85.000000','fixed'),('159185','3799',1,'85.000000','fixed'),('159186','3800',0,'100.000000','fixed'),('159187','3800',1,'100.000000','fixed'),('159188','3801',0,'42.000000','fixed'),('159189','3801',1,'42.000000','fixed'),('159190','3802',0,'85.000000','fixed'),('159191','3802',1,'85.000000','fixed'),('159192','3803',0,'75.000000','fixed'),('159193','3803',1,'75.000000','fixed'),('159194','3804',0,'120.000000','fixed'),('159195','3804',1,'120.000000','fixed'),('159196','3805',0,'160.000000','fixed'),('159197','3805',1,'160.000000','fixed'),('159198','3806',0,'75.000000','fixed'),('159199','3806',1,'75.000000','fixed'),('159200','3807',0,'120.000000','fixed'),('159201','3807',1,'120.000000','fixed'),('159202','3808',0,'38.000000','fixed'),('159203','3808',1,'38.000000','fixed'),('159204','3809',0,'40.000000','fixed'),('159205','3809',1,'40.000000','fixed'),('159206','3810',0,'48.000000','fixed'),('159207','3810',1,'48.000000','fixed'),('159208','3811',0,'80.000000','fixed'),('159209','3811',1,'80.000000','fixed'),('159210','3812',0,'85.000000','fixed'),('159211','3812',1,'85.000000','fixed'),('159212','3813',0,'100.000000','fixed'),('159213','3813',1,'100.000000','fixed'),('159214','3814',0,'65.000000','fixed'),('159215','3814',1,'65.000000','fixed'),('159216','3815',0,'65.000000','fixed'),('159217','3815',1,'65.000000','fixed'),('159218','3816',0,'85.000000','fixed'),('159219','3816',1,'85.000000','fixed'),('159220','3817',0,'38.000000','fixed'),('159221','3817',1,'38.000000','fixed'),('159222','3818',0,'55.000000','fixed'),('159223','3818',1,'55.000000','fixed'),('159224','3822',0,'35.000000','fixed'),('159225','3822',1,'35.000000','fixed'),('159226','3823',0,'50.000000','fixed'),('159227','3823',1,'50.000000','fixed'),('159228','3824',0,'80.000000','fixed'),('159229','3824',1,'80.000000','fixed'),('159230','3825',0,'80.000000','fixed'),('159231','3825',1,'80.000000','fixed'),('159232','4830',0,'80.000000','fixed'),('159233','4830',1,'80.000000','fixed'),('159234','4831',0,'100.000000','fixed'),('159235','4831',1,'100.000000','fixed'),('159236','3843',0,'32.000000','fixed'),('159237','3843',1,'32.000000','fixed'),('159238','3844',0,'65.000000','fixed'),('159239','3844',1,'65.000000','fixed'),('159240','3845',0,'85.000000','fixed'),('159241','3845',1,'85.000000','fixed'),('159242','6334',0,'30.500000','fixed'),('159243','6334',1,'30.500000','fixed'),('159244','5036',0,'0.000000','fixed'),('159245','5036',1,'0.000000','fixed'),('159246','5035',0,'0.000000','fixed'),('159247','5035',1,'0.000000','fixed'),('159266','3980',0,'24.000000','fixed'),('159267','3980',1,'24.000000','fixed'),('159268','3981',0,'48.000000','fixed'),('159269','3981',1,'48.000000','fixed'),('159270','3982',0,'96.000000','fixed'),('159271','3982',1,'96.000000','fixed'),('159272','3977',0,'24.000000','fixed'),('159273','3977',1,'24.000000','fixed'),('159274','3978',0,'48.000000','fixed'),('159275','3978',1,'48.000000','fixed'),('159276','3979',0,'96.000000','fixed'),('159277','3979',1,'96.000000','fixed'),('159278','3108',0,'30.000000','fixed'),('159279','3108',1,'30.000000','fixed'),('159280','3976',0,'30.000000','fixed'),('159281','3976',1,'30.000000','fixed'),('159282','3109',0,'0.000000','fixed'),('159283','3109',1,'0.000000','fixed'),('159284','3110',0,'80.000000','fixed'),('159285','3110',1,'80.000000','fixed'),('159286','3111',0,'0.000000','fixed'),('159287','3111',1,'0.000000','fixed'),('159288','3112',0,'0.000000','fixed'),('159289','3112',1,'0.000000','fixed'),('159290','5957',0,'30.000000','fixed'),('159291','5957',1,'30.000000','fixed'),('159292','2808',0,'15.000000','fixed'),('159293','2808',1,'15.000000','fixed'),('159294','2809',0,'30.000000','fixed'),('159295','2809',1,'30.000000','fixed'),('159296','2810',0,'40.000000','fixed'),('159297','2810',1,'40.000000','fixed'),('159298','2811',0,'60.000000','fixed'),('159299','2811',1,'60.000000','fixed'),('159300','2812',0,'80.000000','fixed'),('159301','2812',1,'80.000000','fixed'),('159302','2813',0,'120.000000','fixed'),('159303','2813',1,'120.000000','fixed'),('159304','2814',0,'160.000000','fixed'),('159305','2814',1,'160.000000','fixed'),('159306','2815',0,'240.000000','fixed'),('159307','2815',1,'240.000000','fixed'),('159308','5210',0,'10.000000','fixed'),('159309','5210',1,'10.000000','fixed'),('159310','5211',0,'15.000000','fixed'),('159311','5211',1,'15.000000','fixed'),('159312','5212',0,'20.000000','fixed'),('159313','5212',1,'20.000000','fixed'),('159314','5213',0,'30.000000','fixed'),('159315','5213',1,'30.000000','fixed'),('159316','5214',0,'40.000000','fixed'),('159317','5214',1,'40.000000','fixed'),('159318','5215',0,'60.000000','fixed'),('159319','5215',1,'60.000000','fixed'),('159320','5216',0,'80.000000','fixed'),('159321','5216',1,'80.000000','fixed'),('159322','5217',0,'120.000000','fixed'),('159323','5217',1,'120.000000','fixed'),('159324','5969',0,'30.000000','fixed'),('159325','5969',1,'30.000000','fixed'),('159326','2828',0,'22.500000','fixed'),('159327','2828',1,'22.500000','fixed'),('159328','2829',0,'45.000000','fixed'),('159329','2829',1,'45.000000','fixed'),('159330','2830',0,'60.000000','fixed'),('159331','2830',1,'60.000000','fixed'),('159332','2831',0,'90.000000','fixed'),('159333','2831',1,'90.000000','fixed'),('159334','2832',0,'120.000000','fixed'),('159335','2832',1,'120.000000','fixed'),('159336','2833',0,'180.000000','fixed'),('159337','2833',1,'180.000000','fixed'),('159338','2834',0,'240.000000','fixed'),('159339','2834',1,'240.000000','fixed'),('159340','2835',0,'360.000000','fixed'),('159341','2835',1,'360.000000','fixed'),('159342','5970',0,'30.000000','fixed'),('159343','5970',1,'30.000000','fixed'),('159344','2818',0,'27.000000','fixed'),('159345','2818',1,'27.000000','fixed'),('159346','2819',0,'54.000000','fixed'),('159347','2819',1,'54.000000','fixed'),('159348','2820',0,'72.000000','fixed'),('159349','2820',1,'72.000000','fixed'),('159350','2821',0,'108.000000','fixed'),('159351','2821',1,'108.000000','fixed'),('159352','2822',0,'144.000000','fixed'),('159353','2822',1,'144.000000','fixed'),('159354','2823',0,'216.000000','fixed'),('159355','2823',1,'216.000000','fixed'),('159356','2824',0,'288.000000','fixed'),('159357','2824',1,'288.000000','fixed'),('159358','2825',0,'432.000000','fixed'),('159359','2825',1,'432.000000','fixed'),('159360','5968',0,'30.000000','fixed'),('159361','5968',1,'30.000000','fixed'),('159362','2796',0,'34.740000','fixed'),('159363','2797',0,'53.100000','fixed'),('159364','2798',0,'71.640000','fixed'),('159365','2799',0,'90.000000','fixed'),('159366','2800',0,'108.360000','fixed'),('159367','2806',0,'0.000000','fixed'),('159368','5205',0,'20.000000','fixed'),('159369','5206',0,'30.000000','fixed'),('159370','5207',0,'40.000000','fixed'),('159371','5208',0,'50.000000','fixed'),('159372','5209',0,'60.000000','fixed'),('159373','2801',0,'110.000000','fixed'),('159374','2802',0,'172.000000','fixed'),('159375','2803',0,'226.000000','fixed'),('159376','2804',0,'282.000000','fixed'),('159377','2805',0,'336.000000','fixed'),('159378','2807',0,'0.000000','fixed'),('159379','5967',0,'30.000000','fixed'),('159380','3960',0,'122.000000','fixed'),('159381','3960',1,'122.000000','fixed'),('159382','3961',0,'164.000000','fixed'),('159383','3961',1,'164.000000','fixed'),('159384','3962',0,'206.000000','fixed'),('159385','3962',1,'206.000000','fixed'),('159386','3963',0,'164.000000','fixed'),('159387','3963',1,'164.000000','fixed'),('159388','3964',0,'206.000000','fixed'),('159389','3964',1,'206.000000','fixed'),('159390','3965',0,'34.740000','fixed'),('159391','3965',1,'34.740000','fixed'),('159392','3966',0,'53.100000','fixed'),('159393','3966',1,'53.100000','fixed'),('159394','3967',0,'71.640000','fixed'),('159395','3967',1,'71.640000','fixed'),('159396','3968',0,'74.500000','fixed'),('159397','3968',1,'74.500000','fixed'),('159398','3969',0,'114.000000','fixed'),('159399','3969',1,'114.000000','fixed'),('159400','3970',0,'0.000000','fixed'),('159401','3970',1,'0.000000','fixed'),('159402','4849',0,'46.000000','fixed'),('159403','4849',1,'46.000000','fixed'),('159404','4850',0,'31.000000','fixed'),('159405','4850',1,'31.000000','fixed'),('159406','4851',0,'31.000000','fixed'),('159407','4851',1,'31.000000','fixed'),('159408','4852',0,'61.000000','fixed'),('159409','4852',1,'61.000000','fixed'),('159410','5182',0,'24.000000','fixed'),('159411','5182',1,'24.000000','fixed'),('159412','4860',0,'0.000000','fixed'),('159413','4860',1,'0.000000','fixed'),('159414','4861',0,'0.000000','fixed'),('159415','4861',1,'0.000000','fixed'),('159416','4853',0,'52.000000','fixed'),('159417','4853',1,'52.000000','fixed'),('159418','4854',0,'52.000000','fixed'),('159419','4854',1,'52.000000','fixed'),('159420','4855',0,'16.000000','fixed'),('159421','4855',1,'16.000000','fixed'),('159422','4856',0,'2.000000','fixed'),('159423','4856',1,'2.000000','fixed'),('159424','4857',0,'2.000000','fixed'),('159425','4857',1,'2.000000','fixed'),('159426','4864',0,'16.000000','fixed'),('159427','4864',1,'16.000000','fixed'),('159428','1364',0,'0.000000','fixed'),('159429','1365',0,'0.000000','fixed'),('159430','1366',0,'0.000000','fixed'),('159431','1355',0,'31.000000','fixed'),('159432','1349',0,'21.000000','fixed'),('159433','1356',0,'26.000000','fixed'),('159434','1346',0,'50.000000','fixed'),('159435','1362',0,'38.000000','fixed'),('159436','1361',0,'28.000000','fixed'),('159437','1363',0,'40.000000','fixed'),('159438','1358',0,'63.000000','fixed'),('159439','1372',0,'44.000000','fixed'),('159440','1371',0,'34.000000','fixed'),('159441','1373',0,'46.000000','fixed'),('159442','1368',0,'75.000000','fixed'),('159443','5184',0,'20.000000','fixed'),('159444','5185',0,'23.000000','fixed'),('159445','5186',0,'32.000000','fixed'),('159446','5972',0,'30.000000','fixed'),('159447','4881',0,'0.000000','fixed'),('159448','4882',0,'0.000000','fixed'),('159449','4883',0,'0.000000','fixed'),('159450','4884',0,'38.000000','fixed'),('159451','4885',0,'18.000000','fixed'),('159452','4886',0,'23.000000','fixed'),('159453','4887',0,'48.000000','fixed'),('159454','4888',0,'44.000000','fixed'),('159455','4889',0,'24.000000','fixed'),('159456','4890',0,'29.000000','fixed'),('159457','4891',0,'54.000000','fixed'),('159458','4892',0,'41.000000','fixed'),('159459','4893',0,'31.000000','fixed'),('159460','4894',0,'36.000000','fixed'),('159461','4895',0,'76.000000','fixed'),('159462','5187',0,'20.000000','fixed'),('159463','5188',0,'23.000000','fixed'),('159464','5189',0,'32.000000','fixed'),('159465','4898',0,'37.500000','fixed'),('159466','4899',0,'37.500000','fixed'),('159467','4900',0,'54.500000','fixed'),('159468','4901',0,'54.500000','fixed'),('159469','4902',0,'7.000000','fixed'),('159470','4903',0,'7.000000','fixed'),('159471','4904',0,'24.000000','fixed'),('159472','4905',0,'24.000000','fixed'),('159473','4906',0,'30.500000','fixed'),('159474','4907',0,'30.500000','fixed'),('159475','4908',0,'30.500000','fixed'),('159476','4909',0,'30.500000','fixed'),('159477','1341',0,'33.000000','fixed'),('159478','1341',1,'48.000000','fixed'),('159479','1338',0,'23.000000','fixed'),('159480','1338',1,'27.000000','fixed'),('159481','1339',0,'33.000000','fixed'),('159482','1339',1,'40.000000','fixed'),('159483','1342',0,'53.000000','fixed'),('159484','1342',1,'120.000000','fixed'),('159485','5181',0,'24.000000','fixed'),('159486','5181',1,'24.000000','fixed'),('159487','5971',0,'30.000000','fixed'),('159488','5971',1,'30.000000','fixed'),('159489','4865',0,'46.000000','fixed'),('159490','4865',1,'46.000000','fixed'),('159491','4866',0,'31.000000','fixed'),('159492','4866',1,'31.000000','fixed'),('159493','4867',0,'46.000000','fixed'),('159494','4867',1,'46.000000','fixed'),('159495','4868',0,'76.000000','fixed'),('159496','4868',1,'76.000000','fixed'),('159497','5183',0,'24.000000','fixed'),('159498','5183',1,'24.000000','fixed'),('159499','4875',0,'0.000000','fixed'),('159500','4875',1,'0.000000','fixed'),('159501','4876',0,'0.000000','fixed'),('159502','4876',1,'0.000000','fixed'),('159503','4869',0,'58.000000','fixed'),('159504','4869',1,'58.000000','fixed'),('159505','4870',0,'58.000000','fixed'),('159506','4870',1,'58.000000','fixed'),('159507','4871',0,'19.000000','fixed'),('159508','4871',1,'19.000000','fixed'),('159509','4872',0,'2.000000','fixed'),('159510','4872',1,'2.000000','fixed'),('159511','4873',0,'2.000000','fixed'),('159512','4873',1,'2.000000','fixed'),('159513','4874',0,'19.000000','fixed'),('159514','4874',1,'19.000000','fixed'),('159515','4989',0,'165.000000','fixed'),('159516','4989',1,'165.000000','fixed'),('159517','4990',0,'202.000000','fixed'),('159518','4990',1,'202.000000','fixed'),('159519','5978',0,'30.000000','fixed'),('159520','5978',1,'30.000000','fixed'),('159521','4942',0,'165.000000','fixed'),('159522','4942',1,'165.000000','fixed'),('159523','4943',0,'195.000000','fixed'),('159524','4943',1,'195.000000','fixed'),('159525','5975',0,'30.000000','fixed'),('159526','5975',1,'30.000000','fixed'),('159527','4917',0,'195.000000','fixed'),('159528','4917',1,'195.000000','fixed'),('159529','4918',0,'218.000000','fixed'),('159530','4918',1,'218.000000','fixed'),('159531','4919',0,'248.000000','fixed'),('159532','4919',1,'248.000000','fixed'),('159533','5974',0,'30.000000','fixed'),('159534','5974',1,'30.000000','fixed'),('159535','5016',0,'235.000000','fixed'),('159536','5016',1,'235.000000','fixed'),('159537','5977',0,'30.000000','fixed'),('159538','5977',1,'30.000000','fixed'),('159539','4976',0,'202.000000','fixed'),('159540','4976',1,'202.000000','fixed'),('159541','5976',0,'30.000000','fixed'),('159542','5976',1,'30.000000','fixed'),('159543','4824',0,'17.000000','fixed'),('159544','4824',1,'17.000000','fixed'),('159545','4825',0,'20.500000','fixed'),('159546','4825',1,'20.500000','fixed'),('159547','6005',0,'77.000000','fixed'),('159548','6005',1,'77.000000','fixed'),('159549','6006',0,'94.500000','fixed'),('159550','6006',1,'94.500000','fixed'),('159551','6007',0,'38.500000','fixed'),('159552','6007',1,'38.500000','fixed'),('159553','5092',0,'77.000000','fixed'),('159554','5092',1,'77.000000','fixed'),('159555','5095',0,'94.500000','fixed'),('159556','5095',1,'94.500000','fixed'),('159557','5979',0,'30.000000','fixed'),('159558','5979',1,'30.000000','fixed'),('159559','5219',0,'0.000000','fixed'),('159560','5219',1,'0.000000','fixed'),('159561','2112',0,'0.000000','fixed'),('159562','2113',0,'0.000000','fixed'),('159563','2114',0,'0.000000','fixed'),('159564','2115',0,'0.000000','fixed'),('159565','2116',0,'336.000000','fixed'),('159566','2117',0,'384.000000','fixed'),('159567','2118',0,'480.000000','fixed'),('159568','2119',0,'696.000000','fixed'),('159569','2120',0,'190.000000','fixed'),('159570','2121',0,'260.000000','fixed'),('159571','2122',0,'320.000000','fixed'),('159572','2123',0,'400.000000','fixed'),('159573','5981',0,'30.000000','fixed'),('159574','2362',0,'0.000000','fixed'),('159575','2363',0,'0.000000','fixed'),('159576','2364',0,'0.000000','fixed'),('159577','2365',0,'0.000000','fixed'),('159578','2366',0,'336.000000','fixed'),('159579','2367',0,'384.000000','fixed'),('159580','2368',0,'480.000000','fixed'),('159581','2369',0,'696.000000','fixed'),('159582','2370',0,'190.000000','fixed'),('159583','2371',0,'260.000000','fixed'),('159584','2372',0,'320.000000','fixed'),('159585','2373',0,'400.000000','fixed'),('159586','2394',0,'99.000000','fixed'),('159587','5982',0,'30.000000','fixed'),('159588','2124',0,'0.000000','fixed'),('159589','2125',0,'0.000000','fixed'),('159590','2126',0,'0.000000','fixed'),('159591','2127',0,'0.000000','fixed'),('159592','2128',0,'336.000000','fixed'),('159593','2129',0,'384.000000','fixed'),('159594','2130',0,'480.000000','fixed'),('159595','2131',0,'696.000000','fixed'),('159596','2132',0,'190.000000','fixed'),('159597','2133',0,'260.000000','fixed'),('159598','2134',0,'320.000000','fixed'),('159599','2135',0,'400.000000','fixed'),('159600','2136',0,'120.000000','fixed'),('159601','2137',0,'140.000000','fixed'),('159602','2138',0,'180.000000','fixed'),('159603','2139',0,'220.000000','fixed'),('159604','5983',0,'30.000000','fixed'),('159605','2428',0,'0.000000','fixed'),('159606','2429',0,'0.000000','fixed'),('159607','2430',0,'0.000000','fixed'),('159608','2431',0,'0.000000','fixed'),('159609','2432',0,'336.000000','fixed'),('159610','2433',0,'384.000000','fixed'),('159611','2434',0,'480.000000','fixed'),('159612','2435',0,'696.000000','fixed'),('159613','2436',0,'190.000000','fixed'),('159614','2437',0,'260.000000','fixed'),('159615','2438',0,'320.000000','fixed'),('159616','2439',0,'400.000000','fixed'),('159617','2440',0,'120.000000','fixed'),('159618','2441',0,'140.000000','fixed'),('159619','2442',0,'180.000000','fixed'),('159620','2443',0,'220.000000','fixed'),('159621','2460',0,'99.000000','fixed'),('159622','5984',0,'30.000000','fixed'),('159623','1911',0,'0.000000','fixed'),('159624','1912',0,'0.000000','fixed'),('159625','1913',0,'0.000000','fixed'),('159626','1914',0,'0.000000','fixed'),('159627','1929',0,'336.000000','fixed'),('159628','1930',0,'384.000000','fixed'),('159629','1931',0,'480.000000','fixed'),('159630','1932',0,'696.000000','fixed'),('159631','1934',0,'0.000000','fixed'),('159632','1935',0,'0.000000','fixed'),('159633','1936',0,'0.000000','fixed'),('159634','1937',0,'0.000000','fixed'),('159635','1938',0,'190.000000','fixed'),('159636','1950',0,'190.000000','fixed'),('159637','1939',0,'260.000000','fixed'),('159638','1951',0,'260.000000','fixed'),('159639','1940',0,'320.000000','fixed'),('159640','1952',0,'320.000000','fixed'),('159641','1941',0,'400.000000','fixed'),('159642','1953',0,'400.000000','fixed'),('159643','1948',0,'0.000000','fixed'),('159644','1949',0,'0.000000','fixed'),('159645','1920',0,'120.000000','fixed'),('159646','1942',0,'120.000000','fixed'),('159647','1955',0,'120.000000','fixed'),('159648','1954',0,'120.000000','fixed'),('159649','1943',0,'140.000000','fixed'),('159650','1922',0,'140.000000','fixed'),('159651','1956',0,'140.000000','fixed'),('159652','1957',0,'140.000000','fixed'),('159653','1924',0,'180.000000','fixed'),('159654','1947',0,'180.000000','fixed'),('159655','1945',0,'140.000000','fixed'),('159656','1958',0,'140.000000','fixed'),('159657','1926',0,'220.000000','fixed'),('159658','1946',0,'220.000000','fixed'),('159659','1944',0,'140.000000','fixed'),('159660','1959',0,'140.000000','fixed'),('159661','5190',0,'160.000000','fixed'),('159662','5191',0,'192.000000','fixed'),('159663','5192',0,'224.000000','fixed'),('159664','5193',0,'210.000000','fixed'),('159665','5194',0,'259.000000','fixed'),('159666','5195',0,'280.500000','fixed'),('159667','5196',0,'259.000000','fixed'),('159668','5197',0,'329.000000','fixed'),('159669','5198',0,'335.500000','fixed'),('159670','5199',0,'308.000000','fixed'),('159671','5200',0,'313.500000','fixed'),('159672','5201',0,'390.500000','fixed'),('159673','5985',0,'30.000000','fixed'),('159674','2169',0,'0.000000','fixed'),('159675','2170',0,'0.000000','fixed'),('159676','2171',0,'0.000000','fixed'),('159677','2172',0,'0.000000','fixed'),('159678','2173',0,'336.000000','fixed'),('159679','2174',0,'384.000000','fixed'),('159680','2175',0,'480.000000','fixed'),('159681','2176',0,'696.000000','fixed'),('159682','2177',0,'190.000000','fixed'),('159683','2178',0,'260.000000','fixed'),('159684','2179',0,'320.000000','fixed'),('159685','2180',0,'400.000000','fixed'),('159686','2181',0,'120.000000','fixed'),('159687','2182',0,'140.000000','fixed'),('159688','2183',0,'180.000000','fixed'),('159689','2184',0,'220.000000','fixed'),('159690','2185',0,'100.000000','fixed'),('159691','2186',0,'120.000000','fixed'),('159692','2187',0,'120.000000','fixed'),('159693','2188',0,'120.000000','fixed'),('159694','2189',0,'100.000000','fixed'),('159695','2190',0,'120.000000','fixed'),('159696','2191',0,'120.000000','fixed'),('159697','2192',0,'120.000000','fixed'),('159698','5986',0,'30.000000','fixed'),('159699','2195',0,'0.000000','fixed'),('159700','2196',0,'0.000000','fixed'),('159701','2197',0,'0.000000','fixed'),('159702','2198',0,'0.000000','fixed'),('159703','2199',0,'336.000000','fixed'),('159704','2200',0,'384.000000','fixed'),('159705','2201',0,'480.000000','fixed'),('159706','2202',0,'696.000000','fixed'),('159707','2203',0,'190.000000','fixed'),('159708','2204',0,'260.000000','fixed'),('159709','2205',0,'320.000000','fixed'),('159710','2206',0,'400.000000','fixed'),('159711','2207',0,'120.000000','fixed'),('159712','2208',0,'140.000000','fixed'),('159713','2209',0,'180.000000','fixed'),('159714','2210',0,'220.000000','fixed'),('159715','2211',0,'100.000000','fixed'),('159716','2212',0,'120.000000','fixed'),('159717','2213',0,'120.000000','fixed'),('159718','2214',0,'120.000000','fixed'),('159719','2215',0,'100.000000','fixed'),('159720','2216',0,'120.000000','fixed'),('159721','2217',0,'120.000000','fixed'),('159722','2218',0,'120.000000','fixed'),('159723','2221',0,'25.000000','fixed'),('159724','2222',0,'25.000000','fixed'),('159725','2223',0,'27.600000','fixed'),('159726','2224',0,'27.600000','fixed'),('159727','2225',0,'32.200000','fixed'),('159728','2226',0,'32.200000','fixed'),('159729','5987',0,'30.000000','fixed'),('159730','2261',0,'0.000000','fixed'),('159731','2262',0,'0.000000','fixed'),('159732','2263',0,'0.000000','fixed'),('159733','2264',0,'0.000000','fixed'),('159734','2265',0,'336.000000','fixed'),('159735','2266',0,'384.000000','fixed'),('159736','2267',0,'480.000000','fixed'),('159737','2268',0,'696.000000','fixed'),('159738','2269',0,'190.000000','fixed'),('159739','2270',0,'260.000000','fixed'),('159740','2271',0,'320.000000','fixed'),('159741','2272',0,'400.000000','fixed'),('159742','2273',0,'120.000000','fixed'),('159743','2274',0,'140.000000','fixed'),('159744','2275',0,'180.000000','fixed'),('159745','2276',0,'220.000000','fixed'),('159746','2277',0,'100.000000','fixed'),('159747','2278',0,'120.000000','fixed'),('159748','2279',0,'120.000000','fixed'),('159749','2280',0,'120.000000','fixed'),('159750','2281',0,'100.000000','fixed'),('159751','2282',0,'120.000000','fixed'),('159752','2283',0,'120.000000','fixed'),('159753','2284',0,'120.000000','fixed'),('159754','2293',0,'233.000000','fixed'),('159755','5989',0,'30.000000','fixed'),('159756','2329',0,'0.000000','fixed'),('159757','2330',0,'0.000000','fixed'),('159758','2331',0,'0.000000','fixed'),('159759','2332',0,'0.000000','fixed'),('159760','2333',0,'336.000000','fixed'),('159761','2334',0,'384.000000','fixed'),('159762','2335',0,'480.000000','fixed'),('159763','2336',0,'696.000000','fixed'),('159764','2337',0,'190.000000','fixed'),('159765','2338',0,'260.000000','fixed'),('159766','2339',0,'320.000000','fixed'),('159767','2340',0,'400.000000','fixed'),('159768','2341',0,'120.000000','fixed'),('159769','2342',0,'140.000000','fixed'),('159770','2343',0,'180.000000','fixed'),('159771','2344',0,'220.000000','fixed'),('159772','2345',0,'100.000000','fixed'),('159773','2346',0,'120.000000','fixed'),('159774','2347',0,'120.000000','fixed'),('159775','2348',0,'120.000000','fixed'),('159776','2349',0,'100.000000','fixed'),('159777','2350',0,'120.000000','fixed'),('159778','2351',0,'120.000000','fixed'),('159779','2352',0,'120.000000','fixed'),('159780','2355',0,'25.000000','fixed'),('159781','2356',0,'25.000000','fixed'),('159782','2357',0,'27.600000','fixed'),('159783','2358',0,'27.600000','fixed'),('159784','2359',0,'24.000000','fixed'),('159785','2360',0,'24.000000','fixed'),('159786','2361',0,'99.000000','fixed'),('159787','5990',0,'30.000000','fixed'),('159788','2295',0,'0.000000','fixed'),('159789','2296',0,'0.000000','fixed'),('159790','2297',0,'0.000000','fixed'),('159791','2298',0,'0.000000','fixed'),('159792','2299',0,'336.000000','fixed'),('159793','2300',0,'384.000000','fixed'),('159794','2301',0,'480.000000','fixed'),('159795','2302',0,'696.000000','fixed'),('159796','2303',0,'190.000000','fixed'),('159797','2304',0,'260.000000','fixed'),('159798','2305',0,'320.000000','fixed'),('159799','2306',0,'400.000000','fixed'),('159800','2307',0,'120.000000','fixed'),('159801','2308',0,'140.000000','fixed'),('159802','2309',0,'180.000000','fixed'),('159803','2310',0,'220.000000','fixed'),('159804','2311',0,'100.000000','fixed'),('159805','2312',0,'120.000000','fixed'),('159806','2313',0,'120.000000','fixed'),('159807','2314',0,'120.000000','fixed'),('159808','2315',0,'100.000000','fixed'),('159809','2316',0,'120.000000','fixed'),('159810','2317',0,'120.000000','fixed'),('159811','2318',0,'120.000000','fixed'),('159812','2321',0,'25.000000','fixed'),('159813','2322',0,'25.000000','fixed'),('159814','2323',0,'27.600000','fixed'),('159815','2324',0,'27.600000','fixed'),('159816','2325',0,'32.200000','fixed'),('159817','2326',0,'32.200000','fixed'),('159818','2327',0,'99.000000','fixed'),('159819','5991',0,'30.000000','fixed'),('159820','2227',0,'0.000000','fixed'),('159821','2228',0,'0.000000','fixed'),('159822','2229',0,'0.000000','fixed'),('159823','2230',0,'0.000000','fixed'),('159824','2231',0,'336.000000','fixed'),('159825','2232',0,'384.000000','fixed'),('159826','2233',0,'480.000000','fixed'),('159827','2234',0,'696.000000','fixed'),('159828','2235',0,'190.000000','fixed'),('159829','2236',0,'260.000000','fixed'),('159830','2237',0,'320.000000','fixed'),('159831','2238',0,'400.000000','fixed'),('159832','2239',0,'120.000000','fixed'),('159833','2240',0,'140.000000','fixed'),('159834','2241',0,'180.000000','fixed'),('159835','2242',0,'220.000000','fixed'),('159836','2243',0,'100.000000','fixed'),('159837','2244',0,'120.000000','fixed'),('159838','2245',0,'120.000000','fixed'),('159839','2246',0,'120.000000','fixed'),('159840','2247',0,'100.000000','fixed'),('159841','2248',0,'120.000000','fixed'),('159842','2249',0,'120.000000','fixed'),('159843','2250',0,'120.000000','fixed'),('159844','2253',0,'25.000000','fixed'),('159845','2254',0,'25.000000','fixed'),('159846','2255',0,'27.600000','fixed'),('159847','2256',0,'27.600000','fixed'),('159848','2257',0,'32.200000','fixed'),('159849','2258',0,'32.200000','fixed'),('159850','2259',0,'233.000000','fixed'),('159851','5992',0,'30.000000','fixed'),('159852','2142',0,'0.000000','fixed'),('159853','2143',0,'0.000000','fixed'),('159854','2144',0,'0.000000','fixed'),('159855','2145',0,'0.000000','fixed'),('159856','2146',0,'336.000000','fixed'),('159857','2147',0,'384.000000','fixed'),('159858','2148',0,'480.000000','fixed'),('159859','2149',0,'696.000000','fixed'),('159860','2150',0,'190.000000','fixed'),('159861','2151',0,'260.000000','fixed'),('159862','2152',0,'320.000000','fixed'),('159863','2153',0,'400.000000','fixed'),('159864','2154',0,'120.000000','fixed'),('159865','2155',0,'140.000000','fixed'),('159866','2156',0,'180.000000','fixed'),('159867','2157',0,'220.000000','fixed'),('159868','2160',0,'120.000000','fixed'),('159869','2161',0,'140.000000','fixed'),('159870','2162',0,'180.000000','fixed'),('159871','2163',0,'220.000000','fixed'),('159872','2164',0,'120.000000','fixed'),('159873','2165',0,'140.000000','fixed'),('159874','2166',0,'180.000000','fixed'),('159875','2167',0,'220.000000','fixed'),('159876','5988',0,'30.000000','fixed'),('159877','2395',0,'0.000000','fixed'),('159878','2396',0,'0.000000','fixed'),('159879','2397',0,'0.000000','fixed'),('159880','2398',0,'0.000000','fixed'),('159881','2399',0,'336.000000','fixed'),('159882','2400',0,'384.000000','fixed'),('159883','2401',0,'480.000000','fixed'),('159884','2402',0,'696.000000','fixed'),('159885','2403',0,'190.000000','fixed'),('159886','2404',0,'260.000000','fixed'),('159887','2405',0,'320.000000','fixed'),('159888','2406',0,'400.000000','fixed'),('159889','2407',0,'120.000000','fixed'),('159890','2408',0,'140.000000','fixed'),('159891','2409',0,'180.000000','fixed'),('159892','2410',0,'220.000000','fixed'),('159893','2411',0,'120.000000','fixed'),('159894','2412',0,'140.000000','fixed'),('159895','2413',0,'180.000000','fixed'),('159896','2414',0,'220.000000','fixed'),('159897','2415',0,'120.000000','fixed'),('159898','2416',0,'140.000000','fixed'),('159899','2417',0,'180.000000','fixed'),('159900','2418',0,'220.000000','fixed'),('159901','2421',0,'25.000000','fixed'),('159902','2422',0,'25.000000','fixed'),('159903','2423',0,'27.600000','fixed'),('159904','2424',0,'27.600000','fixed'),('159905','2425',0,'32.200000','fixed'),('159906','2426',0,'32.200000','fixed'),('159907','2427',0,'99.000000','fixed'),('159908','5993',0,'30.000000','fixed'),('159909','5059',0,'0.000000','fixed'),('159910','5059',1,'0.000000','fixed'),('159911','5060',0,'0.000000','fixed'),('159912','5060',1,'0.000000','fixed'),('159913','5061',0,'0.000000','fixed'),('159914','5061',1,'0.000000','fixed'),('159915','5062',0,'0.000000','fixed'),('159916','5062',1,'0.000000','fixed'),('159917','5063',0,'0.000000','fixed'),('159918','5063',1,'0.000000','fixed'),('159919','5064',0,'0.000000','fixed'),('159920','5064',1,'0.000000','fixed'),('159921','5065',0,'150.000000','fixed'),('159922','5065',1,'150.000000','fixed'),('159923','5066',0,'220.000000','fixed'),('159924','5066',1,'220.000000','fixed'),('159925','5067',0,'270.000000','fixed'),('159926','5067',1,'270.000000','fixed'),('159927','5068',0,'330.000000','fixed'),('159928','5068',1,'330.000000','fixed'),('159929','5069',0,'100.000000','fixed'),('159930','5069',1,'100.000000','fixed'),('159931','5070',0,'110.000000','fixed'),('159932','5070',1,'110.000000','fixed'),('159933','5071',0,'140.000000','fixed'),('159934','5071',1,'140.000000','fixed'),('159935','5072',0,'160.000000','fixed'),('159936','5072',1,'160.000000','fixed'),('159937','5995',0,'30.000000','fixed'),('159938','5995',1,'30.000000','fixed'),('159939','5980',0,'0.000000','fixed'),('159940','5980',1,'0.000000','fixed'),('159941','5997',0,'30.000000','fixed'),('159942','5997',1,'30.000000','fixed'),('159943','5998',0,'30.000000','fixed'),('159944','5998',1,'30.000000','fixed'),('159945','562',0,'105.000000','fixed'),('159946','562',1,'105.000000','fixed'),('159947','563',0,'150.000000','fixed'),('159948','563',1,'150.000000','fixed'),('159949','4832',0,'214.000000','fixed'),('159950','4832',1,'214.000000','fixed'),('159951','6000',0,'30.000000','fixed'),('159952','6000',1,'30.000000','fixed'),('159953','574',0,'275.000000','fixed'),('159954','574',1,'275.000000','fixed'),('159955','575',0,'315.000000','fixed'),('159956','575',1,'315.000000','fixed'),('159957','5999',0,'30.000000','fixed'),('159958','5999',1,'30.000000','fixed'),('159959','584',0,'285.000000','fixed'),('159960','584',1,'285.000000','fixed'),('159961','585',0,'330.000000','fixed'),('159962','585',1,'330.000000','fixed'),('159963','6001',0,'30.000000','fixed'),('159964','6001',1,'30.000000','fixed'),('159965','3938',0,'489.200000','fixed'),('159966','3938',1,'489.200000','fixed'),('159967','3939',0,'791.540000','fixed'),('159968','3939',1,'791.540000','fixed'),('159969','3940',0,'1800.280000','fixed'),('159970','3940',1,'1800.280000','fixed'),('159971','3941',0,'212.000000','fixed'),('159972','3941',1,'212.000000','fixed'),('159973','3942',0,'220.000000','fixed'),('159974','3942',1,'220.000000','fixed'),('159975','3943',0,'510.000000','fixed'),('159976','3943',1,'510.000000','fixed'),('159977','3944',0,'528.000000','fixed'),('159978','3944',1,'528.000000','fixed'),('159979','3945',0,'1354.000000','fixed'),('159980','3945',1,'1354.000000','fixed'),('159981','3946',0,'1401.000000','fixed'),('159982','3946',1,'1401.000000','fixed');
INSERT INTO `catalog_product_option_type_price` VALUES ('159983','3949',0,'754.220000','fixed'),('159984','3949',1,'754.220000','fixed'),('159985','3950',0,'981.980000','fixed'),('159986','3950',1,'981.980000','fixed'),('159987','3951',0,'1916.520000','fixed'),('159988','3951',1,'1916.520000','fixed'),('159989','3952',0,'567.000000','fixed'),('159990','3952',1,'567.000000','fixed'),('159991','3953',0,'586.000000','fixed'),('159992','3953',1,'586.000000','fixed'),('159993','3954',0,'793.000000','fixed'),('159994','3954',1,'793.000000','fixed'),('159995','3955',0,'820.000000','fixed'),('159996','3955',1,'820.000000','fixed'),('159997','3956',0,'1294.000000','fixed'),('159998','3956',1,'1294.000000','fixed'),('159999','3957',0,'1338.000000','fixed'),('160000','3957',1,'1338.000000','fixed'),('160001','3927',0,'847.200000','fixed'),('160002','3927',1,'847.200000','fixed'),('160003','3928',0,'1223.760000','fixed'),('160004','3928',1,'1223.760000','fixed'),('160005','3929',0,'2660.440000','fixed'),('160006','3929',1,'2660.440000','fixed'),('160007','3930',0,'625.000000','fixed'),('160008','3930',1,'625.000000','fixed'),('160009','3931',0,'604.000000','fixed'),('160010','3931',1,'604.000000','fixed'),('160011','3932',0,'1428.000000','fixed'),('160012','3932',1,'1428.000000','fixed'),('160013','3933',0,'1380.000000','fixed'),('160014','3933',1,'1380.000000','fixed'),('160015','3934',0,'1784.000000','fixed'),('160016','3934',1,'1784.000000','fixed'),('160017','3935',0,'1725.000000','fixed'),('160018','3935',1,'1725.000000','fixed'),('160019','5926',0,'0.000000','fixed'),('160020','5926',1,'0.000000','fixed'),('160021','5927',0,'0.000000','fixed'),('160022','5927',1,'0.000000','fixed'),('160023','5928',0,'160.000000','fixed'),('160024','5928',1,'160.000000','fixed'),('160025','5929',0,'90.000000','fixed'),('160026','5929',1,'90.000000','fixed'),('160027','5930',0,'180.000000','fixed'),('160028','5930',1,'180.000000','fixed'),('160029','5931',0,'120.000000','fixed'),('160030','5931',1,'120.000000','fixed'),('160031','5934',0,'52.000000','fixed'),('160032','5934',1,'52.000000','fixed'),('160033','5935',0,'36.000000','fixed'),('160034','5935',1,'36.000000','fixed'),('160035','5936',0,'0.000000','fixed'),('160036','5936',1,'0.000000','fixed'),('160037','5994',0,'30.000000','fixed'),('160038','5994',1,'30.000000','fixed'),('160039','5100',0,'166.000000','fixed'),('160040','5100',1,'166.000000','fixed'),('160041','5101',0,'350.000000','fixed'),('160042','5101',1,'350.000000','fixed'),('160043','5114',0,'340.000000','fixed'),('160044','5114',1,'340.000000','fixed'),('160045','5115',0,'504.000000','fixed'),('160046','5115',1,'504.000000','fixed'),('160047','5105',0,'280.000000','fixed'),('160048','5105',1,'280.000000','fixed'),('160049','5107',0,'280.000000','fixed'),('160050','5107',1,'280.000000','fixed'),('160051','5109',0,'280.000000','fixed'),('160052','5109',1,'280.000000','fixed'),('160053','5111',0,'280.000000','fixed'),('160054','5111',1,'280.000000','fixed'),('160055','6002',0,'30.000000','fixed'),('160056','6002',1,'30.000000','fixed'),('160057','4036',0,'0.000000','fixed'),('160058','4036',1,'0.000000','fixed'),('160059','4037',0,'0.000000','fixed'),('160060','4037',1,'0.000000','fixed'),('160061','4038',0,'90.000000','fixed'),('160062','4038',1,'90.000000','fixed'),('160063','4039',0,'122.000000','fixed'),('160064','4039',1,'122.000000','fixed'),('160065','4040',0,'18.200000','fixed'),('160066','4040',1,'18.200000','fixed'),('160067','4041',0,'11.000000','fixed'),('160068','4041',1,'11.000000','fixed'),('160069','3922',0,'0.000000','fixed'),('160070','3922',1,'0.000000','fixed'),('160071','3923',0,'0.000000','fixed'),('160072','3923',1,'0.000000','fixed'),('160073','3924',0,'44.000000','fixed'),('160074','3924',1,'44.000000','fixed'),('160075','3925',0,'44.000000','fixed'),('160076','3925',1,'44.000000','fixed'),('160077','3926',0,'50.000000','fixed'),('160078','3926',1,'50.000000','fixed'),('160079','733',0,'92.000000','fixed'),('160080','733',1,'92.000000','fixed'),('160081','734',0,'92.000000','fixed'),('160082','734',1,'92.000000','fixed'),('160083','6004',0,'30.000000','fixed'),('160084','6004',1,'30.000000','fixed'),('160085','5026',0,'0.000000','fixed'),('160086','5026',1,'0.000000','fixed'),('160087','5023',0,'0.000000','fixed'),('160088','5023',1,'0.000000','fixed'),('160089','5025',0,'0.000000','fixed'),('160090','5025',1,'0.000000','fixed'),('160091','5024',0,'0.000000','fixed'),('160092','5024',1,'0.000000','fixed'),('160093','5030',0,'0.000000','fixed'),('160094','5030',1,'0.000000','fixed'),('160095','5031',0,'0.000000','fixed'),('160096','5031',1,'0.000000','fixed'),('160097','5027',0,'0.000000','fixed'),('160098','5027',1,'0.000000','fixed'),('160099','5029',0,'0.000000','fixed'),('160100','5029',1,'0.000000','fixed'),('160101','1431',0,'0.000000','fixed'),('160102','1431',1,'0.000000','fixed'),('160103','1432',0,'0.000000','fixed'),('160104','1432',1,'0.000000','fixed'),('160105','1433',0,'28.000000','fixed'),('160106','1433',1,'28.000000','fixed'),('160107','1434',0,'25.000000','fixed'),('160108','1434',1,'25.000000','fixed'),('160109','1435',0,'30.000000','fixed'),('160110','1435',1,'30.000000','fixed'),('160111','1436',0,'60.000000','fixed'),('160112','1436',1,'60.000000','fixed'),('160113','1438',0,'38.000000','fixed'),('160114','1438',1,'38.000000','fixed'),('160115','1439',0,'55.000000','fixed'),('160116','1439',1,'55.000000','fixed'),('160117','1437',0,'75.000000','fixed'),('160118','1437',1,'75.000000','fixed'),('160119','1421',0,'0.000000','fixed'),('160120','1421',1,'0.000000','fixed'),('160121','1422',0,'0.000000','fixed'),('160122','1422',1,'0.000000','fixed'),('160123','1429',0,'28.000000','fixed'),('160124','1429',1,'28.000000','fixed'),('160125','1423',0,'25.000000','fixed'),('160126','1423',1,'25.000000','fixed'),('160127','1424',0,'38.000000','fixed'),('160128','1424',1,'38.000000','fixed'),('160129','1430',0,'30.000000','fixed'),('160130','1430',1,'30.000000','fixed'),('160131','1427',0,'55.000000','fixed'),('160132','1427',1,'55.000000','fixed'),('160133','1425',0,'60.000000','fixed'),('160134','1425',1,'60.000000','fixed'),('160135','1426',0,'75.000000','fixed'),('160136','1426',1,'75.000000','fixed'),('160137','1428',0,'130.000000','fixed'),('160138','1428',1,'130.000000','fixed'),('160139','3912',0,'38.000000','fixed'),('160140','3912',1,'38.000000','fixed'),('160141','3913',0,'55.000000','fixed'),('160142','3913',1,'55.000000','fixed'),('160143','3914',0,'75.000000','fixed'),('160144','3914',1,'75.000000','fixed'),('160145','348',0,'0.000000','fixed'),('160146','348',1,'0.000000','fixed'),('160147','349',0,'0.000000','fixed'),('160148','349',1,'0.000000','fixed'),('160149','6339',0,'0.000000','fixed'),('160150','6339',1,'0.000000','fixed'),('160151','350',0,'25.000000','fixed'),('160152','350',1,'25.000000','fixed'),('160153','351',0,'34.000000','fixed'),('160154','351',1,'34.000000','fixed'),('160155','352',0,'36.000000','fixed'),('160156','352',1,'36.000000','fixed'),('160157','353',0,'45.000000','fixed'),('160158','353',1,'45.000000','fixed'),('160159','354',0,'75.000000','fixed'),('160160','354',1,'75.000000','fixed'),('160161','355',0,'120.000000','fixed'),('160162','355',1,'120.000000','fixed'),('160163','356',0,'32.000000','fixed'),('160164','356',1,'32.000000','fixed'),('160165','357',0,'42.000000','fixed'),('160166','357',1,'42.000000','fixed'),('160167','358',0,'65.000000','fixed'),('160168','358',1,'65.000000','fixed'),('160169','359',0,'85.000000','fixed'),('160170','359',1,'85.000000','fixed'),('160171','360',0,'160.000000','fixed'),('160172','360',1,'160.000000','fixed'),('160173','6340',0,'102.400000','fixed'),('160174','6340',1,'102.400000','fixed'),('160175','1410',0,'0.000000','fixed'),('160176','1410',1,'0.000000','fixed'),('160177','1411',0,'0.000000','fixed'),('160178','1411',1,'0.000000','fixed'),('160179','1418',0,'25.000000','fixed'),('160180','1418',1,'25.000000','fixed'),('160181','1412',0,'40.000000','fixed'),('160182','1412',1,'40.000000','fixed'),('160183','1413',0,'40.000000','fixed'),('160184','1413',1,'40.000000','fixed'),('160185','1414',0,'65.000000','fixed'),('160186','1414',1,'65.000000','fixed'),('160187','1415',0,'80.000000','fixed'),('160188','1415',1,'80.000000','fixed'),('160189','1419',0,'100.000000','fixed'),('160190','1419',1,'100.000000','fixed'),('160191','1416',0,'160.000000','fixed'),('160192','1416',1,'160.000000','fixed'),('160193','1417',0,'250.000000','fixed'),('160194','1417',1,'250.000000','fixed'),('160195','3918',0,'40.000000','fixed'),('160196','3918',1,'40.000000','fixed'),('160197','3919',0,'48.000000','fixed'),('160198','3919',1,'48.000000','fixed'),('160199','3920',0,'85.000000','fixed'),('160200','3920',1,'85.000000','fixed'),('160201','1396',0,'0.000000','fixed'),('160202','1396',1,'0.000000','fixed'),('160203','1397',0,'0.000000','fixed'),('160204','1397',1,'0.000000','fixed'),('160205','1398',0,'25.000000','fixed'),('160206','1398',1,'25.000000','fixed'),('160207','1399',0,'40.000000','fixed'),('160208','1399',1,'40.000000','fixed'),('160209','1400',0,'35.000000','fixed'),('160210','1400',1,'35.000000','fixed'),('160211','1401',0,'40.000000','fixed'),('160212','1401',1,'40.000000','fixed'),('160213','1402',0,'65.000000','fixed'),('160214','1402',1,'65.000000','fixed'),('160215','1403',0,'45.000000','fixed'),('160216','1403',1,'45.000000','fixed'),('160217','1404',0,'48.000000','fixed'),('160218','1404',1,'48.000000','fixed'),('160219','1405',0,'85.000000','fixed'),('160220','1405',1,'85.000000','fixed'),('160221','1409',0,'100.000000','fixed'),('160222','1409',1,'100.000000','fixed'),('160223','3921',0,'80.000000','fixed'),('160224','3921',1,'80.000000','fixed'),('163750','6361',0,'0.000000','fixed'),('163751','6362',0,'0.000000','fixed'),('163752','6363',0,'0.000000','fixed'),('163753','6364',0,'0.000000','fixed'),('163754','6365',0,'0.000000','fixed'),('163755','6366',0,'30.000000','fixed'),('163756','6367',0,'48.000000','fixed'),('163757','6368',0,'81.000000','fixed'),('163758','6369',0,'110.000000','fixed'),('163759','6370',0,'131.000000','fixed'),('163760','6371',0,'31.500000','fixed'),('163761','6372',0,'49.000000','fixed'),('163762','6373',0,'85.500000','fixed'),('163763','6374',0,'117.000000','fixed'),('163764','6375',0,'137.000000','fixed'),('163765','6376',0,'36.000000','fixed'),('163766','6377',0,'54.500000','fixed'),('163767','6378',0,'94.500000','fixed'),('163768','6379',0,'130.000000','fixed'),('163769','6380',0,'151.500000','fixed'),('163770','6381',0,'18.500000','fixed'),('163771','6382',0,'29.000000','fixed'),('163772','6383',0,'49.500000','fixed'),('163773','6384',0,'68.000000','fixed'),('163774','6385',0,'79.500000','fixed'),('163775','6386',0,'25.500000','fixed'),('163776','6387',0,'38.000000','fixed'),('163777','6388',0,'65.000000','fixed'),('163778','6389',0,'90.000000','fixed'),('163779','6390',0,'104.000000','fixed'),('163780','6391',0,'28.500000','fixed'),('163781','6392',0,'42.500000','fixed'),('163782','6393',0,'72.000000','fixed'),('163783','6394',0,'100.000000','fixed'),('163784','6395',0,'116.000000','fixed'),('163785','6396',0,'27.600000','fixed'),('163786','6397',0,'32.200000','fixed'),('163787','6398',0,'41.400000','fixed'),('163788','6399',0,'50.600000','fixed'),('163789','6400',0,'57.500000','fixed'),('163790','6401',0,'0.000000','fixed'),('163791','6402',0,'32.000000','fixed'),('163792','6403',0,'17.500000','fixed'),('163793','6404',0,'35.000000','fixed'),('163794','6405',0,'45.000000','fixed'),('163795','6406',0,'0.000000','fixed'),('163796','6407',0,'15.500000','fixed'),('163797','6408',0,'10.000000','fixed'),('163798','6409',0,'15.000000','fixed'),('163799','6410',0,'26.000000','fixed'),('163800','6411',0,'36.000000','fixed'),('163801','6412',0,'43.000000','fixed'),('163802','6413',0,'30.000000','fixed'),('163803','6108',0,'0.000000','fixed'),('163804','6108',1,'0.000000','fixed'),('163805','6109',0,'0.000000','fixed'),('163806','6109',1,'0.000000','fixed'),('163807','6110',0,'0.000000','fixed'),('163808','6110',1,'0.000000','fixed'),('163809','6111',0,'0.000000','fixed'),('163810','6111',1,'0.000000','fixed'),('163811','6112',0,'0.000000','fixed'),('163812','6112',1,'0.000000','fixed'),('163813','6113',0,'30.000000','fixed'),('163814','6113',1,'30.000000','fixed'),('163815','6114',0,'48.000000','fixed'),('163816','6114',1,'48.000000','fixed'),('163817','6115',0,'81.000000','fixed'),('163818','6115',1,'81.000000','fixed'),('163819','6116',0,'110.000000','fixed'),('163820','6116',1,'110.000000','fixed'),('163821','6117',0,'131.000000','fixed'),('163822','6117',1,'131.000000','fixed'),('163823','6118',0,'31.500000','fixed'),('163824','6118',1,'31.500000','fixed'),('163825','6119',0,'49.000000','fixed'),('163826','6119',1,'49.000000','fixed'),('163827','6120',0,'85.500000','fixed'),('163828','6120',1,'85.500000','fixed'),('163829','6121',0,'117.000000','fixed'),('163830','6121',1,'117.000000','fixed'),('163831','6122',0,'137.000000','fixed'),('163832','6122',1,'137.000000','fixed'),('163833','6123',0,'36.000000','fixed'),('163834','6123',1,'36.000000','fixed'),('163835','6124',0,'54.500000','fixed'),('163836','6124',1,'54.500000','fixed'),('163837','6125',0,'94.500000','fixed'),('163838','6125',1,'94.500000','fixed'),('163839','6126',0,'130.000000','fixed'),('163840','6126',1,'130.000000','fixed'),('163841','6127',0,'151.500000','fixed'),('163842','6127',1,'151.500000','fixed'),('163843','6128',0,'18.500000','fixed'),('163844','6128',1,'18.500000','fixed'),('163845','6129',0,'29.000000','fixed'),('163846','6129',1,'29.000000','fixed'),('163847','6130',0,'49.500000','fixed'),('163848','6130',1,'49.500000','fixed'),('163849','6131',0,'68.000000','fixed'),('163850','6131',1,'68.000000','fixed'),('163851','6132',0,'79.500000','fixed'),('163852','6132',1,'79.500000','fixed'),('163853','6133',0,'25.500000','fixed'),('163854','6133',1,'25.500000','fixed'),('163855','6134',0,'38.000000','fixed'),('163856','6134',1,'38.000000','fixed'),('163857','6135',0,'65.000000','fixed'),('163858','6135',1,'65.000000','fixed'),('163859','6136',0,'90.000000','fixed'),('163860','6136',1,'90.000000','fixed'),('163861','6137',0,'104.000000','fixed'),('163862','6137',1,'104.000000','fixed'),('163863','6138',0,'28.500000','fixed'),('163864','6138',1,'28.500000','fixed'),('163865','6139',0,'42.500000','fixed'),('163866','6139',1,'42.500000','fixed'),('163867','6140',0,'72.000000','fixed'),('163868','6140',1,'72.000000','fixed'),('163869','6141',0,'100.000000','fixed'),('163870','6141',1,'100.000000','fixed'),('163871','6142',0,'116.000000','fixed'),('163872','6142',1,'116.000000','fixed'),('163873','6143',0,'27.600000','fixed'),('163874','6143',1,'27.600000','fixed'),('163875','6144',0,'32.200000','fixed'),('163876','6144',1,'32.200000','fixed'),('163877','6145',0,'41.400000','fixed'),('163878','6145',1,'41.400000','fixed'),('163879','6146',0,'50.600000','fixed'),('163880','6146',1,'50.600000','fixed'),('163881','6147',0,'57.500000','fixed'),('163882','6147',1,'57.500000','fixed'),('163883','6153',0,'0.000000','fixed'),('163884','6153',1,'0.000000','fixed'),('163885','6148',0,'32.000000','fixed'),('163886','6148',1,'32.000000','fixed'),('163887','6149',0,'17.500000','fixed'),('163888','6149',1,'17.500000','fixed'),('163889','6150',0,'35.000000','fixed'),('163890','6150',1,'35.000000','fixed'),('163891','6151',0,'45.000000','fixed'),('163892','6151',1,'45.000000','fixed'),('163893','6154',0,'0.000000','fixed'),('163894','6154',1,'0.000000','fixed'),('163895','6152',0,'15.500000','fixed'),('163896','6152',1,'15.500000','fixed'),('163897','6155',0,'10.000000','fixed'),('163898','6155',1,'10.000000','fixed'),('163899','6156',0,'15.000000','fixed'),('163900','6156',1,'15.000000','fixed'),('163901','6157',0,'26.000000','fixed'),('163902','6157',1,'26.000000','fixed'),('163903','6158',0,'36.000000','fixed'),('163904','6158',1,'36.000000','fixed'),('163905','6159',0,'43.000000','fixed'),('163906','6159',1,'43.000000','fixed'),('163907','6160',0,'30.000000','fixed'),('163908','6160',1,'30.000000','fixed'),('163909','1208',0,'0.000000','fixed'),('163910','3888',0,'0.000000','fixed'),('163911','3888',1,'0.000000','fixed'),('163912','3889',0,'0.000000','fixed'),('163913','3889',1,'0.000000','fixed'),('163914','3890',0,'22.000000','fixed'),('163915','3890',1,'22.000000','fixed'),('163916','3892',0,'28.000000','fixed'),('163917','3892',1,'28.000000','fixed'),('163918','3893',0,'42.000000','fixed'),('163919','3893',1,'42.000000','fixed'),('163920','3894',0,'35.000000','fixed'),('163921','3894',1,'35.000000','fixed'),('163922','3895',0,'63.000000','fixed'),('163923','3895',1,'63.000000','fixed'),('163924','3896',0,'90.000000','fixed'),('163925','3896',1,'90.000000','fixed');

--
