-- Table structure for table `amazon_customer`
--

CREATE TABLE `amazon_customer` (
  `entity_id` int unsigned NOT NULL AUTO_INCREMENT COMMENT 'Entity_id',
  `customer_id` int unsigned NOT NULL COMMENT 'Customer_id',
  `amazon_id` varchar(255) NOT NULL COMMENT 'Amazon_id',
  PRIMARY KEY (`entity_id`),
  UNIQUE KEY `AMAZON_CUSTOMER_CUSTOMER_ID_AMAZON_ID` (`customer_id`,`amazon_id`),
  UNIQUE KEY `AMAZON_CUSTOMER_CUSTOMER_ID` (`customer_id`)
) ENGINE=InnoDB DEFAULT CHARSET=utf8mb3 COMMENT='amazon_customer';

--
-- Table structure for table `amazon_pending_authorization`
--

CREATE TABLE `amazon_pending_authorization` (
  `entity_id` int unsigned NOT NULL AUTO_INCREMENT COMMENT 'Entity_id',
  `order_id` int unsigned NOT NULL COMMENT 'Order_id',
  `payment_id` int unsigned NOT NULL COMMENT 'Payment_id',
  `authorization_id` varchar(255) DEFAULT NULL COMMENT 'Authorization_id',
  `created_at` datetime NOT NULL COMMENT 'Created_at',
  `updated_at` datetime DEFAULT NULL COMMENT 'Updated_at',
  `processed` smallint unsigned DEFAULT '0' COMMENT 'Initial authorization processed',
  `capture` smallint unsigned DEFAULT '0' COMMENT 'Initial authorization has capture',
  `capture_id` varchar(255) DEFAULT NULL COMMENT 'Initial authorization capture id',
  PRIMARY KEY (`entity_id`),
  UNIQUE KEY `UNQ_E6CCA08713FB32BB136A56837009C371` (`order_id`,`payment_id`,`authorization_id`)
) ENGINE=InnoDB DEFAULT CHARSET=utf8mb3 COMMENT='amazon_pending_authorization';

--
-- Table structure for table `amazon_pending_capture`
--

CREATE TABLE `amazon_pending_capture` (
  `entity_id` int unsigned NOT NULL AUTO_INCREMENT COMMENT 'Entity_id',
  `capture_id` varchar(255) NOT NULL COMMENT 'Capture_id',
  `created_at` datetime NOT NULL COMMENT 'Created_at',
  `order_id` int unsigned NOT NULL COMMENT 'order id',
  `payment_id` int unsigned NOT NULL COMMENT 'payment id',
  PRIMARY KEY (`entity_id`),
  UNIQUE KEY `AMAZON_PENDING_CAPTURE_ORDER_ID_PAYMENT_ID_CAPTURE_ID` (`order_id`,`payment_id`,`capture_id`)
) ENGINE=InnoDB DEFAULT CHARSET=utf8mb3 COMMENT='amazon_pending_capture';

--
-- Table structure for table `amazon_pending_refund`
--

CREATE TABLE `amazon_pending_refund` (
  `entity_id` int unsigned NOT NULL AUTO_INCREMENT COMMENT 'Entity_id',
  `refund_id` varchar(255) NOT NULL COMMENT 'Refund_id',
  `created_at` datetime NOT NULL COMMENT 'Created_at',
  `order_id` int unsigned NOT NULL COMMENT 'Order_id',
  `payment_id` int unsigned NOT NULL COMMENT 'Payment_id',
  PRIMARY KEY (`entity_id`),
  UNIQUE KEY `AMAZON_PENDING_REFUND_ORDER_ID_PAYMENT_ID_REFUND_ID` (`order_id`,`payment_id`,`refund_id`)
) ENGINE=InnoDB DEFAULT CHARSET=utf8mb3 COMMENT='amazon_pending_refund';

--
-- Table structure for table `amazon_quote`
--

CREATE TABLE `amazon_quote` (
  `entity_id` int unsigned NOT NULL AUTO_INCREMENT COMMENT 'Entity ID',
  `quote_id` int unsigned NOT NULL COMMENT 'Quote ID',
  `amazon_order_reference_id` varchar(255) NOT NULL COMMENT 'Amazon Order Reference ID',
  `sandbox_simulation_reference` varchar(255) DEFAULT NULL COMMENT 'Sandbox simulation reference',
  `confirmed` smallint unsigned NOT NULL DEFAULT '0' COMMENT 'Quote confirmed with Amazon',
  PRIMARY KEY (`entity_id`),
  UNIQUE KEY `AMAZON_QUOTE_QUOTE_ID` (`quote_id`)
) ENGINE=InnoDB DEFAULT CHARSET=utf8mb3 COMMENT='amazon_quote';

--
-- Table structure for table `amazon_sales_order`
--

CREATE TABLE `amazon_sales_order` (
  `entity_id` int unsigned NOT NULL AUTO_INCREMENT COMMENT 'Entity ID',
  `order_id` int unsigned NOT NULL COMMENT 'Order ID',
  `amazon_order_reference_id` varchar(255) NOT NULL COMMENT 'Amazon Order Reference ID',
  PRIMARY KEY (`entity_id`),
  UNIQUE KEY `AMAZON_SALES_ORDER_ORDER_ID` (`order_id`)
) ENGINE=InnoDB DEFAULT CHARSET=utf8mb3 COMMENT='amazon_sales_order';

--
-- Table structure for table `authorization_role`
--

CREATE TABLE `authorization_role` (
  `role_id` int unsigned NOT NULL AUTO_INCREMENT COMMENT 'Role ID',
  `parent_id` int unsigned NOT NULL DEFAULT '0' COMMENT 'Parent Role ID',
  `tree_level` smallint unsigned NOT NULL DEFAULT '0' COMMENT 'Role Tree Level',
  `sort_order` smallint unsigned NOT NULL DEFAULT '0' COMMENT 'Role Sort Order',
  `role_type` varchar(1) CHARACTER SET utf8mb4 COLLATE utf8mb4_general_ci NOT NULL DEFAULT '0' COMMENT 'Role Type',
  `user_id` int unsigned NOT NULL DEFAULT '0' COMMENT 'User ID',
  `user_type` varchar(16) CHARACTER SET utf8mb4 COLLATE utf8mb4_general_ci DEFAULT NULL COMMENT 'User Type',
  `role_name` varchar(50) CHARACTER SET utf8mb4 COLLATE utf8mb4_general_ci DEFAULT NULL COMMENT 'Role Name',
  PRIMARY KEY (`role_id`),
  KEY `AUTHORIZATION_ROLE_PARENT_ID_SORT_ORDER` (`parent_id`,`sort_order`),
  KEY `AUTHORIZATION_ROLE_TREE_LEVEL` (`tree_level`)
) ENGINE=InnoDB AUTO_INCREMENT=68 DEFAULT CHARSET=utf8mb4 COLLATE=utf8mb4_general_ci COMMENT='Admin Role Table';

--
-- Dumping data for table `authorization_role`
--

INSERT INTO `authorization_role` VALUES ('1','0',1,1,'G','0','2','Administrators'),('3','0',1,0,'U','1','1','11'),('4','0',1,0,'U','2','1','12'),('9','0',1,0,'U','3','1','13'),('53','1',2,0,'U','2','2','Alex'),('56','1',2,0,'U','14','2','PRIORITY INTEGRATION'),('58','1',2,0,'U','28','2','Chilli'),('63','1',2,0,'U','29','2','Switch'),('64','1',2,0,'U','30','2','devadmin'),('65','1',2,0,'U','31','2','Jade'),('66','1',2,0,'U','32','2','Reece'),('67','1',2,0,'U','1','2','Abigail');

--
-- Table structure for table `authorization_rule`
--

CREATE TABLE `authorization_rule` (
  `rule_id` int unsigned NOT NULL AUTO_INCREMENT COMMENT 'Rule ID',
  `role_id` int unsigned NOT NULL DEFAULT '0' COMMENT 'Role ID',
  `resource_id` varchar(255) CHARACTER SET utf8mb4 COLLATE utf8mb4_general_ci DEFAULT NULL COMMENT 'Resource ID',
  `privileges` varchar(20) CHARACTER SET utf8mb4 COLLATE utf8mb4_general_ci DEFAULT NULL COMMENT 'Privileges',
  `permission` varchar(10) CHARACTER SET utf8mb4 COLLATE utf8mb4_general_ci DEFAULT NULL COMMENT 'Permission',
  PRIMARY KEY (`rule_id`),
  KEY `AUTHORIZATION_RULE_RESOURCE_ID_ROLE_ID` (`resource_id`,`role_id`),
  KEY `AUTHORIZATION_RULE_ROLE_ID_RESOURCE_ID` (`role_id`,`resource_id`)
) ENGINE=InnoDB AUTO_INCREMENT=5321 DEFAULT CHARSET=utf8mb4 COLLATE=utf8mb4_general_ci COMMENT='Admin Rule Table';

--
-- Dumping data for table `authorization_rule`
--

INSERT INTO `authorization_rule` VALUES ('1','1','Magento_Backend::all',NULL,'allow'),('4848','4','Magento_Backend::all',NULL,'deny'),('4849','4','Magento_Backend::admin',NULL,'allow'),('4850','4','Magento_Backend::dashboard',NULL,'deny'),('4851','4','Magento_Backend::lof_all_elements',NULL,'deny'),('4852','4','Lof_All::lof_all',NULL,'deny'),('4853','4','Magento_Backend::quote_elements',NULL,'deny'),('4854','4','Lof_RequestForQuote::quote',NULL,'deny'),('4855','4','Lof_RequestForQuote::quote_edit',NULL,'deny'),('4856','4','Lof_RequestForQuote::quote_save',NULL,'deny'),('4857','4','Lof_RequestForQuote::quote_delete',NULL,'deny'),('4858','4','Magenest_SagePay::sagepay',NULL,'deny'),('4859','4','Magenest_SagePay::transaction',NULL,'deny'),('4860','4','Magenest_SagePay::profile',NULL,'deny'),('4861','4','Magenest_SagePay::settings',NULL,'deny'),('4862','4','Magento_Analytics::analytics',NULL,'allow'),('4863','4','Magento_Analytics::analytics_api',NULL,'allow'),('4864','4','Magento_Sales::sales',NULL,'deny'),('4865','4','Magento_Sales::sales_operation',NULL,'deny'),('4866','4','Magento_Sales::sales_order',NULL,'deny'),('4867','4','Magento_Sales::actions',NULL,'deny'),('4868','4','Magento_Sales::create',NULL,'deny'),('4869','4','Magento_Sales::actions_view',NULL,'deny'),('4870','4','Magento_Sales::email',NULL,'deny'),('4871','4','Magento_Sales::reorder',NULL,'deny'),('4872','4','Magento_Sales::actions_edit',NULL,'deny'),('4873','4','Magento_Sales::cancel',NULL,'deny'),('4874','4','Magento_Sales::review_payment',NULL,'deny'),('4875','4','Magento_Sales::capture',NULL,'deny'),('4876','4','Magento_Sales::invoice',NULL,'deny'),('4877','4','Magento_Sales::creditmemo',NULL,'deny'),('4878','4','Magento_Sales::hold',NULL,'deny'),('4879','4','Magento_Sales::unhold',NULL,'deny'),('4880','4','Magento_Sales::ship',NULL,'deny'),('4881','4','Magento_Sales::comment',NULL,'deny'),('4882','4','Magento_Sales::emails',NULL,'deny'),('4883','4','Magento_Paypal::authorization',NULL,'deny'),('4884','4','Magento_Sales::sales_invoice',NULL,'deny'),('4885','4','Magento_Sales::shipment',NULL,'deny'),('4886','4','Magento_Sales::sales_creditmemo',NULL,'deny'),('4887','4','Magento_Paypal::billing_agreement',NULL,'deny'),('4888','4','Magento_Paypal::billing_agreement_actions',NULL,'deny'),('4889','4','Magento_Paypal::billing_agreement_actions_view',NULL,'deny'),('4890','4','Magento_Paypal::actions_manage',NULL,'deny'),('4891','4','Magento_Paypal::use',NULL,'deny'),('4892','4','Magento_Sales::transactions',NULL,'deny'),('4893','4','Magento_Sales::transactions_fetch',NULL,'deny'),('4894','4','Magento_Catalog::catalog',NULL,'deny'),('4895','4','Magento_Catalog::catalog_inventory',NULL,'deny'),('4896','4','Magento_Catalog::products',NULL,'deny'),('4897','4','Magento_Catalog::update_attributes',NULL,'deny'),('4898','4','Magento_Catalog::edit_product_design',NULL,'deny'),('4899','4','Magento_Catalog::categories',NULL,'deny'),('4900','4','Magento_Catalog::edit_category_design',NULL,'deny'),('4901','4','Magento_Customer::customer',NULL,'deny'),('4902','4','Magento_Customer::manage',NULL,'deny'),('4903','4','Magento_Customer::actions',NULL,'deny'),('4904','4','Magento_Customer::delete',NULL,'deny'),('4905','4','Magento_Customer::reset_password',NULL,'deny'),('4906','4','Magento_Customer::invalidate_tokens',NULL,'deny'),('4907','4','Magento_LoginAsCustomer::allow_shopping_assistance',NULL,'deny'),('4908','4','Magento_Customer::online',NULL,'deny'),('4909','4','Magento_Customer::group',NULL,'deny'),('4910','4','Magento_LoginAsCustomer::login',NULL,'deny'),('4911','4','Magento_LoginAsCustomerLog::login_log',NULL,'deny'),('4912','4','Magento_Cart::cart',NULL,'deny'),('4913','4','Magento_Cart::manage',NULL,'deny'),('4914','4','Magento_Backend::myaccount',NULL,'deny'),('4915','4','Magento_Backend::marketing',NULL,'deny'),('4916','4','Magento_CatalogRule::promo',NULL,'deny'),('4917','4','Magento_CatalogRule::promo_catalog',NULL,'deny'),('4918','4','Magento_SalesRule::quote',NULL,'deny'),('4919','4','Mageplaza_Smtp::email_marketing_menu',NULL,'deny'),('4920','4','Magento_Backend::marketing_communications',NULL,'deny'),('4921','4','Magento_Email::template',NULL,'deny'),('4922','4','Magento_Newsletter::template',NULL,'deny'),('4923','4','Magento_Newsletter::queue',NULL,'deny'),('4924','4','Magento_Newsletter::subscriber',NULL,'deny'),('4925','4','Magento_Backend::marketing_seo',NULL,'deny'),('4926','4','Magento_Search::search',NULL,'deny'),('4927','4','Magento_Search::synonyms',NULL,'deny'),('4928','4','Magento_UrlRewrite::urlrewrite',NULL,'deny'),('4929','4','Magento_Sitemap::sitemap',NULL,'deny'),('4930','4','Magento_Backend::marketing_user_content',NULL,'deny'),('4931','4','Magento_Review::reviews_all',NULL,'deny'),('4932','4','Magento_Review::pending',NULL,'deny'),('4933','4','Mageplaza_Core::menu',NULL,'deny'),('4934','4','Mageplaza_Smtp::smtp',NULL,'deny'),('4935','4','Mageplaza_Smtp::log',NULL,'deny'),('4936','4','Mageplaza_Smtp::abandoned_cart',NULL,'deny'),('4937','4','Mageplaza_Core::documentation',NULL,'deny'),('4938','4','Mageplaza_Core::userguide',NULL,'deny'),('4939','4','Mageplaza_Core::activate',NULL,'deny'),('4940','4','Magento_Backend::content',NULL,'deny'),('4941','4','Magento_Backend::content_elements',NULL,'deny'),('4942','4','Magento_Cms::page',NULL,'deny'),('4943','4','Magento_Cms::save',NULL,'deny'),('4944','4','Magento_Cms::save_design',NULL,'deny'),('4945','4','Magento_Cms::page_delete',NULL,'deny'),('4946','4','Magento_Cms::block',NULL,'deny'),('4947','4','Magento_Widget::widget_instance',NULL,'deny'),('4948','4','Magento_Cms::media_gallery',NULL,'deny'),('4949','4','Magento_MediaGalleryUiApi::insert_assets',NULL,'deny'),('4950','4','Magento_MediaGalleryUiApi::upload_assets',NULL,'deny'),('4951','4','Magento_MediaGalleryUiApi::edit_assets',NULL,'deny'),('4952','4','Magento_AdobeStockImageAdminUi::media_gallery',NULL,'deny'),('4953','4','Magento_AdobeStockImageAdminUi::save_preview_images',NULL,'deny'),('4954','4','Magento_AdobeStockImageAdminUi::license_images',NULL,'deny'),('4955','4','Magento_MediaGalleryUiApi::delete_assets',NULL,'deny'),('4956','4','Magento_MediaGalleryUiApi::create_folder',NULL,'deny'),('4957','4','Magento_MediaGalleryUiApi::delete_folder',NULL,'deny'),('4958','4','Magento_PageBuilder::templates',NULL,'deny'),('4959','4','Magento_PageBuilder::template_save',NULL,'deny'),('4960','4','Magento_PageBuilder::template_apply',NULL,'deny'),('4961','4','Magento_PageBuilder::template_delete',NULL,'deny'),('4962','4','Magento_Backend::design',NULL,'deny'),('4963','4','Magento_Theme::theme',NULL,'deny'),('4964','4','Magento_Backend::schedule',NULL,'deny'),('4965','4','Mageplaza_Blog::blog',NULL,'deny'),('4966','4','Mageplaza_Blog::post',NULL,'deny'),('4967','4','Mageplaza_Blog::tag',NULL,'deny'),('4968','4','Mageplaza_Blog::topic',NULL,'deny'),('4969','4','Mageplaza_Blog::category',NULL,'deny'),('4970','4','Mageplaza_Blog::author',NULL,'deny'),('4971','4','Mageplaza_Blog::comment',NULL,'deny'),('4972','4','Mageplaza_Blog::import',NULL,'deny'),('4973','4','Magento_Backend::content_translation',NULL,'deny'),('4974','4','Mageplaza_CustomForm::custom_form',NULL,'deny'),('4975','4','Mageplaza_CustomForm::form',NULL,'deny'),('4976','4','Mageplaza_CustomForm::responses',NULL,'deny'),('4977','4','Magento_Reports::report',NULL,'deny'),('4978','4','Magento_Reports::report_marketing',NULL,'deny'),('4979','4','Magento_Reports::shopcart',NULL,'deny'),('4980','4','Magento_Reports::product',NULL,'deny'),('4981','4','Magento_Reports::abandoned',NULL,'deny'),('4982','4','Magento_Reports::report_search',NULL,'deny'),('4983','4','Magento_Newsletter::problem',NULL,'deny'),('4984','4','Magento_Reports::review',NULL,'deny'),('4985','4','Magento_Reports::review_customer',NULL,'deny'),('4986','4','Magento_Reports::review_product',NULL,'deny'),('4987','4','Magento_Reports::salesroot',NULL,'deny'),('4988','4','Magento_Reports::salesroot_sales',NULL,'deny'),('4989','4','Magento_Reports::tax',NULL,'deny'),('4990','4','Magento_Reports::invoiced',NULL,'deny'),('4991','4','Magento_Reports::shipping',NULL,'deny'),('4992','4','Magento_Reports::refunded',NULL,'deny'),('4993','4','Magento_Reports::coupons',NULL,'deny'),('4994','4','Magento_Paypal::paypal_settlement_reports',NULL,'deny'),('4995','4','Magento_Paypal::paypal_settlement_reports_view',NULL,'deny'),('4996','4','Magento_Paypal::fetch',NULL,'deny'),('4997','4','PayPal_Braintree::settlement_report',NULL,'deny'),('4998','4','Magento_Reports::customers',NULL,'deny'),('4999','4','Magento_Reports::totals',NULL,'deny'),('5000','4','Magento_Reports::customers_orders',NULL,'deny'),('5001','4','Magento_Reports::accounts',NULL,'deny'),('5002','4','Magento_Reports::report_products',NULL,'deny'),('5003','4','Magento_Reports::viewed',NULL,'deny'),('5004','4','Magento_Reports::bestsellers',NULL,'deny'),('5005','4','Magento_Reports::lowstock',NULL,'deny'),('5006','4','Magento_Reports::sold',NULL,'deny'),('5007','4','Magento_Reports::downloads',NULL,'deny'),('5008','4','Magento_Reports::statistics',NULL,'deny'),('5009','4','Magento_Reports::statistics_refresh',NULL,'deny'),('5010','4','Magento_Analytics::business_intelligence',NULL,'deny'),('5011','4','Magento_Analytics::advanced_reporting',NULL,'deny'),('5012','4','Magento_Analytics::bi_essentials',NULL,'deny'),('5013','4','Magento_Backend::stores',NULL,'deny'),('5014','4','Magento_Backend::stores_settings',NULL,'deny'),('5015','4','Magento_Backend::store',NULL,'deny'),('5016','4','Magento_Config::config',NULL,'deny'),('5017','4','Magento_Cms::config_cms',NULL,'deny'),('5018','4','Magento_Catalog::config_catalog',NULL,'deny'),('5019','4','Magento_CatalogInventory::cataloginventory',NULL,'deny'),('5020','4','Magento_Payment::payment',NULL,'deny'),('5021','4','Magento_Payment::payment_services',NULL,'deny'),('5022','4','Magento_Contact::contact',NULL,'deny'),('5023','4','Magento_Downloadable::downloadable',NULL,'deny'),('5024','4','Magento_GoogleAnalytics::google',NULL,'deny'),('5025','4','Magento_LoginAsCustomer::config_section',NULL,'deny'),('5026','4','Magento_Newsletter::newsletter',NULL,'deny'),('5027','4','Anowave_Ec::anowave',NULL,'deny'),('5028','4','Anowave_Ec4::anowave',NULL,'deny'),('5029','4','Idealpostcodes_Ukaddresssearch::idealpostcodes',NULL,'deny'),('5030','4','Lof_All::config',NULL,'deny'),('5031','4','Lof_RequestForQuote::configurations',NULL,'deny'),('5032','4','Mageplaza_Blog::configuration',NULL,'deny'),('5033','4','Mageplaza_CustomForm::configuration',NULL,'deny'),('5034','4','Mageplaza_Smtp::configuration',NULL,'deny'),('5035','4','Mageplaza_Smtp::email_marketing',NULL,'deny'),('5036','4','WeltPixel_Backend::DocumentationSettings',NULL,'deny'),('5037','4','WeltPixel_CmsBlockScheduler::cmsblockscheduler_configuration',NULL,'deny'),('5038','4','WeltPixel_OwlCarouselSlider::owlcarouselslider_settings',NULL,'deny'),('5039','4','Magento_Shipping::carriers',NULL,'deny'),('5040','4','Magento_InventoryInStorePickupApi::inStorePickup',NULL,'deny'),('5041','4','Magento_InventoryInStorePickupApi::notify_orders_are_ready_for_pickup',NULL,'deny'),('5042','4','Magento_Shipping::config_shipping',NULL,'deny'),('5043','4','Magento_Multishipping::config_multishipping',NULL,'deny'),('5044','4','Magento_ReCaptchaUi::config',NULL,'deny'),('5045','4','Magento_Securitytxt::config',NULL,'deny'),('5046','4','MageWorx_DeliveryDate::system_config',NULL,'deny'),('5047','4','Mageplaza_Core::configuration',NULL,'deny'),('5048','4','Mageplaza_Core::marketplace',NULL,'deny'),('5049','4','Sparsh_Smtp::configuration',NULL,'deny'),('5050','4','Magento_Config::config_general',NULL,'deny'),('5051','4','Magento_Integration::config_oauth',NULL,'deny'),('5052','4','Magento_Webapi::config_webapi',NULL,'deny'),('5053','4','WeltPixel_SpeedOptimization::SpeedOptimizationSettings',NULL,'deny'),('5054','4','Magento_Config::web',NULL,'deny'),('5055','4','Magento_Config::config_design',NULL,'deny'),('5056','4','Mageplaza_GoogleRecaptcha::configuration',NULL,'deny'),('5057','4','Magento_Customer::config_customer',NULL,'deny'),('5058','4','Magento_Paypal::paypal',NULL,'deny'),('5059','4','Magento_Tax::config_tax',NULL,'deny'),('5060','4','Magento_Checkout::checkout',NULL,'deny'),('5061','4','Magento_Sales::config_sales',NULL,'deny'),('5062','4','Magento_Persistent::persistent',NULL,'deny'),('5063','4','Magento_Sales::sales_email',NULL,'deny'),('5064','4','Magento_Sales::sales_pdf',NULL,'deny'),('5065','4','Magento_Reports::reports',NULL,'deny'),('5066','4','Magento_Sitemap::config_sitemap',NULL,'deny'),('5067','4','MageWorx_GeoIP::config_geoip',NULL,'deny'),('5068','4','Magento_Config::config_system',NULL,'deny'),('5069','4','Magento_Wishlist::config_wishlist',NULL,'deny'),('5070','4','MageWorx_Downloads::config_downloads',NULL,'deny'),('5071','4','Magento_SalesRule::config_promo',NULL,'deny'),('5072','4','MageWorx_Info::config_notification',NULL,'deny'),('5073','4','MageWorx_ShippingRules::config_shippingrules',NULL,'deny'),('5074','4','MageWorx_ShippingCalculatorBase::config_main',NULL,'deny'),('5075','4','MageWorx_Info::config_extensions',NULL,'deny'),('5076','4','MageWorx_Info::config_systeminfo_tab',NULL,'deny'),('5077','4','Magento_Config::config_admin',NULL,'deny'),('5078','4','Magento_Config::trans_email',NULL,'deny'),('5079','4','MageWorx_OptionBase::config_optionbase',NULL,'deny'),('5080','4','MageWorx_OptionFeatures::config_optionfeatures',NULL,'deny'),('5081','4','MageWorx_OptionDependency::config_optiondependency',NULL,'deny'),('5082','4','MageWorx_OptionLink::config_optionlink',NULL,'deny'),('5083','4','MageWorx_OptionInventory::config_optioninventory',NULL,'deny'),('5084','4','MageWorx_OptionAdvancedPricing::config_optionadvancedpricing',NULL,'deny'),('5085','4','MageWorx_OptionSkuPolicy::config_optionskupolicy',NULL,'deny'),('5086','4','MageWorx_OptionSwatches::config_optionswatches',NULL,'deny'),('5087','4','MageWorx_OptionImportExport::config_optionimportexport',NULL,'deny'),('5088','4','MageWorx_OptionVisibility::config_optionvisibility',NULL,'deny'),('5089','4','Magento_Config::dev',NULL,'deny'),('5090','4','Magento_Config::currency',NULL,'deny'),('5091','4','Magento_Rss::rss',NULL,'deny'),('5092','4','Magento_Config::sendfriend',NULL,'deny'),('5093','4','MageWorx_DynamicOptionsBase::config',NULL,'deny'),('5094','4','Magento_Analytics::analytics_settings',NULL,'deny'),('5095','4','WeltPixel_FrontendOptions::FrontendOptionsSettings',NULL,'deny'),('5096','4','WeltPixel_CustomHeader::CustomHeaderSettings',NULL,'deny'),('5097','4','WeltPixel_CustomFooter::CustomFooterSettings',NULL,'deny'),('5098','4','WeltPixel_DesignElements::DesignElementsSettings',NULL,'deny'),('5099','4','WeltPixel_CategoryPage::CategoryPageSettings',NULL,'deny'),('5100','4','WeltPixel_Multistore::MultistoreSettings',NULL,'deny'),('5101','4','WeltPixel_FullPageScroll::FullPageScrollSettings',NULL,'deny'),('5102','4','WeltPixel_NavigationLinks::MegamenuSettings',NULL,'deny'),('5103','4','WeltPixel_Quickview::QuickviewSettings',NULL,'deny'),('5104','4','WeltPixel_SmartProductTabs::SmartProductTabsSettings',NULL,'deny'),('5105','4','WeltPixel_Sitemap::SitemapSettings',NULL,'deny'),('5106','4','WeltPixel_AdvancedWishlist::AdvancedWishlistSettings',NULL,'deny'),('5107','4','WeltPixel_Instagram::InstagramSettings',NULL,'deny'),('5108','4','WeltPixel_ProductPage::ProductPageSettings',NULL,'deny'),('5109','4','WeltPixel_AjaxInfiniteScroll::AjaxInfiniteScrollSettings',NULL,'deny'),('5110','4','WeltPixel_Newsletter::NewsletterSettings',NULL,'deny'),('5111','4','WeltPixel_ProductLabels::ProductLabelsSettings',NULL,'deny'),('5112','4','WeltPixel_QuickCart::QuickCartSettings',NULL,'deny'),('5113','4','WeltPixel_SearchAutoComplete::SearchAutoCompleteSettings',NULL,'deny'),('5114','4','WeltPixel_UserProfile::UserProfileSettings',NULL,'deny'),('5115','4','WeltPixel_LazyLoading::LazyLoadingSettings',NULL,'deny'),('5116','4','WeltPixel_RecentlyViewedBar::RecentlyViewedBar',NULL,'deny'),('5117','4','WeltPixel_LayeredNavigation::LayeredNavigation',NULL,'deny'),('5118','4','WeltPixel_AdvanceCategorySorting::AdvanceCategorySortingSettings',NULL,'deny'),('5119','4','WeltPixel_GoogleCards::GoogleCardsSettings',NULL,'deny'),('5120','4','WeltPixel_SocialLogin::SocialLogin',NULL,'deny'),('5121','4','WeltPixel_GoogleCards::SchemasSettings',NULL,'deny'),('5122','4','WeltPixel_GoogleTagManager::GoogleTagManagerSettings',NULL,'deny'),('5123','4','WeltPixel_ThankYouPage::ThankYouPageSettings',NULL,'deny'),('5124','4','WeltPixel_EnhancedEmail::EnhancedEmail',NULL,'deny'),('5125','4','WeltPixel_Backend::DeveloperSettings',NULL,'deny'),('5126','4','WeltPixel_Command::LessCssGeneration',NULL,'deny'),('5127','4','Magento_NewRelicReporting::config_newrelicreporting',NULL,'deny'),('5128','4','Magento_CheckoutAgreements::checkoutagreement',NULL,'deny'),('5129','4','Magento_Sales::order_statuses',NULL,'deny'),('5130','4','Magento_InventoryApi::inventory',NULL,'deny'),('5131','4','Magento_InventoryApi::source',NULL,'deny'),('5132','4','Magento_InventoryApi::source_edit',NULL,'deny'),('5133','4','Magento_InventoryApi::ship_source_selection',NULL,'deny'),('5134','4','Magento_InventorySourceSelectionApi::source_selection_algorithm',NULL,'deny'),('5135','4','Magento_InventorySourceSelectionApi::source_selection_algorithm_post',NULL,'deny'),('5136','4','Magento_InventoryApi::stock',NULL,'deny'),('5137','4','Magento_InventoryApi::stock_edit',NULL,'deny'),('5138','4','Magento_InventoryApi::stock_delete',NULL,'deny'),('5139','4','Magento_InventoryLowQuantityNotificationApi::low_quantity_notification',NULL,'deny'),('5140','4','Magento_InventoryLowQuantityNotificationApi::stock_create_low_quantity_notification',NULL,'deny'),('5141','4','Magento_InventoryLowQuantityNotificationApi::stock_delete_low_quantity_notification',NULL,'deny'),('5142','4','Magento_InventoryApi::stock_source_link',NULL,'deny'),('5143','4','Magento_InventoryApi::stock_source_item_assign',NULL,'deny'),('5144','4','Magento_InventorySalesApi::stock',NULL,'deny'),('5145','4','Magento_Tax::manage_tax',NULL,'deny'),('5146','4','Magento_CurrencySymbol::system_currency',NULL,'deny'),('5147','4','Magento_CurrencySymbol::currency_rates',NULL,'deny'),('5148','4','Magento_CurrencySymbol::symbols',NULL,'deny'),('5149','4','Magento_Backend::stores_attributes',NULL,'deny'),('5150','4','Magento_Catalog::attributes_attributes',NULL,'deny'),('5151','4','Magento_Catalog::sets',NULL,'deny'),('5152','4','Magento_Review::ratings',NULL,'deny'),('5153','4','Magento_Swatches::iframe',NULL,'deny'),('5154','4','MageWorx_DeliveryDate::main',NULL,'deny'),('5155','4','MageWorx_DeliveryDate::queue',NULL,'deny'),('5156','4','MageWorx_DeliveryDate::delivery_option',NULL,'deny'),('5157','4','MageWorx_DeliveryDate::manage',NULL,'deny'),('5158','4','MageWorx_Downloads::downloads',NULL,'deny'),('5159','4','MageWorx_Downloads::sections',NULL,'deny'),('5160','4','MageWorx_Downloads::attachments',NULL,'deny'),('5161','4','MageWorx_OptionTemplates::options',NULL,'deny'),('5162','4','MageWorx_OptionTemplates::groups',NULL,'deny'),('5163','4','MageWorx_ShippingRules::shippingrules',NULL,'deny'),('5164','4','MageWorx_ShippingRules::quote',NULL,'deny'),('5165','4','MageWorx_ShippingRules::carrier',NULL,'deny'),('5166','4','MageWorx_ShippingRules::zone',NULL,'deny'),('5167','4','MageWorx_ShippingRules::region',NULL,'deny'),('5168','4','MageWorx_ShippingRules::extended_zones',NULL,'deny'),('5169','4','Magento_Backend::stores_other_settings',NULL,'deny'),('5170','4','MageWorx_OptionInventory::report',NULL,'deny'),('5171','4','Magento_Backend::system',NULL,'deny'),('5172','4','Magento_AdobeIms::adobe_ims',NULL,'deny'),('5173','4','Magento_AdobeIms::actions',NULL,'deny'),('5174','4','Magento_AdobeIms::login',NULL,'deny'),('5175','4','Magento_AdobeIms::logout',NULL,'deny'),('5176','4','Magento_AdobeStockAsset::adobe_stock_asset',NULL,'deny'),('5177','4','Magento_AdobeStockAsset::actions',NULL,'deny'),('5178','4','Magento_AdobeStockAsset::actions_delete',NULL,'deny'),('5179','4','Magento_AdobeStockAsset::actions_save',NULL,'deny'),('5180','4','Magento_AdobeStockAsset::actions_view',NULL,'deny'),('5181','4','Magento_AdobeStockAsset::actions_get',NULL,'deny'),('5182','4','Magento_Backend::convert',NULL,'deny'),('5183','4','Magento_ImportExport::import',NULL,'deny'),('5184','4','Magento_ImportExport::export',NULL,'deny'),('5185','4','Magento_TaxImportExport::import_export',NULL,'deny'),('5186','4','Magento_ImportExport::history',NULL,'deny'),('5187','4','MageWorx_DownloadsImportExport::sections',NULL,'deny'),('5188','4','MageWorx_ShippingRules::import_export',NULL,'deny'),('5189','4','MageWorx_DownloadsImportExport::attachments',NULL,'deny'),('5190','4','MageWorx_OptionImportExport::import_export',NULL,'deny'),('5191','4','Magento_Backend::extensions',NULL,'deny'),('5192','4','Magento_Backend::local',NULL,'deny'),('5193','4','Magento_Backend::custom',NULL,'deny'),('5194','4','Magento_Integration::extensions',NULL,'deny'),('5195','4','Magento_Integration::integrations',NULL,'deny'),('5196','4','Magento_Backend::tools',NULL,'deny'),('5197','4','Magento_Backend::cache',NULL,'deny'),('5198','4','Magento_Backend::main_actions',NULL,'deny'),('5199','4','Magento_Backend::flush_cache_storage',NULL,'deny'),('5200','4','Magento_Backend::flush_magento_cache',NULL,'deny'),('5201','4','Magento_Backend::mass_actions',NULL,'deny'),('5202','4','Magento_Backend::toggling_cache_type',NULL,'deny'),('5203','4','Magento_Backend::refresh_cache_type',NULL,'deny'),('5204','4','Magento_Backend::additional_cache_management',NULL,'deny'),('5205','4','Magento_Backend::flush_catalog_images',NULL,'deny'),('5206','4','Magento_Backend::flush_js_css',NULL,'deny'),('5207','4','Magento_Backend::flush_static_files',NULL,'deny'),('5208','4','Magento_Backup::backup',NULL,'deny'),('5209','4','Magento_Backup::rollback',NULL,'deny'),('5210','4','Magento_Indexer::index',NULL,'deny'),('5211','4','Magento_Indexer::changeMode',NULL,'deny'),('5212','4','Magento_Indexer::invalidate',NULL,'deny'),('5213','4','Magento_User::acl',NULL,'deny'),('5214','4','Magento_User::acl_users',NULL,'deny'),('5215','4','Magento_User::locks',NULL,'deny'),('5216','4','Magento_User::acl_roles',NULL,'deny'),('5217','4','Magento_Logging::magento_logging',NULL,'deny'),('5218','4','Magento_Logging::magento_logging_events',NULL,'deny'),('5219','4','Magento_Logging::system_magento_logging_bulk_operations',NULL,'deny'),('5220','4','Magento_Backend::system_other_settings',NULL,'deny'),('5221','4','Magento_AdminNotification::adminnotification',NULL,'deny'),('5222','4','Magento_AdminNotification::show_toolbar',NULL,'deny'),('5223','4','Magento_AdminNotification::show_list',NULL,'deny'),('5224','4','Magento_AdminNotification::mark_as_read',NULL,'deny'),('5225','4','Magento_AdminNotification::adminnotification_remove',NULL,'deny'),('5226','4','Magento_Variable::variable',NULL,'deny'),('5227','4','Magento_EncryptionKey::crypt_key',NULL,'deny'),('5228','4','Magento_Backend::global_search',NULL,'deny'),('5229','4','Magenest_Core::contact',NULL,'deny'),('5230','4','WeltPixel_Backend::WeltPixel',NULL,'deny'),('5231','4','WeltPixel_Backend::WeltPixel_Documentation',NULL,'deny'),('5232','4','WeltPixel_Backend::WeltPixel_HelpCenter',NULL,'deny'),('5233','4','WeltPixel_Backend::WeltPixel_Licenses',NULL,'deny'),('5234','4','WeltPixel_Backend::Modules_License',NULL,'deny'),('5235','4','WeltPixel_Backend::WeltPixel_Debugger',NULL,'deny'),('5236','4','WeltPixel_Backend::WeltPixel_Debugger_Rewrites',NULL,'deny'),('5237','4','WeltPixel_Backend::WeltPixel_Debugger_Modules',NULL,'deny'),('5238','4','WeltPixel_Backend::WeltPixel_Debugger_Developer',NULL,'deny'),('5239','4','WeltPixel_Backend::Pearl_Theme_Options',NULL,'deny'),('5240','4','WeltPixel_FrontendOptions::FrontendOptions',NULL,'deny'),('5241','4','WeltPixel_DesignElements::DesignElements',NULL,'deny'),('5242','4','WeltPixel_CustomHeader::CustomHeader',NULL,'deny'),('5243','4','WeltPixel_CustomFooter::CustomFooter',NULL,'deny'),('5244','4','WeltPixel_CategoryPage::CategoryPage',NULL,'deny'),('5245','4','WeltPixel_ProductPage::ProductPage',NULL,'deny'),('5246','4','WeltPixel_CmsBlockScheduler::cmsblockscheduler',NULL,'deny'),('5247','4','WeltPixel_CmsBlockScheduler::systemconfiguration',NULL,'deny'),('5248','4','WeltPixel_CmsBlockScheduler::cmsblockscheduler_manage_tags',NULL,'deny'),('5249','4','WeltPixel_OwlCarouselSlider::owlcarouselslider',NULL,'deny'),('5250','4','WeltPixel_OwlCarouselSlider::owlcarouselslider_general_configuration_carousel',NULL,'deny'),('5251','4','WeltPixel_OwlCarouselSlider::owlcarouselslider_products_sliders',NULL,'deny'),('5252','4','WeltPixel_OwlCarouselSlider::owlsliders',NULL,'deny'),('5253','4','WeltPixel_OwlCarouselSlider::owlcarouselslider_general_configuration_slider',NULL,'deny'),('5254','4','WeltPixel_OwlCarouselSlider::owlcarouselslider_custom_sliders',NULL,'deny'),('5255','4','WeltPixel_OwlCarouselSlider::owlcarouselslider_custom_banners',NULL,'deny'),('5256','4','WeltPixel_Multistore::Multistore_Label',NULL,'deny'),('5257','4','WeltPixel_Multistore::Multistore',NULL,'deny'),('5258','4','WeltPixel_FullPageScroll::FullPageScroll_Label',NULL,'deny'),('5259','4','WeltPixel_FullPageScroll::FullPageScroll',NULL,'deny'),('5260','4','WeltPixel_GoogleCards::GoogleCards_Label',NULL,'deny'),('5261','4','WeltPixel_GoogleCards::GoogleCards',NULL,'deny'),('5262','4','WeltPixel_GoogleCards::Schemas',NULL,'deny'),('5263','4','WeltPixel_GoogleTagManager::GoogleTagManager_Label',NULL,'deny'),('5264','4','WeltPixel_GoogleTagManager::GoogleTagManager',NULL,'deny'),('5265','4','WeltPixel_Quickview::Quickview_Label',NULL,'deny'),('5266','4','WeltPixel_Quickview::Quickview',NULL,'deny'),('5267','4','WeltPixel_Quickview::QuickviewMessages',NULL,'deny'),('5268','4','WeltPixel_SmartProductTabs::SmartProductTabs_Label',NULL,'deny'),('5269','4','WeltPixel_SmartProductTabs::SmartProductTabs',NULL,'deny'),('5270','4','WeltPixel_SmartProductTabs::SmartProductTabsGrid',NULL,'deny'),('5271','4','WeltPixel_SpeedOptimization::SpeedOptimization_Label',NULL,'deny'),('5272','4','WeltPixel_SpeedOptimization::SpeedOptimization',NULL,'deny'),('5273','4','WeltPixel_AjaxInfiniteScroll::AjaxInfiniteScroll_Label',NULL,'deny'),('5274','4','WeltPixel_AjaxInfiniteScroll::AjaxInfiniteScroll',NULL,'deny'),('5275','4','WeltPixel_EnhancedEmail::EnhancedEmail_Label',NULL,'deny'),('5276','4','WeltPixel_EnhancedEmail::EnhancedEmail_General',NULL,'deny'),('5277','4','WeltPixel_Instagram::Instagram_Label',NULL,'deny'),('5278','4','WeltPixel_Instagram::Instagram',NULL,'deny'),('5279','4','WeltPixel_NavigationLinks::MegaMenu_Label',NULL,'deny'),('5280','4','WeltPixel_NavigationLinks::Megamenu',NULL,'deny'),('5281','4','WeltPixel_Newsletter::Newsletter_Label',NULL,'deny'),('5282','4','WeltPixel_Newsletter::Newsletter',NULL,'deny'),('5283','4','WeltPixel_QuickCart::QuickCart_Label',NULL,'deny'),('5284','4','WeltPixel_QuickCart::QuickCart',NULL,'deny'),('5285','4','WeltPixel_SearchAutoComplete::SearchAutoComplete_Label',NULL,'deny'),('5286','4','WeltPixel_SearchAutoComplete::SearchAutoComplete',NULL,'deny'),('5287','4','WeltPixel_LazyLoading::LazyLoading_Label',NULL,'deny'),('5288','4','WeltPixel_LazyLoading::LazyLoading',NULL,'deny'),('5289','4','WeltPixel_AdvanceCategorySorting::AdvanceCategorySorting_Label',NULL,'deny'),('5290','4','WeltPixel_AdvanceCategorySorting::AdvanceCategorySorting',NULL,'deny'),('5291','4','WeltPixel_LayeredNavigation::LayeredNavigation_Label',NULL,'deny'),('5292','4','WeltPixel_LayeredNavigation::LayeredNavigation_General',NULL,'deny'),('5293','4','WeltPixel_RecentlyViewedBar::RecentlyViewedBar_Label',NULL,'deny'),('5294','4','WeltPixel_RecentlyViewedBar::RecentlyViewedBar_General',NULL,'deny'),('5295','4','WeltPixel_Sitemap::Sitemap_Label',NULL,'deny'),('5296','4','WeltPixel_Sitemap::Sitemap',NULL,'deny'),('5297','4','WeltPixel_Sitemap::SitemapOptionSettings',NULL,'deny'),('5298','4','WeltPixel_SocialLogin::SocialLogin_Label',NULL,'deny'),('5299','4','WeltPixel_SocialLogin::SocialLogin_General',NULL,'deny'),('5300','4','WeltPixel_ThankYouPage::ThankYouPage_Label',NULL,'deny'),('5301','4','WeltPixel_ThankYouPage::ThankYouPage',NULL,'deny'),('5302','4','WeltPixel_AdvancedWishlist::AdvancedWishlist_Label',NULL,'deny'),('5303','4','WeltPixel_AdvancedWishlist::AdvancedWishlist',NULL,'deny'),('5304','4','WeltPixel_UserProfile::UserProfile_Label',NULL,'deny'),('5305','4','WeltPixel_UserProfile::UserProfile',NULL,'deny'),('5306','4','WeltPixel_ProductLabels::ProductLabels_Label',NULL,'deny'),('5307','4','WeltPixel_ProductLabels::ProductLabels',NULL,'deny'),('5308','4','WeSupply_Toolbox::WeSupply',NULL,'deny'),('5309','4','WeSupply_Toolbox::Toolbox_Label',NULL,'deny'),('5310','4','WeSupply_Toolbox::APISettings',NULL,'deny'),('5311','4','WeSupply_Toolbox::HelpCenter',NULL,'deny'),('5312','4','WeSupply_Toolbox::OrderTrackingNotifications',NULL,'deny'),('5313','4','WeSupply_Toolbox::ReturnsRMA',NULL,'deny'),('5314','4','WeSupply_Toolbox::EstimatedDeliveryDates',NULL,'deny'),('5315','4','WeSupply_Toolbox::StoreLocator',NULL,'deny'),('5316','4','WeSupply_Toolbox::StorePickupCurbside',NULL,'deny'),('5317','4','WeSupply_Toolbox::Reviews',NULL,'deny'),('5318','3','Magento_Backend::all',NULL,'allow'),('5320','9','Magento_Backend::all',NULL,'allow');

--
-- Table structure for table `braintree_credit_prices`
--

CREATE TABLE `braintree_credit_prices` (
  `id` int unsigned NOT NULL AUTO_INCREMENT COMMENT 'Row ID',
  `product_id` int unsigned NOT NULL COMMENT 'Product Id',
  `term` int NOT NULL COMMENT 'Credit Term',
  `monthly_payment` decimal(12,2) NOT NULL COMMENT 'Monthly Payment',
  `instalment_rate` decimal(12,2) NOT NULL COMMENT 'Instalment Rate',
  `cost_of_purchase` decimal(12,2) NOT NULL COMMENT 'Cost of purchase',
  `total_inc_interest` decimal(12,2) NOT NULL COMMENT 'Total Inc Interest',
  PRIMARY KEY (`id`),
  UNIQUE KEY `BRAINTREE_CREDIT_PRICES_PRODUCT_ID_TERM` (`product_id`,`term`),
  KEY `BRAINTREE_CREDIT_PRICES_PRODUCT_ID` (`product_id`)
) ENGINE=InnoDB DEFAULT CHARSET=utf8mb4 COLLATE=utf8mb4_general_ci COMMENT='Braintree credit rates';

--
-- Table structure for table `braintree_transaction_details`
--

CREATE TABLE `braintree_transaction_details` (
  `entity_id` int unsigned NOT NULL AUTO_INCREMENT COMMENT 'Entity ID',
  `order_id` int unsigned NOT NULL COMMENT 'Order Id',
  `transaction_source` text CHARACTER SET utf8mb4 COLLATE utf8mb4_general_ci COMMENT 'Transaction Source',
  PRIMARY KEY (`entity_id`),
  KEY `BRAINTREE_TRANSACTION_DETAILS_ORDER_ID` (`order_id`)
) ENGINE=InnoDB DEFAULT CHARSET=utf8mb4 COLLATE=utf8mb4_general_ci COMMENT='Braintree transaction details table';

--
-- Table structure for table `cache`
--

CREATE TABLE `cache` (
  `id` varchar(200) CHARACTER SET utf8mb4 COLLATE utf8mb4_general_ci NOT NULL,
  `data` mediumblob COMMENT 'Cache Data',
  `create_time` int DEFAULT NULL COMMENT 'Cache Creation Time',
  `update_time` int DEFAULT NULL COMMENT 'Time of Cache Updating',
  `expire_time` int DEFAULT NULL COMMENT 'Cache Expiration Time',
  PRIMARY KEY (`id`),
  KEY `CACHE_EXPIRE_TIME` (`expire_time`)
) ENGINE=InnoDB DEFAULT CHARSET=utf8mb4 COLLATE=utf8mb4_general_ci COMMENT='Caches';

--
-- Table structure for table `cache_tag`
--

CREATE TABLE `cache_tag` (
  `tag` varchar(100) CHARACTER SET utf8mb4 COLLATE utf8mb4_general_ci NOT NULL,
  `cache_id` varchar(200) CHARACTER SET utf8mb4 COLLATE utf8mb4_general_ci NOT NULL,
  PRIMARY KEY (`tag`,`cache_id`),
  KEY `CACHE_TAG_CACHE_ID` (`cache_id`)
) ENGINE=InnoDB DEFAULT CHARSET=utf8mb4 COLLATE=utf8mb4_general_ci COMMENT='Tag Caches';

--
-- Table structure for table `captcha_log`
--

CREATE TABLE `captcha_log` (
  `type` varchar(32) CHARACTER SET utf8mb4 COLLATE utf8mb4_general_ci NOT NULL COMMENT 'Type',
  `value` varchar(255) CHARACTER SET utf8mb4 COLLATE utf8mb4_general_ci NOT NULL COMMENT 'Value',
  `count` int unsigned NOT NULL DEFAULT '0' COMMENT 'Count',
  `updated_at` timestamp NULL DEFAULT NULL COMMENT 'Update Time',
  PRIMARY KEY (`type`,`value`)
) ENGINE=InnoDB DEFAULT CHARSET=utf8mb4 COLLATE=utf8mb4_general_ci COMMENT='Count Login Attempts';

--
-- Table structure for table `catalog_category_entity`
--

CREATE TABLE `catalog_category_entity` (
  `entity_id` int unsigned NOT NULL AUTO_INCREMENT COMMENT 'Entity ID',
  `attribute_set_id` smallint unsigned NOT NULL DEFAULT '0' COMMENT 'Attribute Set ID',
  `parent_id` int unsigned NOT NULL DEFAULT '0' COMMENT 'Parent Category ID',
  `created_at` timestamp NOT NULL DEFAULT CURRENT_TIMESTAMP COMMENT 'Creation Time',
  `updated_at` timestamp NOT NULL DEFAULT CURRENT_TIMESTAMP ON UPDATE CURRENT_TIMESTAMP COMMENT 'Update Time',
  `path` varchar(255) CHARACTER SET utf8mb4 COLLATE utf8mb4_general_ci NOT NULL COMMENT 'Tree Path',
  `position` int NOT NULL COMMENT 'Position',
  `level` int NOT NULL DEFAULT '0' COMMENT 'Tree Level',
  `children_count` int NOT NULL COMMENT 'Child Count',
  PRIMARY KEY (`entity_id`),
  KEY `CATALOG_CATEGORY_ENTITY_LEVEL` (`level`),
  KEY `CATALOG_CATEGORY_ENTITY_PATH` (`path`)
) ENGINE=InnoDB AUTO_INCREMENT=259 DEFAULT CHARSET=utf8mb4 COLLATE=utf8mb4_general_ci COMMENT='Catalog Category Table';

--
-- Dumping data for table `catalog_category_entity`
--

INSERT INTO `catalog_category_entity` VALUES ('1',3,'0','2021-09-15 11:27:58','2026-04-30 14:35:06','1','0','0','173'),('2',3,'1','2021-09-15 11:27:58','2026-04-30 14:35:06','1/2','1','1','162'),('38',3,'2','2021-09-15 11:29:57','2026-01-29 11:08:14','1/2/38','1','2','7'),('42',3,'2','2021-09-21 12:50:17','2026-04-17 08:09:41','1/2/42','7','2','33'),('43',3,'2','2021-09-21 12:54:23','2026-04-17 14:09:21','1/2/43','9','2','4'),('44',3,'2','2021-09-21 12:55:40','2026-04-17 10:42:11','1/2/44','10','2','31'),('45',3,'2','2021-09-21 12:57:31','2026-04-14 08:29:55','1/2/45','11','2','17'),('47',3,'2','2021-09-21 13:01:16','2026-04-17 13:49:53','1/2/47','12','2','17'),('48',3,'42','2021-09-21 13:04:50','2026-04-17 09:39:36','1/2/42/48','6','3','0'),('50',3,'42','2021-09-21 13:07:12','2026-04-23 07:43:07','1/2/42/50','4','3','0'),('51',3,'42','2021-09-21 13:11:23','2026-04-17 09:59:59','1/2/42/51','9','3','0'),('53',3,'44','2021-09-21 14:19:36','2026-04-14 08:42:16','1/2/44/53','20','3','0'),('54',3,'44','2021-09-21 14:20:28','2026-04-17 10:42:34','1/2/44/54','4','3','4'),('55',3,'44','2021-09-21 14:22:59','2026-04-17 11:07:11','1/2/44/55','6','3','0'),('56',3,'45','2021-09-21 14:25:43','2026-04-17 11:38:51','1/2/45/56','3','3','1'),('57',3,'45','2021-09-21 14:27:00','2026-04-17 11:41:55','1/2/45/57','12','3','1'),('59',3,'2','2021-09-24 11:19:12','2026-04-30 14:45:04','1/2/59','14','2','5'),('60',3,'59','2021-09-24 11:23:31','2025-02-05 09:13:39','1/2/59/60','2','3','0'),('70',3,'59','2021-09-27 13:02:21','2025-02-05 09:14:07','1/2/59/70','3','3','0'),('75',3,'1','2021-10-08 09:26:39','2021-10-14 13:17:58','1/75','2','1','3'),('76',3,'75','2021-10-08 15:26:40','2021-11-15 09:41:27','1/75/76','1','2','0'),('77',3,'75','2021-10-08 15:27:02','2021-11-15 09:41:47','1/75/77','2','2','0'),('78',3,'75','2021-10-14 13:17:58','2021-11-15 09:42:03','1/75/78','3','2','0'),('79',3,'2','2022-02-02 12:51:23','2026-04-17 12:00:09','1/2/79','8','2','16'),('81',3,'45','2022-06-23 09:23:06','2026-04-17 11:27:58','1/2/45/81','1','3','0'),('82',3,'1','2022-07-28 10:57:10','2022-07-28 10:57:46','1/82','3','1','2'),('83',3,'82','2022-07-28 10:57:21','2022-07-28 10:57:46','1/82/83','1','2','0'),('84',3,'82','2022-07-28 10:57:31','2022-07-28 10:57:46','1/82/84','2','2','0'),('85',3,'1','2022-10-04 15:08:15','2023-06-29 10:45:34','1/85','4','1','2'),('86',3,'42','2022-10-21 13:12:47','2026-04-17 10:28:25','1/2/42/86','13','3','0'),('88',3,'2','2022-12-12 15:57:51','2025-12-22 09:31:27','1/2/88','17','2','0'),('89',3,'44','2023-01-16 10:36:14','2026-04-17 11:13:34','1/2/44/89','16','3','0'),('90',3,'59','2023-01-17 08:44:22','2025-02-05 09:12:59','1/2/59/90','1','3','0'),('91',3,'224','2023-06-20 09:22:42','2026-04-17 10:33:42','1/2/42/224/91','4','4','0'),('93',3,'45','2023-06-27 10:21:00','2026-04-17 11:54:47','1/2/45/93','9','3','0'),('94',3,'85','2023-06-29 10:43:05','2023-06-29 10:43:05','1/85/94','1','2','0'),('95',3,'85','2023-06-29 10:45:34','2023-06-29 10:45:34','1/85/95','2','2','0'),('96',3,'38','2023-06-29 15:24:48','2026-01-29 11:08:14','1/2/38/96','5','3','0'),('97',3,'43','2024-01-02 14:26:59','2026-04-17 14:09:43','1/2/43/97','1','3','0'),('98',3,'43','2024-01-02 14:28:56','2026-04-17 14:10:11','1/2/43/98','2','3','0'),('99',3,'43','2024-01-02 14:29:40','2026-04-17 14:11:22','1/2/43/99','3','3','0'),('100',3,'43','2024-01-02 14:30:28','2026-04-17 14:11:54','1/2/43/100','4','3','0'),('102',3,'42','2024-01-02 15:54:25','2026-04-17 10:25:34','1/2/42/102','10','3','0'),('103',3,'44','2024-01-03 14:47:02','2026-01-29 11:50:01','1/2/44/103','17','3','0'),('104',3,'45','2024-01-03 16:08:45','2026-04-17 11:52:15','1/2/45/104','5','3','0'),('105',3,'42','2024-01-04 11:52:25','2026-04-17 09:45:55','1/2/42/105','5','3','1'),('110',3,'47','2024-01-04 12:00:35','2025-12-09 10:35:24','1/2/47/110','16','3','0'),('117',3,'224','2024-01-08 13:18:08','2026-04-17 10:36:18','1/2/42/224/117','10','4','0'),('118',3,'224','2024-01-08 13:27:26','2026-04-17 10:30:24','1/2/42/224/118','1','4','0'),('119',3,'44','2024-01-08 14:21:27','2026-01-29 11:19:49','1/2/44/119','2','3','0'),('120',3,'224','2024-01-08 14:21:54','2026-04-17 10:30:46','1/2/42/224/120','2','4','0'),('121',3,'224','2024-01-08 14:22:41','2026-04-17 10:33:18','1/2/42/224/121','3','4','0'),('123',3,'42','2024-01-08 14:24:18','2026-01-29 12:30:26','1/2/42/123','19','3','0'),('124',3,'224','2024-01-08 14:25:11','2026-04-17 10:34:26','1/2/42/224/124','5','4','0'),('126',3,'42','2024-01-08 14:26:03','2026-01-29 12:30:01','1/2/42/126','12','3','0'),('127',3,'224','2024-01-08 14:26:32','2026-04-17 10:34:50','1/2/42/224/127','6','4','0'),('128',3,'224','2024-01-08 14:26:49','2026-04-17 10:35:36','1/2/42/224/128','8','4','0'),('129',3,'224','2024-01-08 14:27:08','2026-04-17 10:35:14','1/2/42/224/129','7','4','0'),('130',3,'224','2024-01-08 14:27:22','2026-04-17 10:35:58','1/2/42/224/130','9','4','0'),('131',3,'224','2024-01-08 14:27:47','2026-04-17 10:36:43','1/2/42/224/131','11','4','0'),('133',3,'79','2024-01-08 15:15:02','2026-03-17 09:41:42','1/2/79/133','1','3','0'),('134',3,'79','2024-01-08 15:16:28','2026-04-17 12:03:25','1/2/79/134','2','3','0'),('135',3,'79','2024-01-08 15:17:04','2026-01-29 10:35:18','1/2/79/135','3','3','0'),('136',3,'217','2024-01-08 15:17:29','2026-04-17 12:05:36','1/2/79/217/136','1','4','0'),('137',3,'79','2024-01-08 15:17:44','2026-01-29 10:36:17','1/2/79/137','6','3','0'),('138',3,'217','2024-01-08 15:17:56','2026-01-29 10:35:50','1/2/79/217/138','5','4','0'),('139',3,'217','2024-01-08 15:18:10','2026-01-29 10:35:32','1/2/79/217/139','2','4','0'),('140',3,'217','2024-01-08 15:20:44','2026-01-29 10:35:38','1/2/79/217/140','3','4','0'),('141',3,'219','2024-01-08 15:21:16','2026-04-22 14:23:43','1/2/79/219/141','1','4','0'),('142',3,'219','2024-01-08 15:21:30','2026-04-22 15:57:01','1/2/79/219/142','2','4','0'),('143',3,'217','2024-01-08 15:22:07','2026-01-29 10:35:44','1/2/79/217/143','4','4','0'),('144',3,'79','2024-01-08 15:22:17','2026-04-17 12:04:57','1/2/79/144','7','3','0'),('145',3,'217','2024-01-08 15:22:32','2026-04-17 13:49:08','1/2/79/217/145','6','4','0'),('146',3,'79','2024-01-08 15:22:43','2026-01-29 10:25:00','1/2/79/146','8','3','0'),('148',3,'2','2024-01-08 15:24:50','2026-02-20 10:18:29','1/2/148','15','2','13'),('149',3,'148','2024-01-08 15:25:29','2026-03-11 12:49:40','1/2/148/149','2','3','0'),('150',3,'148','2024-01-08 15:25:38','2026-03-11 09:51:39','1/2/148/150','1','3','0'),('151',3,'148','2024-01-08 15:25:56','2026-03-27 11:02:47','1/2/148/151','4','3','0'),('152',3,'148','2024-01-08 15:26:11','2026-03-11 09:49:33','1/2/148/152','7','3','0'),('153',3,'148','2024-01-08 15:26:44','2026-02-20 10:18:29','1/2/148/153','13','3','0'),('154',3,'148','2024-01-08 15:26:56','2026-02-20 10:18:29','1/2/148/154','9','3','0'),('155',3,'148','2024-01-08 15:27:19','2026-02-20 10:18:29','1/2/148/155','8','3','0'),('156',3,'148','2024-01-08 15:27:35','2026-03-11 16:03:21','1/2/148/156','3','3','0'),('157',3,'148','2024-01-08 15:27:48','2026-02-20 10:18:29','1/2/148/157','12','3','0'),('158',3,'44','2024-01-08 15:29:55','2026-04-17 10:59:59','1/2/44/158','1','3','0'),('159',3,'44','2024-01-08 15:30:06','2026-04-17 11:03:22','1/2/44/159','3','3','0'),('160',3,'54','2024-01-08 15:30:23','2026-04-14 08:22:22','1/2/44/54/160','4','4','0'),('161',3,'220','2024-01-08 15:31:00','2026-04-17 11:21:02','1/2/44/220/161','4','4','0'),('162',3,'44','2024-01-08 15:31:16','2026-01-29 11:54:44','1/2/44/162','8','3','0'),('163',3,'220','2024-01-08 15:36:55','2026-04-17 11:21:22','1/2/44/220/163','3','4','0'),('164',3,'220','2024-01-08 15:37:17','2026-04-17 11:21:45','1/2/44/220/164','2','4','0'),('165',3,'220','2024-01-08 15:37:34','2026-04-17 11:22:04','1/2/44/220/165','1','4','0'),('166',3,'44','2024-01-08 15:38:23','2026-01-29 11:55:45','1/2/44/166','11','3','0'),('167',3,'44','2024-01-08 15:39:24','2026-01-29 11:56:23','1/2/44/167','12','3','0'),('168',3,'44','2024-01-08 15:39:42','2026-01-29 11:48:10','1/2/44/168','14','3','0'),('169',3,'54','2024-01-08 15:40:15','2026-04-17 10:57:38','1/2/44/54/169','3','4','0'),('170',3,'44','2024-01-08 15:41:07','2026-01-29 11:57:29','1/2/44/170','23','3','0'),('171',3,'44','2024-01-08 15:41:45','2026-01-29 11:50:01','1/2/44/171','22','3','0'),('173',3,'222','2024-01-08 15:46:12','2026-04-17 11:59:10','1/2/45/222/173','1','4','0'),('174',3,'222','2024-01-08 15:46:33','2026-04-17 11:59:34','1/2/45/222/174','2','4','0'),('175',3,'45','2024-01-08 15:46:52','2026-01-29 11:13:40','1/2/45/175','10','3','0'),('178',3,'47','2024-01-08 15:51:32','2026-04-17 13:50:31','1/2/47/178','1','3','0'),('179',3,'47','2024-01-08 15:51:46','2026-04-14 08:36:05','1/2/47/179','3','3','0'),('180',3,'47','2024-01-08 15:51:56','2026-04-17 13:50:53','1/2/47/180','2','3','0'),('181',3,'47','2024-01-08 15:52:08','2026-04-17 13:52:45','1/2/47/181','5','3','0'),('182',3,'47','2024-01-08 15:52:21','2026-04-14 08:34:38','1/2/47/182','6','3','0'),('183',3,'47','2024-01-08 15:52:38','2026-04-17 13:51:49','1/2/47/183','4','3','0'),('184',3,'47','2024-01-08 15:53:32','2026-04-17 13:53:35','1/2/47/184','8','3','0'),('185',3,'47','2024-01-08 15:53:50','2026-04-14 08:33:23','1/2/47/185','7','3','0'),('186',3,'47','2024-01-08 15:54:17','2026-04-14 08:37:46','1/2/47/186','9','3','0'),('187',3,'47','2024-01-08 15:54:38','2026-04-14 08:51:21','1/2/47/187','10','3','0'),('188',3,'47','2024-01-08 15:54:54','2026-04-17 13:54:20','1/2/47/188','11','3','0'),('189',3,'47','2024-01-08 15:55:12','2026-04-17 13:54:47','1/2/47/189','12','3','0'),('190',3,'47','2024-01-08 15:55:29','2026-04-17 13:55:14','1/2/47/190','13','3','0'),('191',3,'47','2024-01-08 15:55:42','2026-04-17 13:55:42','1/2/47/191','14','3','0'),('192',3,'47','2024-01-08 15:56:06','2026-04-17 13:56:09','1/2/47/192','15','3','0'),('193',3,'47','2024-01-08 15:56:19','2026-04-17 13:56:35','1/2/47/193','17','3','0'),('194',3,'2','2024-01-08 15:57:43','2026-04-17 13:57:06','1/2/194','13','2','7'),('195',3,'194','2024-01-08 15:58:04','2026-04-17 13:57:57','1/2/194/195','1','3','0'),('196',3,'194','2024-01-08 15:58:15','2026-04-17 13:59:27','1/2/194/196','4','3','0'),('197',3,'194','2024-01-08 15:58:38','2026-04-17 13:58:35','1/2/194/197','2','3','0'),('198',3,'194','2024-01-08 15:58:57','2026-04-17 14:01:58','1/2/194/198','7','3','0'),('199',3,'194','2024-01-08 15:59:12','2026-04-17 14:00:17','1/2/194/199','5','3','0'),('200',3,'194','2024-01-08 15:59:34','2026-04-17 14:01:04','1/2/194/200','6','3','0'),('201',3,'194','2024-01-08 15:59:53','2025-12-22 16:11:32','1/2/194/201','3','3','0'),('202',3,'59','2024-01-08 16:00:24','2025-02-05 09:14:33','1/2/59/202','7','3','0'),('204',3,'38','2024-01-08 16:02:02','2026-04-14 08:46:46','1/2/38/204','1','3','0'),('206',3,'38','2024-01-08 16:03:03','2026-01-29 11:08:14','1/2/38/206','3','3','0'),('208',3,'38','2024-01-08 16:04:01','2026-01-29 11:08:55','1/2/38/208','4','3','0'),('209',3,'38','2024-01-08 16:08:08','2026-01-29 11:08:14','1/2/38/209','2','3','0'),('210',3,'38','2024-01-08 16:08:50','2026-01-29 11:08:14','1/2/38/210','6','3','0'),('211',3,'38','2024-01-08 16:09:19','2026-01-29 11:08:14','1/2/38/211','7','3','0'),('212',3,'57','2024-01-10 16:23:25','2026-01-29 10:48:45','1/2/45/57/212','1','4','0'),('213',3,'54','2025-03-31 12:07:10','2026-04-17 10:58:43','1/2/44/54/213','2','4','0'),('214',3,'54','2025-03-31 13:04:42','2026-04-17 10:58:17','1/2/44/54/214','1','4','0'),('215',3,'2','2025-06-30 13:43:39','2026-01-29 12:33:24','1/2/215','18','2','0'),('216',3,'148','2025-10-17 11:43:55','2025-10-29 14:34:50','1/2/148/216','5','3','0'),('217',3,'79','2025-12-05 15:24:11','2026-04-17 12:07:01','1/2/79/217','4','3','0'),('219',3,'79','2025-12-08 12:27:48','2026-04-17 13:41:00','1/2/79/219','5','3','0'),('220',3,'44','2025-12-09 16:24:53','2026-01-29 11:50:01','1/2/44/220','24','3','0'),('222',3,'45','2025-12-10 14:47:19','2026-01-29 11:13:40','1/2/45/222','8','3','2'),('223',3,'56','2025-12-11 10:34:26','2026-01-29 10:47:13','1/2/45/56/223','1','4','0'),('224',3,'42','2025-12-11 16:37:41','2026-01-29 12:30:26','1/2/42/224','20','3','11'),('225',3,'105','2025-12-12 10:37:47','2026-04-17 09:49:55','1/2/42/105/225','1','4','0'),('226',3,'45','2026-01-29 10:43:16','2026-01-29 11:13:40','1/2/45/226','2','3','0'),('227',3,'45','2026-01-29 10:49:44','2026-01-29 11:13:40','1/2/45/227','4','3','0'),('228',3,'45','2026-01-29 10:54:13','2026-01-29 11:13:40','1/2/45/228','13','3','0'),('230',3,'45','2026-01-29 11:03:39','2026-01-29 11:13:40','1/2/45/230','11','3','0'),('231',3,'45','2026-01-29 11:11:38','2026-01-29 11:13:40','1/2/45/231','6','3','0'),('232',3,'45','2026-01-29 11:12:51','2026-01-29 11:13:40','1/2/45/232','7','3','0'),('233',3,'44','2026-01-29 11:22:23','2026-01-29 11:48:10','1/2/44/233','7','3','0'),('234',3,'44','2026-01-29 11:30:41','2026-01-29 11:48:10','1/2/44/234','9','3','0'),('235',3,'44','2026-01-29 11:36:12','2026-01-29 11:48:10','1/2/44/235','10','3','0'),('236',3,'44','2026-01-29 11:40:16','2026-01-29 11:48:10','1/2/44/236','13','3','0'),('237',3,'44','2026-01-29 11:45:52','2026-01-29 11:50:01','1/2/44/237','21','3','0'),('238',3,'44','2026-01-29 11:48:04','2026-01-29 11:48:10','1/2/44/238','5','3','0'),('239',3,'44','2026-01-29 11:48:58','2026-01-29 11:50:01','1/2/44/239','18','3','0'),('240',3,'44','2026-01-29 11:49:44','2026-01-29 11:50:01','1/2/44/240','15','3','0'),('242',3,'42','2026-01-29 12:17:08','2026-01-29 12:17:14','1/2/42/242','1','3','0'),('243',3,'42','2026-01-29 12:18:08','2026-01-29 12:18:15','1/2/42/243','2','3','0'),('245',3,'42','2026-01-29 12:18:57','2026-01-29 12:19:13','1/2/42/245','3','3','0'),('246',3,'42','2026-01-29 12:20:17','2026-01-29 12:20:25','1/2/42/246','7','3','0'),('247',3,'42','2026-01-29 12:21:11','2026-01-29 12:21:17','1/2/42/247','8','3','0'),('248',3,'42','2026-01-29 12:22:30','2026-01-29 12:30:01','1/2/42/248','14','3','0'),('249',3,'42','2026-01-29 12:23:18','2026-01-29 12:30:01','1/2/42/249','15','3','0'),('250',3,'42','2026-01-29 12:24:14','2026-01-29 12:30:01','1/2/42/250','16','3','0'),('251',3,'42','2026-01-29 12:24:54','2026-01-29 12:30:01','1/2/42/251','17','3','0'),('252',3,'42','2026-01-29 12:25:46','2026-01-29 12:30:01','1/2/42/252','18','3','0'),('253',3,'42','2026-01-29 12:26:46','2026-01-29 12:30:26','1/2/42/253','22','3','0'),('254',3,'42','2026-01-29 12:29:04','2026-01-29 12:29:14','1/2/42/254','11','3','0'),('255',3,'148','2026-02-16 11:02:12','2026-02-20 10:18:29','1/2/148/255','11','3','0'),('256',3,'148','2026-02-16 15:43:32','2026-02-20 10:18:29','1/2/148/256','10','3','0'),('257',3,'148','2026-02-20 10:17:53','2026-02-20 10:18:29','1/2/148/257','6','3','0'),('258',3,'59','2026-04-30 14:35:06','2026-04-30 14:36:31','1/2/59/258','8','3','0');

--
-- Table structure for table `catalog_category_entity_datetime`
--

CREATE TABLE `catalog_category_entity_datetime` (
  `value_id` int NOT NULL AUTO_INCREMENT COMMENT 'Value ID',
  `attribute_id` smallint unsigned NOT NULL DEFAULT '0' COMMENT 'Attribute ID',
  `store_id` smallint unsigned NOT NULL DEFAULT '0' COMMENT 'Store ID',
  `entity_id` int unsigned NOT NULL DEFAULT '0' COMMENT 'Entity ID',
  `value` datetime DEFAULT NULL COMMENT 'Value',
  PRIMARY KEY (`value_id`),
  UNIQUE KEY `CATALOG_CATEGORY_ENTITY_DATETIME_ENTITY_ID_ATTRIBUTE_ID_STORE_ID` (`entity_id`,`attribute_id`,`store_id`),
  KEY `CATALOG_CATEGORY_ENTITY_DATETIME_ENTITY_ID` (`entity_id`),
  KEY `CATALOG_CATEGORY_ENTITY_DATETIME_ATTRIBUTE_ID` (`attribute_id`),
  KEY `CATALOG_CATEGORY_ENTITY_DATETIME_STORE_ID` (`store_id`)
) ENGINE=InnoDB AUTO_INCREMENT=321 DEFAULT CHARSET=utf8mb4 COLLATE=utf8mb4_general_ci COMMENT='Catalog Category Datetime Attribute Backend Table';

--
-- Dumping data for table `catalog_category_entity_datetime`
--

INSERT INTO `catalog_category_entity_datetime` VALUES ('1',61,0,'38',NULL),('2',62,0,'38',NULL),('13',61,0,'54',NULL),('14',62,0,'54',NULL),('17',61,0,'59',NULL),('18',62,0,'59',NULL),('19',61,0,'2',NULL),('20',62,0,'2',NULL),('21',61,0,'60',NULL),('22',62,0,'60',NULL),('31',61,0,'42',NULL),('32',62,0,'42',NULL),('33',61,0,'44',NULL),('34',62,0,'44',NULL),('35',61,0,'51',NULL),('36',62,0,'51',NULL),('37',61,0,'70',NULL),('38',62,0,'70',NULL),('39',61,0,'45',NULL),('40',62,0,'45',NULL),('41',61,0,'48',NULL),('42',62,0,'48',NULL),('45',61,0,'50',NULL),('46',62,0,'50',NULL),('47',61,0,'77',NULL),('48',62,0,'77',NULL),('49',61,0,'76',NULL),('50',62,0,'76',NULL),('51',61,0,'78',NULL),('52',62,0,'78',NULL),('53',61,0,'43',NULL),('54',62,0,'43',NULL),('57',61,0,'53',NULL),('58',62,0,'53',NULL),('59',61,0,'55',NULL),('60',62,0,'55',NULL),('61',61,0,'56',NULL),('62',62,0,'56',NULL),('63',61,0,'57',NULL),('64',62,0,'57',NULL),('65',61,0,'47',NULL),('66',62,0,'47',NULL),('67',61,0,'79',NULL),('68',62,0,'79',NULL),('69',61,0,'81',NULL),('70',62,0,'81',NULL),('71',61,0,'85',NULL),('72',62,0,'85',NULL),('73',61,0,'86',NULL),('74',62,0,'86',NULL),('79',61,0,'98',NULL),('80',62,0,'98',NULL),('81',61,0,'97',NULL),('82',62,0,'97',NULL),('83',61,0,'99',NULL),('84',62,0,'99',NULL),('85',61,0,'100',NULL),('86',62,0,'100',NULL),('87',61,0,'102',NULL),('88',62,0,'102',NULL),('89',61,0,'91',NULL),('90',62,0,'91',NULL),('91',61,0,'89',NULL),('92',62,0,'89',NULL),('93',61,0,'103',NULL),('94',62,0,'103',NULL),('99',61,0,'110',NULL),('100',62,0,'110',NULL),('101',61,0,'117',NULL),('102',62,0,'117',NULL),('103',61,0,'118',NULL),('104',62,0,'118',NULL),('105',61,0,'120',NULL),('106',62,0,'120',NULL),('107',61,0,'121',NULL),('108',62,0,'121',NULL),('109',61,0,'128',NULL),('110',62,0,'128',NULL),('111',61,0,'133',NULL),('112',62,0,'133',NULL),('113',61,0,'139',NULL),('114',62,0,'139',NULL),('115',61,0,'148',NULL),('116',62,0,'148',NULL),('117',61,0,'162',NULL),('118',62,0,'162',NULL),('119',61,0,'170',NULL),('120',62,0,'170',NULL),('121',61,0,'175',NULL),('122',62,0,'175',NULL),('125',61,0,'185',NULL),('126',62,0,'185',NULL),('127',61,0,'194',NULL),('128',62,0,'194',NULL),('129',61,0,'202',NULL),('130',62,0,'202',NULL),('131',61,0,'195',NULL),('132',62,0,'195',NULL),('133',61,0,'134',NULL),('134',62,0,'134',NULL),('135',61,0,'136',NULL),('136',62,0,'136',NULL),('137',61,0,'141',NULL),('138',62,0,'141',NULL),('139',61,0,'142',NULL),('140',62,0,'142',NULL),('141',61,0,'144',NULL),('142',62,0,'144',NULL),('143',61,0,'145',NULL),('144',62,0,'145',NULL),('145',61,0,'160',NULL),('146',62,0,'160',NULL),('147',61,0,'88',NULL),('148',62,0,'88',NULL),('149',61,0,'163',NULL),('150',62,0,'163',NULL),('151',61,0,'169',NULL),('152',62,0,'169',NULL),('153',61,0,'174',NULL),('154',62,0,'174',NULL),('155',61,0,'178',NULL),('156',62,0,'178',NULL),('157',61,0,'179',NULL),('158',62,0,'179',NULL),('159',61,0,'180',NULL),('160',62,0,'180',NULL),('161',61,0,'181',NULL),('162',62,0,'181',NULL),('163',61,0,'182',NULL),('164',62,0,'182',NULL),('165',61,0,'183',NULL),('166',62,0,'183',NULL),('167',61,0,'184',NULL),('168',62,0,'184',NULL),('169',61,0,'186',NULL),('170',62,0,'186',NULL),('171',61,0,'187',NULL),('172',62,0,'187',NULL),('173',61,0,'188',NULL),('174',62,0,'188',NULL),('175',61,0,'189',NULL),('176',62,0,'189',NULL),('177',61,0,'190',NULL),('178',62,0,'190',NULL),('179',61,0,'191',NULL),('180',62,0,'191',NULL),('181',61,0,'192',NULL),('182',62,0,'192',NULL),('183',61,0,'193',NULL),('184',62,0,'193',NULL),('185',61,0,'198',NULL),('186',62,0,'198',NULL),('187',61,0,'199',NULL),('188',62,0,'199',NULL),('189',61,0,'196',NULL),('190',62,0,'196',NULL),('191',61,0,'197',NULL),('192',62,0,'197',NULL),('193',61,0,'201',NULL),('194',62,0,'201',NULL),('195',61,0,'212',NULL),('196',62,0,'212',NULL),('197',61,0,'200',NULL),('198',62,0,'200',NULL),('199',61,0,'158',NULL),('200',62,0,'158',NULL),('201',61,0,'119',NULL),('202',62,0,'119',NULL),('205',61,0,'135',NULL),('206',62,0,'135',NULL),('207',61,0,'138',NULL),('208',62,0,'138',NULL),('209',61,0,'143',NULL),('210',62,0,'143',NULL),('211',61,0,'140',NULL),('212',62,0,'140',NULL),('213',61,0,'124',NULL),('214',62,0,'124',NULL),('215',61,0,'127',NULL),('216',62,0,'127',NULL),('217',61,0,'129',NULL),('218',62,0,'129',NULL),('219',61,0,'130',NULL),('220',62,0,'130',NULL),('221',61,0,'131',NULL),('222',62,0,'131',NULL),('223',61,0,'167',NULL),('224',62,0,'167',NULL),('225',61,0,'137',NULL),('226',62,0,'137',NULL),('227',61,0,'146',NULL),('228',62,0,'146',NULL),('229',61,0,'173',NULL),('230',62,0,'173',NULL),('231',61,0,'165',NULL),('232',62,0,'165',NULL),('233',61,0,'164',NULL),('234',62,0,'164',NULL),('235',61,0,'161',NULL),('236',62,0,'161',NULL),('237',61,0,'150',NULL),('238',62,0,'150',NULL),('239',61,0,'149',NULL),('240',62,0,'149',NULL),('241',61,0,'156',NULL),('242',62,0,'156',NULL),('243',61,0,'151',NULL),('244',62,0,'151',NULL),('245',61,0,'152',NULL),('246',62,0,'152',NULL),('247',61,0,'154',NULL),('248',62,0,'154',NULL),('249',61,0,'155',NULL),('250',62,0,'155',NULL),('251',61,0,'157',NULL),('252',62,0,'157',NULL),('253',61,0,'153',NULL),('254',62,0,'153',NULL),('255',61,0,'159',NULL),('256',62,0,'159',NULL),('257',61,0,'168',NULL),('258',62,0,'168',NULL),('259',61,0,'126',NULL),('260',62,0,'126',NULL),('261',61,0,'123',NULL),('262',62,0,'123',NULL),('263',61,0,'93',NULL),('264',62,0,'93',NULL),('265',61,0,'96',NULL),('266',62,0,'96',NULL),('267',61,0,'204',NULL),('268',62,0,'204',NULL),('269',61,0,'206',NULL),('270',62,0,'206',NULL),('271',61,0,'209',NULL),('272',62,0,'209',NULL),('273',61,0,'208',NULL),('274',62,0,'208',NULL),('275',61,0,'210',NULL),('276',62,0,'210',NULL),('277',61,0,'211',NULL),('278',62,0,'211',NULL),('279',61,0,'166',NULL),('280',62,0,'166',NULL),('281',61,0,'171',NULL),('282',62,0,'171',NULL),('285',61,0,'105',NULL),('286',62,0,'105',NULL),('287',61,0,'90',NULL),('288',62,0,'90',NULL),('289',61,0,'104',NULL),('290',62,0,'104',NULL),('291',61,0,'214',NULL),('292',62,0,'214',NULL),('293',61,0,'213',NULL),('294',62,0,'213',NULL),('295',61,0,'215',NULL),('296',62,0,'215',NULL),('297',61,0,'216',NULL),('298',62,0,'216',NULL),('299',61,0,'217',NULL),('300',62,0,'217',NULL),('301',61,0,'219',NULL),('302',62,0,'219',NULL),('303',61,0,'220',NULL),('304',62,0,'220',NULL),('305',61,0,'222',NULL),('306',62,0,'222',NULL),('307',61,0,'224',NULL),('308',62,0,'224',NULL),('309',61,0,'223',NULL),('310',62,0,'223',NULL),('311',61,0,'226',NULL),('312',62,0,'226',NULL),('313',61,0,'225',NULL),('314',62,0,'225',NULL),('315',61,0,'255',NULL),('316',62,0,'255',NULL),('317',61,0,'257',NULL),('318',62,0,'257',NULL),('319',61,0,'258',NULL),('320',62,0,'258',NULL);

--
-- Table structure for table `catalog_category_entity_decimal`
--

CREATE TABLE `catalog_category_entity_decimal` (
  `value_id` int NOT NULL AUTO_INCREMENT COMMENT 'Value ID',
  `attribute_id` smallint unsigned NOT NULL DEFAULT '0' COMMENT 'Attribute ID',
  `store_id` smallint unsigned NOT NULL DEFAULT '0' COMMENT 'Store ID',
  `entity_id` int unsigned NOT NULL DEFAULT '0' COMMENT 'Entity ID',
  `value` decimal(20,6) DEFAULT NULL COMMENT 'Value',
  PRIMARY KEY (`value_id`),
  UNIQUE KEY `CATALOG_CATEGORY_ENTITY_DECIMAL_ENTITY_ID_ATTRIBUTE_ID_STORE_ID` (`entity_id`,`attribute_id`,`store_id`),
  KEY `CATALOG_CATEGORY_ENTITY_DECIMAL_ENTITY_ID` (`entity_id`),
  KEY `CATALOG_CATEGORY_ENTITY_DECIMAL_ATTRIBUTE_ID` (`attribute_id`),
  KEY `CATALOG_CATEGORY_ENTITY_DECIMAL_STORE_ID` (`store_id`)
) ENGINE=InnoDB DEFAULT CHARSET=utf8mb4 COLLATE=utf8mb4_general_ci COMMENT='Catalog Category Decimal Attribute Backend Table';

--
-- Table structure for table `catalog_category_entity_int`
--

CREATE TABLE `catalog_category_entity_int` (
  `value_id` int NOT NULL AUTO_INCREMENT COMMENT 'Value ID',
  `attribute_id` smallint unsigned NOT NULL DEFAULT '0' COMMENT 'Attribute ID',
  `store_id` smallint unsigned NOT NULL DEFAULT '0' COMMENT 'Store ID',
  `entity_id` int unsigned NOT NULL DEFAULT '0' COMMENT 'Entity ID',
  `value` int DEFAULT NULL COMMENT 'Value',
  PRIMARY KEY (`value_id`),
  UNIQUE KEY `CATALOG_CATEGORY_ENTITY_INT_ENTITY_ID_ATTRIBUTE_ID_STORE_ID` (`entity_id`,`attribute_id`,`store_id`),
  KEY `CATALOG_CATEGORY_ENTITY_INT_ENTITY_ID` (`entity_id`),
  KEY `CATALOG_CATEGORY_ENTITY_INT_ATTRIBUTE_ID` (`attribute_id`),
  KEY `CATALOG_CATEGORY_ENTITY_INT_STORE_ID` (`store_id`)
) ENGINE=InnoDB AUTO_INCREMENT=6550 DEFAULT CHARSET=utf8mb4 COLLATE=utf8mb4_general_ci COMMENT='Catalog Category Integer Attribute Backend Table';

--
-- Dumping data for table `catalog_category_entity_int`
--

INSERT INTO `catalog_category_entity_int` VALUES ('1',69,0,'1','1'),('2',69,0,'2','1'),('3',46,0,'2','1'),('109',69,0,'38','1'),('110',46,0,'38','1'),('111',54,0,'38','1'),('118',210,0,'1','0'),('119',210,0,'2','0'),('127',210,0,'38','0'),('158',212,0,'1','0'),('159',212,0,'2','1'),('167',212,0,'38','1'),('198',218,0,'1','0'),('199',218,0,'2','0'),('207',218,0,'38','1'),('257',71,0,'38','0'),('258',70,0,'38','0'),('259',53,0,'38','796'),('260',169,0,'38','0'),('261',209,0,'38','0'),('262',208,0,'38','1'),('263',189,0,'38','1'),('264',199,0,'38','0'),('265',198,0,'38',NULL),('266',197,0,'38',NULL),('267',185,0,'38','0'),('268',188,0,'38','0'),('269',192,0,'38','4'),('270',195,0,'38','0'),('271',214,0,'38','1'),('272',213,0,'38','1'),('289',71,0,'42','0'),('290',70,0,'42','0'),('291',69,0,'42','1'),('292',46,0,'42','1'),('293',54,0,'42','0'),('294',169,0,'42','0'),('295',210,0,'42','0'),('296',209,0,'42','0'),('297',208,0,'42','1'),('298',189,0,'42','1'),('299',199,0,'42','0'),('300',185,0,'42','0'),('301',188,0,'42','1'),('302',192,0,'42','4'),('303',195,0,'42','0'),('304',218,0,'42','1'),('305',212,0,'42','1'),('306',214,0,'42','1'),('307',213,0,'42','1'),('372',71,0,'43','0'),('373',70,0,'43','0'),('374',69,0,'43','1'),('375',46,0,'43','1'),('376',54,0,'43','0'),('377',169,0,'43','0'),('378',210,0,'43','0'),('379',209,0,'43','0'),('380',208,0,'43','1'),('381',189,0,'43','0'),('382',199,0,'43','0'),('383',185,0,'43','0'),('384',188,0,'43','0'),('385',192,0,'43','4'),('386',195,0,'43','0'),('387',218,0,'43','0'),('388',212,0,'43','0'),('389',214,0,'43','0'),('390',213,0,'43','0'),('391',71,0,'44','0'),('392',70,0,'44','0'),('393',69,0,'44','1'),('394',46,0,'44','1'),('395',54,0,'44','0'),('396',169,0,'44','0'),('397',210,0,'44','0'),('398',209,0,'44','0'),('399',208,0,'44','1'),('400',189,0,'44','1'),('401',199,0,'44','0'),('402',185,0,'44','0'),('403',188,0,'44','0'),('404',192,0,'44','4'),('405',195,0,'44','0'),('406',218,0,'44','0'),('407',212,0,'44','0'),('408',214,0,'44','0'),('409',213,0,'44','0'),('410',71,0,'45','0'),('411',70,0,'45','0'),('412',69,0,'45','1'),('413',46,0,'45','1'),('414',54,0,'45','0'),('415',169,0,'45','0'),('416',210,0,'45','0'),('417',209,0,'45','0'),('418',208,0,'45','1'),('419',189,0,'45','1'),('420',199,0,'45','0'),('421',185,0,'45','0'),('422',188,0,'45','0'),('423',192,0,'45','4'),('424',195,0,'45','0'),('425',218,0,'45','0'),('426',212,0,'45','0'),('427',214,0,'45','0'),('428',213,0,'45','0'),('448',71,0,'47','0'),('449',70,0,'47','0'),('450',69,0,'47','1'),('451',46,0,'47','1'),('452',54,0,'47','0'),('453',169,0,'47','0'),('454',210,0,'47','0'),('455',209,0,'47','0'),('456',208,0,'47','1'),('457',189,0,'47','1'),('458',199,0,'47','0'),('459',185,0,'47','0'),('460',188,0,'47','0'),('461',192,0,'47','5'),('462',195,0,'47','0'),('463',218,0,'47','0'),('464',212,0,'47','0'),('465',214,0,'47','0'),('466',213,0,'47','0'),('467',71,0,'48','0'),('468',70,0,'48','0'),('469',69,0,'48','1'),('470',46,0,'48','1'),('471',54,0,'48','1'),('472',169,0,'48','0'),('473',210,0,'48','0'),('474',209,0,'48','0'),('475',208,0,'48','1'),('476',189,0,'48','0'),('477',199,0,'48','0'),('478',185,0,'48','0'),('479',188,0,'48','0'),('480',192,0,'48','4'),('481',195,0,'48','0'),('482',218,0,'48','0'),('483',212,0,'48','0'),('484',214,0,'48','0'),('485',213,0,'48','0'),('505',71,0,'50','0'),('506',70,0,'50','0'),('507',69,0,'50','1'),('508',46,0,'50','1'),('509',54,0,'50','1'),('510',169,0,'50','0'),('511',210,0,'50','0'),('512',209,0,'50','0'),('513',208,0,'50','1'),('514',189,0,'50','0'),('515',199,0,'50','0'),('516',185,0,'50','0'),('517',188,0,'50','0'),('518',192,0,'50','4'),('519',195,0,'50','0'),('520',218,0,'50','1'),('521',212,0,'50','1'),('522',214,0,'50','1'),('523',213,0,'50','1'),('524',71,0,'51','0'),('525',70,0,'51','0'),('526',69,0,'51','1'),('527',46,0,'51','1'),('528',54,0,'51','1'),('529',169,0,'51','0'),('530',210,0,'51','0'),('531',209,0,'51','0'),('532',208,0,'51','0'),('533',189,0,'51','0'),('534',199,0,'51','0'),('535',185,0,'51','0'),('536',188,0,'51','0'),('537',192,0,'51','4'),('538',195,0,'51','0'),('539',218,0,'51','1'),('540',212,0,'51','1'),('541',214,0,'51','1'),('542',213,0,'51','1'),('562',71,0,'53','0'),('563',70,0,'53','0'),('564',69,0,'53','1'),('565',46,0,'53','1'),('566',54,0,'53','1'),('567',169,0,'53','0'),('568',210,0,'53','0'),('569',209,0,'53','0'),('570',208,0,'53','1'),('571',189,0,'53','0'),('572',199,0,'53','0'),('573',185,0,'53','0'),('574',188,0,'53','0'),('575',192,0,'53','4'),('576',195,0,'53','0'),('577',218,0,'53','0'),('578',212,0,'53','0'),('579',214,0,'53','0'),('580',213,0,'53','0'),('581',71,0,'54','0'),('582',70,0,'54','0'),('583',69,0,'54','1'),('584',46,0,'54','1'),('585',54,0,'54','1'),('586',169,0,'54','0'),('587',210,0,'54','0'),('588',209,0,'54','0'),('589',208,0,'54','1'),('590',189,0,'54','0'),('591',199,0,'54','0'),('592',185,0,'54','0'),('593',188,0,'54','0'),('594',192,0,'54','4'),('595',195,0,'54','0'),('596',218,0,'54','0'),('597',212,0,'54','0'),('598',214,0,'54','0'),('599',213,0,'54','0'),('600',53,0,'54',NULL),('601',198,0,'54',NULL),('602',197,0,'54',NULL),('603',71,0,'55','0'),('604',70,0,'55','0'),('605',69,0,'55','1'),('606',46,0,'55','1'),('607',54,0,'55','1'),('608',169,0,'55','0'),('609',210,0,'55','0'),('610',209,0,'55','0'),('611',208,0,'55','1'),('612',189,0,'55','0'),('613',199,0,'55','0'),('614',185,0,'55','0'),('615',188,0,'55','0'),('616',192,0,'55','4'),('617',195,0,'55','0'),('618',218,0,'55','0'),('619',212,0,'55','0'),('620',214,0,'55','0'),('621',213,0,'55','0'),('622',71,0,'56','0'),('623',70,0,'56','0'),('624',69,0,'56','1'),('625',46,0,'56','1'),('626',54,0,'56','1'),('627',169,0,'56','0'),('628',210,0,'56','0'),('629',209,0,'56','0'),('630',208,0,'56','1'),('631',189,0,'56','0'),('632',199,0,'56','0'),('633',185,0,'56','0'),('634',188,0,'56','0'),('635',192,0,'56','4'),('636',195,0,'56','0'),('637',218,0,'56','0'),('638',212,0,'56','0'),('639',214,0,'56','0'),('640',213,0,'56','0'),('641',71,0,'57','0'),('642',70,0,'57','0'),('643',69,0,'57','1'),('644',46,0,'57','1'),('645',54,0,'57','1'),('646',169,0,'57','0'),('647',210,0,'57','0'),('648',209,0,'57','0'),('649',208,0,'57','1'),('650',189,0,'57','0'),('651',199,0,'57','0'),('652',185,0,'57','0'),('653',188,0,'57','0'),('654',192,0,'57','4'),('655',195,0,'57','0'),('656',218,0,'57','0'),('657',212,0,'57','0'),('658',214,0,'57','0'),('659',213,0,'57','0'),('682',71,0,'59','0'),('683',70,0,'59','0'),('684',69,0,'59','1'),('685',46,0,'59','1'),('686',54,0,'59','0'),('687',169,0,'59','0'),('688',210,0,'59','0'),('689',209,0,'59','1'),('690',208,0,'59','1'),('691',189,0,'59','1'),('692',199,0,'59','0'),('693',185,0,'59','0'),('694',188,0,'59','0'),('695',192,0,'59','4'),('696',195,0,'59','0'),('697',218,0,'59','0'),('698',212,0,'59','0'),('699',214,0,'59','0'),('700',213,0,'59','0'),('701',71,0,'60','0'),('702',70,0,'60','0'),('703',69,0,'60','1'),('704',46,0,'60','1'),('705',54,0,'60','0'),('706',169,0,'60','0'),('707',210,0,'60','0'),('708',209,0,'60','1'),('709',208,0,'60','1'),('710',189,0,'60','0'),('711',199,0,'60','0'),('712',185,0,'60','0'),('713',188,0,'60','0'),('714',192,0,'60','4'),('715',195,0,'60','0'),('716',218,0,'60','0'),('717',212,0,'60','0'),('718',214,0,'60','0'),('719',213,0,'60','0'),('739',53,0,'59','795'),('740',198,0,'59',NULL),('741',197,0,'59',NULL),('837',71,0,'2','0'),('838',70,0,'2','0'),('839',54,0,'2','1'),('840',53,0,'2',NULL),('841',169,0,'2','0'),('842',209,0,'2','0'),('843',208,0,'2','1'),('844',189,0,'2','0'),('845',199,0,'2','0'),('846',198,0,'2',NULL),('847',197,0,'2',NULL),('848',185,0,'2','0'),('849',188,0,'2','0'),('850',192,0,'2','4'),('851',195,0,'2','0'),('852',214,0,'2','0'),('853',213,0,'2','0'),('854',53,0,'60','160'),('855',198,0,'60',NULL),('856',197,0,'60',NULL),('869',53,0,'42','768'),('870',198,0,'42',NULL),('871',197,0,'42',NULL),('872',53,0,'44','773'),('873',198,0,'44',NULL),('874',197,0,'44',NULL),('875',53,0,'51',NULL),('876',198,0,'51',NULL),('877',197,0,'51',NULL),('878',225,0,'60','0'),('946',71,0,'70','0'),('947',70,0,'70','0'),('948',225,0,'70','0'),('949',69,0,'70','1'),('950',46,0,'70','1'),('951',54,0,'70','0'),('952',53,0,'70','159'),('953',169,0,'70','0'),('954',210,0,'70','0'),('955',209,0,'70','1'),('956',208,0,'70','1'),('957',189,0,'70','0'),('958',199,0,'70','0'),('959',185,0,'70','0'),('960',188,0,'70','0'),('961',192,0,'70','4'),('962',195,0,'70','0'),('963',218,0,'70','0'),('964',212,0,'70','0'),('965',214,0,'70','0'),('966',213,0,'70','0'),('967',198,0,'70',NULL),('968',197,0,'70',NULL),('991',225,0,'38','0'),('992',225,0,'42','0'),('993',225,0,'44','0'),('994',225,0,'45','0'),('995',53,0,'45','777'),('996',198,0,'45',NULL),('997',197,0,'45',NULL),('998',225,0,'59','0'),('999',225,0,'48','0'),('1000',53,0,'48',NULL),('1001',198,0,'48',NULL),('1002',197,0,'48',NULL),('1027',225,0,'50','0'),('1028',53,0,'50',NULL),('1029',198,0,'50',NULL),('1030',197,0,'50',NULL),('1031',225,0,'51','0'),('1032',71,0,'75','0'),('1033',70,0,'75','0'),('1034',225,0,'75','0'),('1035',69,0,'75','1'),('1036',46,0,'75','1'),('1037',54,0,'75','1'),('1038',169,0,'75','0'),('1039',210,0,'75','0'),('1040',209,0,'75','0'),('1041',208,0,'75','0'),('1042',189,0,'75','0'),('1043',199,0,'75','0'),('1044',185,0,'75','0'),('1045',188,0,'75','0'),('1046',192,0,'75','4'),('1047',195,0,'75','0'),('1048',218,0,'75','0'),('1049',212,0,'75','0'),('1050',214,0,'75','0'),('1051',213,0,'75','0'),('1052',71,0,'76','0'),('1053',70,0,'76','1'),('1054',225,0,'76','0'),('1055',69,0,'76','1'),('1056',46,0,'76','1'),('1057',54,0,'76','1'),('1058',169,0,'76','0'),('1059',210,0,'76','0'),('1060',209,0,'76','0'),('1061',208,0,'76','0'),('1062',189,0,'76','0'),('1063',199,0,'76','0'),('1064',185,0,'76','0'),('1065',188,0,'76','0'),('1066',192,0,'76','4'),('1067',195,0,'76','0'),('1068',218,0,'76','0'),('1069',212,0,'76','0'),('1070',214,0,'76','0'),('1071',213,0,'76','0'),('1072',71,0,'77','0'),('1073',70,0,'77','1'),('1074',225,0,'77','0'),('1075',69,0,'77','1'),('1076',46,0,'77','1'),('1077',54,0,'77','1'),('1078',169,0,'77','0'),('1079',210,0,'77','0'),('1080',209,0,'77','0'),('1081',208,0,'77','0'),('1082',189,0,'77','0'),('1083',199,0,'77','0'),('1084',185,0,'77','0'),('1085',188,0,'77','0'),('1086',192,0,'77','4'),('1087',195,0,'77','0'),('1088',218,0,'77','0'),('1089',212,0,'77','0'),('1090',214,0,'77','0'),('1091',213,0,'77','0'),('1092',53,0,'77',NULL),('1093',198,0,'77',NULL),('1094',197,0,'77',NULL),('1095',225,0,'2','0'),('1096',71,0,'78','0'),('1097',70,0,'78','1'),('1098',225,0,'78','0'),('1099',69,0,'78','1'),('1100',46,0,'78','1'),('1101',54,0,'78','1'),('1102',169,0,'78','0'),('1103',210,0,'78','0'),('1104',209,0,'78','0'),('1105',208,0,'78','0'),('1106',189,0,'78','0'),('1107',199,0,'78','0'),('1108',185,0,'78','0'),('1109',188,0,'78','0'),('1110',192,0,'78','4'),('1111',195,0,'78','0'),('1112',218,0,'78','0'),('1113',212,0,'78','0'),('1114',214,0,'78','0'),('1115',213,0,'78','0'),('1116',53,0,'76',NULL),('1117',198,0,'76',NULL),('1118',197,0,'76',NULL),('1119',53,0,'78',NULL),('1120',198,0,'78',NULL),('1121',197,0,'78',NULL),('1122',69,0,'79','1'),('1123',46,0,'79','1'),('1124',54,0,'79','0'),('1125',210,0,'79','0'),('1126',185,0,'79','0'),('1127',192,0,'79','4'),('1128',218,0,'79','0'),('1129',212,0,'79','0'),('1130',214,0,'79','0'),('1131',213,0,'79','0'),('1132',225,0,'43','0'),('1133',53,0,'43','788'),('1134',198,0,'43',NULL),('1135',197,0,'43',NULL),('1140',225,0,'53','0'),('1141',53,0,'53',NULL),('1142',198,0,'53',NULL),('1143',197,0,'53',NULL),('1144',225,0,'54','0'),('1145',225,0,'55','0'),('1146',53,0,'55',NULL),('1147',198,0,'55',NULL),('1148',197,0,'55',NULL),('1149',225,0,'56','0'),('1150',53,0,'56',NULL),('1151',198,0,'56',NULL),('1152',197,0,'56',NULL),('1153',225,0,'57','0'),('1154',53,0,'57',NULL),('1155',198,0,'57',NULL),('1156',197,0,'57',NULL),('1157',225,0,'47','0'),('1158',53,0,'47','791'),('1159',198,0,'47',NULL),('1160',197,0,'47',NULL),('1161',71,0,'79','0'),('1162',70,0,'79','0'),('1163',225,0,'79','0'),('1164',53,0,'79','784'),('1165',169,0,'79','0'),('1166',209,0,'79','0'),('1167',208,0,'79','1'),('1168',189,0,'79','1'),('1169',199,0,'79','0'),('1170',198,0,'79',NULL),('1171',197,0,'79',NULL),('1172',188,0,'79','0'),('1173',195,0,'79','0'),('1194',71,0,'81','0'),('1195',70,0,'81','0'),('1196',225,0,'81','0'),('1197',69,0,'81','1'),('1198',46,0,'81','1'),('1199',54,0,'81','1'),('1200',169,0,'81','0'),('1201',210,0,'81','0'),('1202',209,0,'81','0'),('1203',208,0,'81','1'),('1204',189,0,'81','0'),('1205',199,0,'81','0'),('1206',185,0,'81','0'),('1207',188,0,'81','0'),('1208',192,0,'81','4'),('1209',195,0,'81','0'),('1210',218,0,'81','0'),('1211',212,0,'81','0'),('1212',214,0,'81','0'),('1213',213,0,'81','0'),('1214',71,0,'82','0'),('1215',70,0,'82','0'),('1216',225,0,'82','0'),('1217',69,0,'82','1'),('1218',46,0,'82','1'),('1219',54,0,'82','1'),('1220',169,0,'82','0'),('1221',210,0,'82','0'),('1222',209,0,'82','0'),('1223',208,0,'82','0'),('1224',189,0,'82','0'),('1225',199,0,'82','0'),('1226',185,0,'82','0'),('1227',188,0,'82','0'),('1228',192,0,'82','4'),('1229',195,0,'82','0'),('1230',218,0,'82','0'),('1231',212,0,'82','0'),('1232',214,0,'82','0'),('1233',213,0,'82','0'),('1234',71,0,'83','0'),('1235',70,0,'83','0'),('1236',225,0,'83','0'),('1237',69,0,'83','1'),('1238',46,0,'83','1'),('1239',54,0,'83','1'),('1240',169,0,'83','0'),('1241',210,0,'83','0'),('1242',209,0,'83','0'),('1243',208,0,'83','0'),('1244',189,0,'83','0'),('1245',199,0,'83','0'),('1246',185,0,'83','0'),('1247',188,0,'83','0'),('1248',192,0,'83','4'),('1249',195,0,'83','0'),('1250',218,0,'83','0'),('1251',212,0,'83','0'),('1252',214,0,'83','0'),('1253',213,0,'83','0'),('1254',71,0,'84','0'),('1255',70,0,'84','0'),('1256',225,0,'84','0'),('1257',69,0,'84','1'),('1258',46,0,'84','1'),('1259',54,0,'84','1'),('1260',169,0,'84','0'),('1261',210,0,'84','0'),('1262',209,0,'84','0'),('1263',208,0,'84','0'),('1264',189,0,'84','0'),('1265',199,0,'84','0'),('1266',185,0,'84','0'),('1267',188,0,'84','0'),('1268',192,0,'84','4'),('1269',195,0,'84','0'),('1270',218,0,'84','0'),('1271',212,0,'84','0'),('1272',214,0,'84','0'),('1273',213,0,'84','0'),('1274',254,0,'38','0'),('1275',254,0,'42','0'),('1276',254,0,'48','0'),('1278',254,0,'50','0'),('1279',254,0,'51','0'),('1280',254,0,'44','0'),('1281',254,0,'53','0'),('1282',254,0,'54','0'),('1283',254,0,'55','0'),('1284',254,0,'45','0'),('1285',254,0,'56','0'),('1286',254,0,'57','0'),('1287',254,0,'81','0'),('1288',53,0,'81',NULL),('1289',198,0,'81',NULL),('1290',197,0,'81',NULL),('1291',254,0,'47','0'),('1292',254,0,'79','0'),('1293',254,0,'59','0'),('1294',254,0,'43','0'),('1295',71,0,'85','0'),('1296',70,0,'85','0'),('1297',254,0,'85','0'),('1298',69,0,'85','0'),('1299',46,0,'85','1'),('1300',54,0,'85','1'),('1301',169,0,'85','0'),('1302',210,0,'85','0'),('1303',209,0,'85','0'),('1304',208,0,'85','0'),('1305',189,0,'85','0'),('1306',199,0,'85','0'),('1307',185,0,'85','0'),('1308',188,0,'85','0'),('1309',192,0,'85','4'),('1310',195,0,'85','0'),('1311',218,0,'85','0'),('1312',212,0,'85','0'),('1313',214,0,'85','0'),('1314',213,0,'85','0'),('1315',53,0,'85',NULL),('1316',198,0,'85',NULL),('1317',197,0,'85',NULL),('1318',254,0,'86','0'),('1319',69,0,'86','1'),('1320',46,0,'86','1'),('1321',54,0,'86','1'),('1322',210,0,'86','0'),('1323',185,0,'86','0'),('1324',192,0,'86','4'),('1325',218,0,'86','1'),('1326',212,0,'86','1'),('1327',214,0,'86','1'),('1328',213,0,'86','1'),('1329',71,0,'86','0'),('1330',70,0,'86','0'),('1331',53,0,'86',NULL),('1332',169,0,'86','0'),('1333',209,0,'86','0'),('1334',208,0,'86','1'),('1335',189,0,'86','0'),('1336',199,0,'86','0'),('1337',198,0,'86',NULL),('1338',197,0,'86',NULL),('1339',188,0,'86','0'),('1340',195,0,'86','0'),('1364',71,0,'88','0'),('1365',70,0,'88','0'),('1366',254,0,'88','0'),('1367',69,0,'88','0'),('1368',46,0,'88','1'),('1369',54,0,'88','1'),('1370',169,0,'88','0'),('1371',210,0,'88','0'),('1372',209,0,'88','0'),('1373',208,0,'88','1'),('1374',189,0,'88','0'),('1375',199,0,'88','0'),('1376',185,0,'88','0'),('1377',188,0,'88','0'),('1378',192,0,'88','4'),('1379',195,0,'88','0'),('1380',218,0,'88','0'),('1381',212,0,'88','1'),('1382',214,0,'88','1'),('1383',213,0,'88','1'),('1384',71,0,'89','0'),('1385',70,0,'89','0'),('1386',254,0,'89','0'),('1387',69,0,'89','1'),('1388',46,0,'89','1'),('1389',54,0,'89','1'),('1390',169,0,'89','0'),('1391',210,0,'89','0'),('1392',209,0,'89','0'),('1393',208,0,'89','1'),('1394',189,0,'89','0'),('1395',199,0,'89','0'),('1396',185,0,'89','0'),('1397',188,0,'89','0'),('1398',192,0,'89','4'),('1399',195,0,'89','0'),('1400',218,0,'89','1'),('1401',212,0,'89','1'),('1402',214,0,'89','1'),('1403',213,0,'89','1'),('1404',254,0,'90','0'),('1405',69,0,'90','1'),('1406',46,0,'90','1'),('1407',54,0,'90','1'),('1408',210,0,'90','0'),('1409',185,0,'90','0'),('1410',192,0,'90','4'),('1411',218,0,'90','0'),('1412',212,0,'90','0'),('1413',214,0,'90','0'),('1414',213,0,'90','0'),('1415',254,0,'2','0'),('1416',71,0,'91','0'),('1417',70,0,'91','0'),('1418',254,0,'91','0'),('1419',69,0,'91','0'),('1420',46,0,'91','1'),('1421',54,0,'91','0'),('1422',169,0,'91','0'),('1423',210,0,'91','0'),('1424',209,0,'91','0'),('1425',208,0,'91','1'),('1426',189,0,'91','0'),('1427',199,0,'91','0'),('1428',185,0,'91','0'),('1429',188,0,'91','0'),('1430',192,0,'91','4'),('1431',195,0,'91','0'),('1432',218,0,'91','1'),('1433',212,0,'91','1'),('1434',214,0,'91','1'),('1435',213,0,'91','1'),('1456',71,0,'93','0'),('1457',70,0,'93','0'),('1458',254,0,'93','0'),('1459',69,0,'93','1'),('1460',46,0,'93','1'),('1461',54,0,'93','1'),('1462',169,0,'93','0'),('1463',210,0,'93','0'),('1464',209,0,'93','0'),('1465',208,0,'93','1'),('1466',189,0,'93','0'),('1467',199,0,'93','0'),('1468',185,0,'93','0'),('1469',188,0,'93','0'),('1470',192,0,'93','4'),('1471',195,0,'93','0'),('1472',218,0,'93','0'),('1473',212,0,'93','0'),('1474',214,0,'93','0'),('1475',213,0,'93','0'),('1479',69,5,'85','1'),('1480',46,5,'85','1'),('1481',71,0,'94','0'),('1482',70,0,'94','0'),('1483',254,0,'94','0'),('1484',69,0,'94','1'),('1485',46,0,'94','1'),('1486',54,0,'94','1'),('1487',169,0,'94','0'),('1488',210,0,'94','0'),('1489',209,0,'94','0'),('1490',208,0,'94','0'),('1491',189,0,'94','0'),('1492',199,0,'94','0'),('1493',185,0,'94','0'),('1494',188,0,'94','0'),('1495',192,0,'94','4'),('1496',195,0,'94','0'),('1497',218,0,'94','0'),('1498',212,0,'94','0'),('1499',214,0,'94','0'),('1500',213,0,'94','0'),('1501',71,0,'95','0'),('1502',70,0,'95','0'),('1503',254,0,'95','0'),('1504',69,0,'95','1'),('1505',46,0,'95','1'),('1506',54,0,'95','1'),('1507',169,0,'95','0'),('1508',210,0,'95','0'),('1509',209,0,'95','0'),('1510',208,0,'95','0'),('1511',189,0,'95','0'),('1512',199,0,'95','0'),('1513',185,0,'95','0'),('1514',188,0,'95','0'),('1515',192,0,'95','4'),('1516',195,0,'95','0'),('1517',218,0,'95','0'),('1518',212,0,'95','0'),('1519',214,0,'95','0'),('1520',213,0,'95','0'),('1521',71,0,'96','0'),('1522',70,0,'96','0'),('1523',254,0,'96','0'),('1524',69,0,'96','1'),('1525',46,0,'96','1'),('1526',54,0,'96','1'),('1527',169,0,'96','0'),('1528',210,0,'96','1'),('1529',209,0,'96','1'),('1530',208,0,'96','1'),('1531',189,0,'96','0'),('1532',199,0,'96','0'),('1533',185,0,'96','0'),('1534',188,0,'96','0'),('1535',192,0,'96','4'),('1536',195,0,'96','0'),('1537',218,0,'96','1'),('1538',212,0,'96','1'),('1539',214,0,'96','0'),('1540',213,0,'96','0'),('1541',260,0,'1','0'),('1542',260,0,'2','0'),('1543',260,0,'75','0'),('1544',260,0,'82','0'),('1545',260,0,'85','0'),('1546',260,0,'38','0'),('1547',260,0,'42','0'),('1548',260,0,'43','0'),('1549',260,0,'44','0'),('1550',260,0,'45','0'),('1551',260,0,'47','0'),('1552',260,0,'59','0'),('1553',260,0,'76','0'),('1554',260,0,'77','0'),('1555',260,0,'78','0'),('1556',260,0,'79','0'),('1557',260,0,'83','0'),('1558',260,0,'84','0'),('1559',260,0,'88','0'),('1560',260,0,'90','0'),('1561',260,0,'94','0'),('1562',260,0,'95','0'),('1563',260,0,'48','0'),('1565',260,0,'50','0'),('1566',260,0,'51','0'),('1567',260,0,'53','0'),('1568',260,0,'54','0'),('1569',260,0,'55','0'),('1570',260,0,'56','0'),('1571',260,0,'57','0'),('1572',260,0,'60','0'),('1577',260,0,'70','0'),('1578',260,0,'81','0'),('1579',260,0,'86','0'),('1580',260,0,'89','0'),('1581',260,0,'91','0'),('1582',260,0,'93','0'),('1583',260,0,'96','0'),('1584',71,0,'97','0'),('1585',70,0,'97','0'),('1586',254,0,'97','0'),('1587',69,0,'97','1'),('1588',46,0,'97','1'),('1589',54,0,'97','1'),('1590',169,0,'97','0'),('1591',210,0,'97','0'),('1592',209,0,'97','0'),('1593',208,0,'97','1'),('1594',189,0,'97','0'),('1595',199,0,'97','0'),('1596',185,0,'97','0'),('1597',188,0,'97','0'),('1598',192,0,'97','4'),('1599',195,0,'97','0'),('1600',218,0,'97','0'),('1601',212,0,'97','0'),('1602',214,0,'97','0'),('1603',213,0,'97','0'),('1604',260,0,'97','0'),('1605',71,0,'98','0'),('1606',70,0,'98','0'),('1607',254,0,'98','0'),('1608',69,0,'98','1'),('1609',46,0,'98','1'),('1610',54,0,'98','1'),('1611',169,0,'98','0'),('1612',210,0,'98','0'),('1613',209,0,'98','0'),('1614',208,0,'98','1'),('1615',189,0,'98','0'),('1616',199,0,'98','0'),('1617',185,0,'98','0'),('1618',188,0,'98','0'),('1619',192,0,'98','4'),('1620',195,0,'98','0'),('1621',218,0,'98','0'),('1622',212,0,'98','0'),('1623',214,0,'98','0'),('1624',213,0,'98','0'),('1625',260,0,'98','0'),('1626',71,0,'99','0'),('1627',70,0,'99','0'),('1628',254,0,'99','0'),('1629',69,0,'99','1'),('1630',46,0,'99','1'),('1631',54,0,'99','1'),('1632',169,0,'99','0'),('1633',210,0,'99','0'),('1634',209,0,'99','0'),('1635',208,0,'99','1'),('1636',189,0,'99','0'),('1637',199,0,'99','0'),('1638',185,0,'99','0'),('1639',188,0,'99','0'),('1640',192,0,'99','4'),('1641',195,0,'99','0'),('1642',218,0,'99','0'),('1643',212,0,'99','0'),('1644',214,0,'99','0'),('1645',213,0,'99','0'),('1646',260,0,'99','0'),('1647',71,0,'100','0'),('1648',70,0,'100','0'),('1649',254,0,'100','0'),('1650',69,0,'100','1'),('1651',46,0,'100','1'),('1652',54,0,'100','1'),('1653',169,0,'100','0'),('1654',210,0,'100','0'),('1655',209,0,'100','0'),('1656',208,0,'100','1'),('1657',189,0,'100','0'),('1658',199,0,'100','0'),('1659',185,0,'100','0'),('1660',188,0,'100','0'),('1661',192,0,'100','4'),('1662',195,0,'100','0'),('1663',218,0,'100','0'),('1664',212,0,'100','0'),('1665',214,0,'100','0'),('1666',213,0,'100','0'),('1667',260,0,'100','0'),('1668',53,0,'98',NULL),('1669',198,0,'98',NULL),('1670',197,0,'98',NULL),('1671',53,0,'97',NULL),('1672',198,0,'97',NULL),('1673',197,0,'97',NULL),('1674',53,0,'99',NULL),('1675',198,0,'99',NULL),('1676',197,0,'99',NULL),('1677',53,0,'100',NULL),('1678',198,0,'100',NULL),('1679',197,0,'100',NULL),('1701',71,0,'102','0'),('1702',70,0,'102','0'),('1703',254,0,'102','0'),('1704',69,0,'102','1'),('1705',46,0,'102','1'),('1706',54,0,'102','1'),('1707',169,0,'102','0'),('1708',210,0,'102','0'),('1709',209,0,'102','0'),('1710',208,0,'102','1'),('1711',189,0,'102','0'),('1712',199,0,'102','0'),('1713',185,0,'102','0'),('1714',188,0,'102','0'),('1715',192,0,'102','4'),('1716',195,0,'102','0'),('1717',218,0,'102','1'),('1718',212,0,'102','1'),('1719',214,0,'102','1'),('1720',213,0,'102','1'),('1721',260,0,'102','0'),('1722',53,0,'102',NULL),('1723',198,0,'102',NULL),('1724',197,0,'102',NULL),('1725',53,0,'91','212'),('1726',198,0,'91',NULL),('1727',197,0,'91',NULL),('1728',53,0,'89',NULL),('1729',198,0,'89',NULL),('1730',197,0,'89',NULL),('1731',71,0,'103','0'),('1732',70,0,'103','0'),('1733',254,0,'103','0'),('1734',69,0,'103','1'),('1735',46,0,'103','1'),('1736',54,0,'103','1'),('1737',169,0,'103','0'),('1738',210,0,'103','1'),('1739',209,0,'103','0'),('1740',208,0,'103','1'),('1741',189,0,'103','0'),('1742',199,0,'103','0'),('1743',185,0,'103','0'),('1744',188,0,'103','0'),('1745',192,0,'103','4'),('1746',195,0,'103','0'),('1747',218,0,'103','1'),('1748',212,0,'103','1'),('1749',214,0,'103','0'),('1750',213,0,'103','0'),('1751',260,0,'103','0'),('1752',53,0,'103',NULL),('1753',198,0,'103',NULL),('1754',197,0,'103',NULL),('1755',71,0,'104','0'),('1756',70,0,'104','0'),('1757',254,0,'104','0'),('1758',69,0,'104','1'),('1759',46,0,'104','1'),('1760',54,0,'104','1'),('1761',53,0,'104',NULL),('1762',169,0,'104','0'),('1763',210,0,'104','0'),('1764',209,0,'104','0'),('1765',208,0,'104','1'),('1766',189,0,'104','0'),('1767',199,0,'104','0'),('1768',185,0,'104','0'),('1769',188,0,'104','0'),('1770',192,0,'104','4'),('1771',195,0,'104','0'),('1772',218,0,'104','0'),('1773',212,0,'104','0'),('1774',214,0,'104','0'),('1775',213,0,'104','0'),('1776',260,0,'104','0'),('1777',71,0,'105','0'),('1778',70,0,'105','0'),('1779',254,0,'105','0'),('1780',69,0,'105','1'),('1781',46,0,'105','1'),('1782',54,0,'105','1'),('1783',53,0,'105',NULL),('1784',169,0,'105','0'),('1785',210,0,'105','0'),('1786',209,0,'105','0'),('1787',208,0,'105','1'),('1788',189,0,'105','0'),('1789',199,0,'105','0'),('1790',185,0,'105','0'),('1791',188,0,'105','0'),('1792',192,0,'105','4'),('1793',195,0,'105','0'),('1794',218,0,'105','0'),('1795',212,0,'105','0'),('1796',214,0,'105','0'),('1797',213,0,'105','0'),('1798',260,0,'105','0'),('1883',71,0,'110','0'),('1884',70,0,'110','0'),('1885',254,0,'110','0'),('1886',69,0,'110','1'),('1887',46,0,'110','1'),('1888',54,0,'110','1'),('1889',169,0,'110','0'),('1890',210,0,'110','0'),('1891',209,0,'110','0'),('1892',208,0,'110','0'),('1893',189,0,'110','0'),('1894',199,0,'110','0'),('1895',185,0,'110','0'),('1896',188,0,'110','0'),('1897',192,0,'110','4'),('1898',195,0,'110','0'),('1899',218,0,'110','0'),('1900',212,0,'110','0'),('1901',214,0,'110','0'),('1902',213,0,'110','0'),('1903',260,0,'110','0'),('1910',53,0,'110',NULL),('1911',198,0,'110',NULL),('1912',197,0,'110',NULL),('2039',71,0,'117','0'),('2040',70,0,'117','0'),('2041',254,0,'117','0'),('2042',69,0,'117','0'),('2043',46,0,'117','1'),('2044',54,0,'117','1'),('2045',169,0,'117','0'),('2046',210,0,'117','0'),('2047',209,0,'117','0'),('2048',208,0,'117','1'),('2049',189,0,'117','0'),('2050',199,0,'117','0'),('2051',185,0,'117','0'),('2052',188,0,'117','0'),('2053',192,0,'117','4'),('2054',195,0,'117','0'),('2055',218,0,'117','1'),('2056',212,0,'117','1'),('2057',214,0,'117','1'),('2058',213,0,'117','1'),('2059',260,0,'117','0'),('2060',53,0,'117',NULL),('2061',198,0,'117',NULL),('2062',197,0,'117',NULL),('2063',71,0,'118','0'),('2064',70,0,'118','0'),('2065',254,0,'118','0'),('2066',69,0,'118','0'),('2067',46,0,'118','1'),('2068',54,0,'118','0'),('2069',169,0,'118','0'),('2070',210,0,'118','0'),('2071',209,0,'118','0'),('2072',208,0,'118','1'),('2073',189,0,'118','0'),('2074',199,0,'118','0'),('2075',185,0,'118','0'),('2076',188,0,'118','0'),('2077',192,0,'118','4'),('2078',195,0,'118','0'),('2079',218,0,'118','1'),('2080',212,0,'118','1'),('2081',214,0,'118','1'),('2082',213,0,'118','1'),('2083',260,0,'118','0'),('2084',53,0,'118','210'),('2085',198,0,'118',NULL),('2086',197,0,'118',NULL),('2087',71,0,'119','0'),('2088',70,0,'119','0'),('2089',254,0,'119','0'),('2090',69,0,'119','1'),('2091',46,0,'119','1'),('2092',54,0,'119','0'),('2093',169,0,'119','0'),('2094',210,0,'119','1'),('2095',209,0,'119','0'),('2096',208,0,'119','1'),('2097',189,0,'119','0'),('2098',199,0,'119','0'),('2099',185,0,'119','0'),('2100',188,0,'119','0'),('2101',192,0,'119','4'),('2102',195,0,'119','0'),('2103',218,0,'119','1'),('2104',212,0,'119','1'),('2105',214,0,'119','0'),('2106',213,0,'119','0'),('2107',260,0,'119','0'),('2108',71,0,'120','0'),('2109',70,0,'120','0'),('2110',254,0,'120','0'),('2111',69,0,'120','0'),('2112',46,0,'120','1'),('2113',54,0,'120','1'),('2114',169,0,'120','0'),('2115',210,0,'120','0'),('2116',209,0,'120','0'),('2117',208,0,'120','1'),('2118',189,0,'120','0'),('2119',199,0,'120','0'),('2120',185,0,'120','0'),('2121',188,0,'120','0'),('2122',192,0,'120','4'),('2123',195,0,'120','0'),('2124',218,0,'120','1'),('2125',212,0,'120','1'),('2126',214,0,'120','1'),('2127',213,0,'120','1'),('2128',260,0,'120','0'),('2129',53,0,'120',NULL),('2130',198,0,'120',NULL),('2131',197,0,'120',NULL),('2132',71,0,'121','0'),('2133',70,0,'121','0'),('2134',254,0,'121','0'),('2135',69,0,'121','0'),('2136',46,0,'121','1'),('2137',54,0,'121','0'),('2138',169,0,'121','0'),('2139',210,0,'121','0'),('2140',209,0,'121','0'),('2141',208,0,'121','1'),('2142',189,0,'121','0'),('2143',199,0,'121','0'),('2144',185,0,'121','0'),('2145',188,0,'121','0'),('2146',192,0,'121','4'),('2147',195,0,'121','0'),('2148',218,0,'121','1'),('2149',212,0,'121','1'),('2150',214,0,'121','1'),('2151',213,0,'121','1'),('2152',260,0,'121','0'),('2174',71,0,'123','0'),('2175',70,0,'123','0'),('2176',254,0,'123','0'),('2177',69,0,'123','1'),('2178',46,0,'123','1'),('2179',54,0,'123','1'),('2180',169,0,'123','0'),('2181',210,0,'123','1'),('2182',209,0,'123','0'),('2183',208,0,'123','1'),('2184',189,0,'123','0'),('2185',199,0,'123','0'),('2186',185,0,'123','0'),('2187',188,0,'123','0'),('2188',192,0,'123','4'),('2189',195,0,'123','0'),('2190',218,0,'123','1'),('2191',212,0,'123','1'),('2192',214,0,'123','0'),('2193',213,0,'123','0'),('2194',260,0,'123','0'),('2195',71,0,'124','0'),('2196',70,0,'124','0'),('2197',254,0,'124','0'),('2198',69,0,'124','0'),('2199',46,0,'124','1'),('2200',54,0,'124','1'),('2201',169,0,'124','0'),('2202',210,0,'124','0'),('2203',209,0,'124','0'),('2204',208,0,'124','0'),('2205',189,0,'124','0'),('2206',199,0,'124','0'),('2207',185,0,'124','0'),('2208',188,0,'124','0'),('2209',192,0,'124','4'),('2210',195,0,'124','0'),('2211',218,0,'124','1'),('2212',212,0,'124','1'),('2213',214,0,'124','1'),('2214',213,0,'124','1'),('2215',260,0,'124','0'),('2237',71,0,'126','0'),('2238',70,0,'126','0'),('2239',254,0,'126','0'),('2240',69,0,'126','1'),('2241',46,0,'126','1'),('2242',54,0,'126','1'),('2243',169,0,'126','0'),('2244',210,0,'126','1'),('2245',209,0,'126','0'),('2246',208,0,'126','1'),('2247',189,0,'126','0'),('2248',199,0,'126','0'),('2249',185,0,'126','0'),('2250',188,0,'126','0'),('2251',192,0,'126','4'),('2252',195,0,'126','0'),('2253',218,0,'126','1'),('2254',212,0,'126','1'),('2255',214,0,'126','0'),('2256',213,0,'126','0'),('2257',260,0,'126','0'),('2258',71,0,'127','0'),('2259',70,0,'127','0'),('2260',254,0,'127','0'),('2261',69,0,'127','0'),('2262',46,0,'127','1'),('2263',54,0,'127','1'),('2264',169,0,'127','0'),('2265',210,0,'127','0'),('2266',209,0,'127','0'),('2267',208,0,'127','0'),('2268',189,0,'127','0'),('2269',199,0,'127','0'),('2270',185,0,'127','0'),('2271',188,0,'127','0'),('2272',192,0,'127','4'),('2273',195,0,'127','0'),('2274',218,0,'127','1'),('2275',212,0,'127','1'),('2276',214,0,'127','1'),('2277',213,0,'127','1'),('2278',260,0,'127','0'),('2279',71,0,'128','0'),('2280',70,0,'128','0'),('2281',254,0,'128','0'),('2282',69,0,'128','0'),('2283',46,0,'128','1'),('2284',54,0,'128','0'),('2285',169,0,'128','0'),('2286',210,0,'128','0'),('2287',209,0,'128','0'),('2288',208,0,'128','1'),('2289',189,0,'128','0'),('2290',199,0,'128','0'),('2291',185,0,'128','0'),('2292',188,0,'128','0'),('2293',192,0,'128','4'),('2294',195,0,'128','0'),('2295',218,0,'128','1'),('2296',212,0,'128','1'),('2297',214,0,'128','1'),('2298',213,0,'128','1'),('2299',260,0,'128','0'),('2300',71,0,'129','0'),('2301',70,0,'129','0'),('2302',254,0,'129','0'),('2303',69,0,'129','0'),('2304',46,0,'129','1'),('2305',54,0,'129','1'),('2306',169,0,'129','0'),('2307',210,0,'129','0'),('2308',209,0,'129','0'),('2309',208,0,'129','0'),('2310',189,0,'129','0'),('2311',199,0,'129','0'),('2312',185,0,'129','0'),('2313',188,0,'129','0'),('2314',192,0,'129','4'),('2315',195,0,'129','0'),('2316',218,0,'129','1'),('2317',212,0,'129','1'),('2318',214,0,'129','1'),('2319',213,0,'129','1'),('2320',260,0,'129','0'),('2321',71,0,'130','0'),('2322',70,0,'130','0'),('2323',254,0,'130','0'),('2324',69,0,'130','0'),('2325',46,0,'130','1'),('2326',54,0,'130','1'),('2327',169,0,'130','0'),('2328',210,0,'130','0'),('2329',209,0,'130','0'),('2330',208,0,'130','0'),('2331',189,0,'130','0'),('2332',199,0,'130','0'),('2333',185,0,'130','0'),('2334',188,0,'130','0'),('2335',192,0,'130','4'),('2336',195,0,'130','0'),('2337',218,0,'130','1'),('2338',212,0,'130','1'),('2339',214,0,'130','1'),('2340',213,0,'130','1'),('2341',260,0,'130','0'),('2342',71,0,'131','0'),('2343',70,0,'131','0'),('2344',254,0,'131','0'),('2345',69,0,'131','0'),('2346',46,0,'131','1'),('2347',54,0,'131','1'),('2348',169,0,'131','0'),('2349',210,0,'131','0'),('2350',209,0,'131','0'),('2351',208,0,'131','0'),('2352',189,0,'131','0'),('2353',199,0,'131','0'),('2354',185,0,'131','0'),('2355',188,0,'131','0'),('2356',192,0,'131','4'),('2357',195,0,'131','0'),('2358',218,0,'131','1'),('2359',212,0,'131','1'),('2360',214,0,'131','1'),('2361',213,0,'131','1'),('2362',260,0,'131','0'),('2363',53,0,'121','211'),('2364',198,0,'121',NULL),('2365',197,0,'121',NULL),('2366',53,0,'128','213'),('2367',198,0,'128',NULL),('2368',197,0,'128',NULL),('2390',71,0,'133','0'),('2391',70,0,'133','0'),('2392',254,0,'133','0'),('2393',69,0,'133','1'),('2394',46,0,'133','1'),('2395',54,0,'133','1'),('2396',169,0,'133','0'),('2397',210,0,'133','0'),('2398',209,0,'133','0'),('2399',208,0,'133','1'),('2400',189,0,'133','0'),('2401',199,0,'133','0'),('2402',185,0,'133','0'),('2403',188,0,'133','0'),('2404',192,0,'133','4'),('2405',195,0,'133','0'),('2406',218,0,'133','0'),('2407',212,0,'133','0'),('2408',214,0,'133','0'),('2409',213,0,'133','0'),('2410',260,0,'133','0'),('2411',53,0,'133',NULL),('2412',198,0,'133',NULL),('2413',197,0,'133',NULL),('2414',71,0,'134','0'),('2415',70,0,'134','0'),('2416',254,0,'134','0'),('2417',69,0,'134','1'),('2418',46,0,'134','1'),('2419',54,0,'134','0'),('2420',169,0,'134','0'),('2421',210,0,'134','0'),('2422',209,0,'134','0'),('2423',208,0,'134','1'),('2424',189,0,'134','0'),('2425',199,0,'134','0'),('2426',185,0,'134','0'),('2427',188,0,'134','0'),('2428',192,0,'134','4'),('2429',195,0,'134','0'),('2430',218,0,'134','1'),('2431',212,0,'134','1'),('2432',214,0,'134','1'),('2433',213,0,'134','1'),('2434',260,0,'134','0'),('2435',71,0,'135','0'),('2436',70,0,'135','0'),('2437',254,0,'135','0'),('2438',69,0,'135','1'),('2439',46,0,'135','1'),('2440',54,0,'135','0'),('2441',169,0,'135','0'),('2442',210,0,'135','0'),('2443',209,0,'135','0'),('2444',208,0,'135','0'),('2445',189,0,'135','0'),('2446',199,0,'135','0'),('2447',185,0,'135','0'),('2448',188,0,'135','0'),('2449',192,0,'135','4'),('2450',195,0,'135','0'),('2451',218,0,'135','0'),('2452',212,0,'135','0'),('2453',214,0,'135','0'),('2454',213,0,'135','0'),('2455',260,0,'135','0'),('2456',71,0,'136','0'),('2457',70,0,'136','0'),('2458',254,0,'136','0'),('2459',69,0,'136','1'),('2460',46,0,'136','1'),('2461',54,0,'136','0'),('2462',169,0,'136','0'),('2463',210,0,'136','0'),('2464',209,0,'136','0'),('2465',208,0,'136','1'),('2466',189,0,'136','0'),('2467',199,0,'136','0'),('2468',185,0,'136','0'),('2469',188,0,'136','0'),('2470',192,0,'136','4'),('2471',195,0,'136','0'),('2472',218,0,'136','1'),('2473',212,0,'136','1'),('2474',214,0,'136','1'),('2475',213,0,'136','1'),('2476',260,0,'136','0'),('2477',71,0,'137','0'),('2478',70,0,'137','0'),('2479',254,0,'137','0'),('2480',69,0,'137','1'),('2481',46,0,'137','1'),('2482',54,0,'137','1'),('2483',169,0,'137','0'),('2484',210,0,'137','0'),('2485',209,0,'137','0'),('2486',208,0,'137','0'),('2487',189,0,'137','0'),('2488',199,0,'137','0'),('2489',185,0,'137','0'),('2490',188,0,'137','0'),('2491',192,0,'137','4'),('2492',195,0,'137','0'),('2493',218,0,'137','0'),('2494',212,0,'137','0'),('2495',214,0,'137','0'),('2496',213,0,'137','0'),('2497',260,0,'137','0'),('2498',71,0,'138','0'),('2499',70,0,'138','0'),('2500',254,0,'138','0'),('2501',69,0,'138','1'),('2502',46,0,'138','1'),('2503',54,0,'138','1'),('2504',169,0,'138','0'),('2505',210,0,'138','0'),('2506',209,0,'138','0'),('2507',208,0,'138','0'),('2508',189,0,'138','0'),('2509',199,0,'138','0'),('2510',185,0,'138','0'),('2511',188,0,'138','0'),('2512',192,0,'138','4'),('2513',195,0,'138','0'),('2514',218,0,'138','0'),('2515',212,0,'138','0'),('2516',214,0,'138','0'),('2517',213,0,'138','0'),('2518',260,0,'138','0'),('2519',71,0,'139','0'),('2520',70,0,'139','0'),('2521',254,0,'139','0'),('2522',69,0,'139','1'),('2523',46,0,'139','1'),('2524',54,0,'139','1'),('2525',169,0,'139','0'),('2526',210,0,'139','0'),('2527',209,0,'139','0'),('2528',208,0,'139','1'),('2529',189,0,'139','0'),('2530',199,0,'139','0'),('2531',185,0,'139','0'),('2532',188,0,'139','0'),('2533',192,0,'139','4'),('2534',195,0,'139','0'),('2535',218,0,'139','0'),('2536',212,0,'139','0'),('2537',214,0,'139','0'),('2538',213,0,'139','0'),('2539',260,0,'139','0'),('2540',53,0,'139',NULL),('2541',198,0,'139',NULL),('2542',197,0,'139',NULL),('2543',71,0,'140','0'),('2544',70,0,'140','0'),('2545',254,0,'140','0'),('2546',69,0,'140','1'),('2547',46,0,'140','1'),('2548',54,0,'140','1'),('2549',169,0,'140','0'),('2550',210,0,'140','0'),('2551',209,0,'140','0'),('2552',208,0,'140','0'),('2553',189,0,'140','0'),('2554',199,0,'140','0'),('2555',185,0,'140','0'),('2556',188,0,'140','0'),('2557',192,0,'140','4'),('2558',195,0,'140','0'),('2559',218,0,'140','0'),('2560',212,0,'140','0'),('2561',214,0,'140','0'),('2562',213,0,'140','0'),('2563',260,0,'140','0'),('2564',71,0,'141','0'),('2565',70,0,'141','0'),('2566',254,0,'141','0'),('2567',69,0,'141','1'),('2568',46,0,'141','1'),('2569',54,0,'141','0'),('2570',169,0,'141','0'),('2571',210,0,'141','0'),('2572',209,0,'141','0'),('2573',208,0,'141','1'),('2574',189,0,'141','0'),('2575',199,0,'141','0'),('2576',185,0,'141','0'),('2577',188,0,'141','0'),('2578',192,0,'141','4'),('2579',195,0,'141','0'),('2580',218,0,'141','0'),('2581',212,0,'141','0'),('2582',214,0,'141','0'),('2583',213,0,'141','0'),('2584',260,0,'141','0'),('2585',71,0,'142','0'),('2586',70,0,'142','0'),('2587',254,0,'142','0'),('2588',69,0,'142','1'),('2589',46,0,'142','1'),('2590',54,0,'142','0'),('2591',169,0,'142','0'),('2592',210,0,'142','0'),('2593',209,0,'142','0'),('2594',208,0,'142','1'),('2595',189,0,'142','0'),('2596',199,0,'142','0'),('2597',185,0,'142','0'),('2598',188,0,'142','0'),('2599',192,0,'142','4'),('2600',195,0,'142','0'),('2601',218,0,'142','0'),('2602',212,0,'142','0'),('2603',214,0,'142','0'),('2604',213,0,'142','0'),('2605',260,0,'142','0'),('2606',71,0,'143','0'),('2607',70,0,'143','0'),('2608',254,0,'143','0'),('2609',69,0,'143','1'),('2610',46,0,'143','1'),('2611',54,0,'143','1'),('2612',169,0,'143','0'),('2613',210,0,'143','0'),('2614',209,0,'143','0'),('2615',208,0,'143','0'),('2616',189,0,'143','0'),('2617',199,0,'143','0'),('2618',185,0,'143','0'),('2619',188,0,'143','0'),('2620',192,0,'143','4'),('2621',195,0,'143','0'),('2622',218,0,'143','0'),('2623',212,0,'143','0'),('2624',214,0,'143','0'),('2625',213,0,'143','0'),('2626',260,0,'143','0'),('2627',71,0,'144','0'),('2628',70,0,'144','0'),('2629',254,0,'144','0'),('2630',69,0,'144','1'),('2631',46,0,'144','1'),('2632',54,0,'144','0'),('2633',169,0,'144','0'),('2634',210,0,'144','0'),('2635',209,0,'144','0'),('2636',208,0,'144','1'),('2637',189,0,'144','0'),('2638',199,0,'144','0'),('2639',185,0,'144','0'),('2640',188,0,'144','0'),('2641',192,0,'144','4'),('2642',195,0,'144','0'),('2643',218,0,'144','0'),('2644',212,0,'144','0'),('2645',214,0,'144','0'),('2646',213,0,'144','0'),('2647',260,0,'144','0'),('2648',71,0,'145','0'),('2649',70,0,'145','0'),('2650',254,0,'145','0'),('2651',69,0,'145','1'),('2652',46,0,'145','1'),('2653',54,0,'145','0'),('2654',169,0,'145','0'),('2655',210,0,'145','0'),('2656',209,0,'145','0'),('2657',208,0,'145','1'),('2658',189,0,'145','0'),('2659',199,0,'145','0'),('2660',185,0,'145','0'),('2661',188,0,'145','0'),('2662',192,0,'145','4'),('2663',195,0,'145','0'),('2664',218,0,'145','0'),('2665',212,0,'145','0'),('2666',214,0,'145','0'),('2667',213,0,'145','0'),('2668',260,0,'145','0'),('2669',71,0,'146','0'),('2670',70,0,'146','0'),('2671',254,0,'146','0'),('2672',69,0,'146','0'),('2673',46,0,'146','0'),('2674',54,0,'146','1'),('2675',169,0,'146','0'),('2676',210,0,'146','0'),('2677',209,0,'146','0'),('2678',208,0,'146','1'),('2679',189,0,'146','0'),('2680',199,0,'146','0'),('2681',185,0,'146','0'),('2682',188,0,'146','0'),('2683',192,0,'146','4'),('2684',195,0,'146','0'),('2685',218,0,'146','0'),('2686',212,0,'146','0'),('2687',214,0,'146','0'),('2688',213,0,'146','0'),('2689',260,0,'146','0'),('2711',71,0,'148','0'),('2712',70,0,'148','0'),('2713',254,0,'148','0'),('2714',69,0,'148','1'),('2715',46,0,'148','1'),('2716',54,0,'148','0'),('2717',169,0,'148','0'),('2718',210,0,'148','0'),('2719',209,0,'148','1'),('2720',208,0,'148','1'),('2721',189,0,'148','1'),('2722',199,0,'148','0'),('2723',185,0,'148','0'),('2724',188,0,'148','0'),('2725',192,0,'148','4'),('2726',195,0,'148','0'),('2727',218,0,'148','0'),('2728',212,0,'148','0'),('2729',214,0,'148','0'),('2730',213,0,'148','0'),('2731',260,0,'148','0'),('2732',71,0,'149','0'),('2733',70,0,'149','0'),('2734',254,0,'149','0'),('2735',69,0,'149','1'),('2736',46,0,'149','1'),('2737',54,0,'149','0'),('2738',169,0,'149','0'),('2739',210,0,'149','0'),('2740',209,0,'149','0'),('2741',208,0,'149','1'),('2742',189,0,'149','0'),('2743',199,0,'149','0'),('2744',185,0,'149','0'),('2745',188,0,'149','0'),('2746',192,0,'149','4'),('2747',195,0,'149','0'),('2748',218,0,'149','0'),('2749',212,0,'149','0'),('2750',214,0,'149','0'),('2751',213,0,'149','0'),('2752',260,0,'149','0'),('2753',71,0,'150','0'),('2754',70,0,'150','0'),('2755',254,0,'150','0'),('2756',69,0,'150','1'),('2757',46,0,'150','1'),('2758',54,0,'150','0'),('2759',169,0,'150','0'),('2760',210,0,'150','0'),('2761',209,0,'150','0'),('2762',208,0,'150','1'),('2763',189,0,'150','0'),('2764',199,0,'150','0'),('2765',185,0,'150','0'),('2766',188,0,'150','0'),('2767',192,0,'150','4'),('2768',195,0,'150','0'),('2769',218,0,'150','0'),('2770',212,0,'150','0'),('2771',214,0,'150','0'),('2772',213,0,'150','0'),('2773',260,0,'150','0'),('2774',71,0,'151','0'),('2775',70,0,'151','0'),('2776',254,0,'151','0'),('2777',69,0,'151','1'),('2778',46,0,'151','1'),('2779',54,0,'151','0'),('2780',169,0,'151','0'),('2781',210,0,'151','0'),('2782',209,0,'151','0'),('2783',208,0,'151','1'),('2784',189,0,'151','0'),('2785',199,0,'151','0'),('2786',185,0,'151','0'),('2787',188,0,'151','0'),('2788',192,0,'151','4'),('2789',195,0,'151','0'),('2790',218,0,'151','0'),('2791',212,0,'151','0'),('2792',214,0,'151','0'),('2793',213,0,'151','0'),('2794',260,0,'151','0'),('2795',71,0,'152','0'),('2796',70,0,'152','0'),('2797',254,0,'152','0'),('2798',69,0,'152','1'),('2799',46,0,'152','1'),('2800',54,0,'152','0'),('2801',169,0,'152','0'),('2802',210,0,'152','0'),('2803',209,0,'152','0'),('2804',208,0,'152','1'),('2805',189,0,'152','0'),('2806',199,0,'152','0'),('2807',185,0,'152','0'),('2808',188,0,'152','0'),('2809',192,0,'152','4'),('2810',195,0,'152','0'),('2811',218,0,'152','1'),('2812',212,0,'152','1'),('2813',214,0,'152','1'),('2814',213,0,'152','1'),('2815',260,0,'152','0'),('2816',71,0,'153','0'),('2817',70,0,'153','0'),('2818',254,0,'153','0'),('2819',69,0,'153','1'),('2820',46,0,'153','1'),('2821',54,0,'153','0'),('2822',169,0,'153','0'),('2823',210,0,'153','0'),('2824',209,0,'153','0'),('2825',208,0,'153','1'),('2826',189,0,'153','0'),('2827',199,0,'153','0'),('2828',185,0,'153','0'),('2829',188,0,'153','0'),('2830',192,0,'153','4'),('2831',195,0,'153','0'),('2832',218,0,'153','0'),('2833',212,0,'153','0'),('2834',214,0,'153','0'),('2835',213,0,'153','0'),('2836',260,0,'153','0'),('2837',71,0,'154','0'),('2838',70,0,'154','0'),('2839',254,0,'154','0'),('2840',69,0,'154','1'),('2841',46,0,'154','1'),('2842',54,0,'154','0'),('2843',169,0,'154','0'),('2844',210,0,'154','0'),('2845',209,0,'154','0'),('2846',208,0,'154','1'),('2847',189,0,'154','0'),('2848',199,0,'154','0'),('2849',185,0,'154','0'),('2850',188,0,'154','0'),('2851',192,0,'154','4'),('2852',195,0,'154','0'),('2853',218,0,'154','0'),('2854',212,0,'154','0'),('2855',214,0,'154','0'),('2856',213,0,'154','0'),('2857',260,0,'154','0'),('2858',71,0,'155','0'),('2859',70,0,'155','0'),('2860',254,0,'155','0'),('2861',69,0,'155','1'),('2862',46,0,'155','1'),('2863',54,0,'155','0'),('2864',169,0,'155','0'),('2865',210,0,'155','0'),('2866',209,0,'155','0'),('2867',208,0,'155','1'),('2868',189,0,'155','0'),('2869',199,0,'155','0'),('2870',185,0,'155','0'),('2871',188,0,'155','0'),('2872',192,0,'155','4'),('2873',195,0,'155','0'),('2874',218,0,'155','0'),('2875',212,0,'155','0'),('2876',214,0,'155','0'),('2877',213,0,'155','0'),('2878',260,0,'155','0'),('2879',71,0,'156','0'),('2880',70,0,'156','0'),('2881',254,0,'156','0'),('2882',69,0,'156','1'),('2883',46,0,'156','1'),('2884',54,0,'156','0'),('2885',169,0,'156','0'),('2886',210,0,'156','0'),('2887',209,0,'156','0'),('2888',208,0,'156','1'),('2889',189,0,'156','0'),('2890',199,0,'156','0'),('2891',185,0,'156','0'),('2892',188,0,'156','0'),('2893',192,0,'156','4'),('2894',195,0,'156','0'),('2895',218,0,'156','0'),('2896',212,0,'156','0'),('2897',214,0,'156','0'),('2898',213,0,'156','0'),('2899',260,0,'156','0'),('2900',71,0,'157','0'),('2901',70,0,'157','0'),('2902',254,0,'157','0'),('2903',69,0,'157','1'),('2904',46,0,'157','1'),('2905',54,0,'157','0'),('2906',169,0,'157','0'),('2907',210,0,'157','0'),('2908',209,0,'157','0'),('2909',208,0,'157','1'),('2910',189,0,'157','0'),('2911',199,0,'157','0'),('2912',185,0,'157','0'),('2913',188,0,'157','0'),('2914',192,0,'157','4'),('2915',195,0,'157','0'),('2916',218,0,'157','0'),('2917',212,0,'157','0'),('2918',214,0,'157','0'),('2919',213,0,'157','0'),('2920',260,0,'157','0'),('2921',53,0,'148','799'),('2922',198,0,'148',NULL),('2923',197,0,'148',NULL),('2924',71,0,'158','0'),('2925',70,0,'158','0'),('2926',254,0,'158','0'),('2927',69,0,'158','1'),('2928',46,0,'158','1'),('2929',54,0,'158','1'),('2930',169,0,'158','0'),('2931',210,0,'158','0'),('2932',209,0,'158','0'),('2933',208,0,'158','1'),('2934',189,0,'158','0'),('2935',199,0,'158','0'),('2936',185,0,'158','0'),('2937',188,0,'158','0'),('2938',192,0,'158','4'),('2939',195,0,'158','0'),('2940',218,0,'158','0'),('2941',212,0,'158','0'),('2942',214,0,'158','0'),('2943',213,0,'158','0'),('2944',260,0,'158','0'),('2945',71,0,'159','0'),('2946',70,0,'159','0'),('2947',254,0,'159','0'),('2948',69,0,'159','1'),('2949',46,0,'159','1'),('2950',54,0,'159','1'),('2951',169,0,'159','0'),('2952',210,0,'159','0'),('2953',209,0,'159','0'),('2954',208,0,'159','1'),('2955',189,0,'159','0'),('2956',199,0,'159','0'),('2957',185,0,'159','0'),('2958',188,0,'159','0'),('2959',192,0,'159','4'),('2960',195,0,'159','0'),('2961',218,0,'159','0'),('2962',212,0,'159','0'),('2963',214,0,'159','0'),('2964',213,0,'159','0'),('2965',260,0,'159','0'),('2966',71,0,'160','0'),('2967',70,0,'160','0'),('2968',254,0,'160','0'),('2969',69,0,'160','0'),('2970',46,0,'160','1'),('2971',54,0,'160','0'),('2972',169,0,'160','0'),('2973',210,0,'160','0'),('2974',209,0,'160','0'),('2975',208,0,'160','1'),('2976',189,0,'160','0'),('2977',199,0,'160','0'),('2978',185,0,'160','0'),('2979',188,0,'160','0'),('2980',192,0,'160','4'),('2981',195,0,'160','0'),('2982',218,0,'160','0'),('2983',212,0,'160','0'),('2984',214,0,'160','0'),('2985',213,0,'160','0'),('2986',260,0,'160','0'),('2987',71,0,'161','0'),('2988',70,0,'161','0'),('2989',254,0,'161','0'),('2990',69,0,'161','0'),('2991',46,0,'161','1'),('2992',54,0,'161','0'),('2993',169,0,'161','0'),('2994',210,0,'161','0'),('2995',209,0,'161','0'),('2996',208,0,'161','1'),('2997',189,0,'161','0'),('2998',199,0,'161','0'),('2999',185,0,'161','0'),('3000',188,0,'161','0'),('3001',192,0,'161','4'),('3002',195,0,'161','0'),('3003',218,0,'161','0'),('3004',212,0,'161','0'),('3005',214,0,'161','0'),('3006',213,0,'161','0'),('3007',260,0,'161','0'),('3008',71,0,'162','0'),('3009',70,0,'162','0'),('3010',254,0,'162','0'),('3011',69,0,'162','1'),('3012',46,0,'162','1'),('3013',54,0,'162','1'),('3014',169,0,'162','0'),('3015',210,0,'162','1'),('3016',209,0,'162','0'),('3017',208,0,'162','1'),('3018',189,0,'162','0'),('3019',199,0,'162','0'),('3020',185,0,'162','0'),('3021',188,0,'162','0'),('3022',192,0,'162','4'),('3023',195,0,'162','0'),('3024',218,0,'162','1'),('3025',212,0,'162','1'),('3026',214,0,'162','0'),('3027',213,0,'162','0'),('3028',260,0,'162','0'),('3029',53,0,'162',NULL),('3030',198,0,'162',NULL),('3031',197,0,'162',NULL),('3032',71,0,'163','0'),('3033',70,0,'163','0'),('3034',254,0,'163','0'),('3035',69,0,'163','0'),('3036',46,0,'163','1'),('3037',54,0,'163','0'),('3038',169,0,'163','0'),('3039',210,0,'163','0'),('3040',209,0,'163','0'),('3041',208,0,'163','1'),('3042',189,0,'163','0'),('3043',199,0,'163','0'),('3044',185,0,'163','0'),('3045',188,0,'163','0'),('3046',192,0,'163','4'),('3047',195,0,'163','0'),('3048',218,0,'163','0'),('3049',212,0,'163','0'),('3050',214,0,'163','0'),('3051',213,0,'163','0'),('3052',260,0,'163','0'),('3053',71,0,'164','0'),('3054',70,0,'164','0'),('3055',254,0,'164','0'),('3056',69,0,'164','0'),('3057',46,0,'164','1'),('3058',54,0,'164','0'),('3059',169,0,'164','0'),('3060',210,0,'164','0'),('3061',209,0,'164','0'),('3062',208,0,'164','1'),('3063',189,0,'164','0'),('3064',199,0,'164','0'),('3065',185,0,'164','0'),('3066',188,0,'164','0'),('3067',192,0,'164','4'),('3068',195,0,'164','0'),('3069',218,0,'164','0'),('3070',212,0,'164','0'),('3071',214,0,'164','0'),('3072',213,0,'164','0'),('3073',260,0,'164','0'),('3074',71,0,'165','0'),('3075',70,0,'165','0'),('3076',254,0,'165','0'),('3077',69,0,'165','0'),('3078',46,0,'165','1'),('3079',54,0,'165','0'),('3080',169,0,'165','0'),('3081',210,0,'165','0'),('3082',209,0,'165','0'),('3083',208,0,'165','1'),('3084',189,0,'165','0'),('3085',199,0,'165','0'),('3086',185,0,'165','0'),('3087',188,0,'165','0'),('3088',192,0,'165','4'),('3089',195,0,'165','0'),('3090',218,0,'165','0'),('3091',212,0,'165','0'),('3092',214,0,'165','0'),('3093',213,0,'165','0'),('3094',260,0,'165','0'),('3095',71,0,'166','0'),('3096',70,0,'166','0'),('3097',254,0,'166','0'),('3098',69,0,'166','1'),('3099',46,0,'166','1'),('3100',54,0,'166','1'),('3101',169,0,'166','0'),('3102',210,0,'166','1'),('3103',209,0,'166','0'),('3104',208,0,'166','1'),('3105',189,0,'166','0'),('3106',199,0,'166','0'),('3107',185,0,'166','0'),('3108',188,0,'166','0'),('3109',192,0,'166','4'),('3110',195,0,'166','0'),('3111',218,0,'166','1'),('3112',212,0,'166','1'),('3113',214,0,'166','0'),('3114',213,0,'166','0'),('3115',260,0,'166','0'),('3116',71,0,'167','0'),('3117',70,0,'167','0'),('3118',254,0,'167','0'),('3119',69,0,'167','1'),('3120',46,0,'167','1'),('3121',54,0,'167','1'),('3122',169,0,'167','0'),('3123',210,0,'167','1'),('3124',209,0,'167','0'),('3125',208,0,'167','0'),('3126',189,0,'167','0'),('3127',199,0,'167','0'),('3128',185,0,'167','0'),('3129',188,0,'167','0'),('3130',192,0,'167','4'),('3131',195,0,'167','0'),('3132',218,0,'167','1'),('3133',212,0,'167','1'),('3134',214,0,'167','0'),('3135',213,0,'167','0'),('3136',260,0,'167','0'),('3137',71,0,'168','0'),('3138',70,0,'168','0'),('3139',254,0,'168','0'),('3140',69,0,'168','1'),('3141',46,0,'168','1'),('3142',54,0,'168','1'),('3143',169,0,'168','0'),('3144',210,0,'168','1'),('3145',209,0,'168','0'),('3146',208,0,'168','1'),('3147',189,0,'168','0'),('3148',199,0,'168','0'),('3149',185,0,'168','0'),('3150',188,0,'168','0'),('3151',192,0,'168','4'),('3152',195,0,'168','0'),('3153',218,0,'168','1'),('3154',212,0,'168','1'),('3155',214,0,'168','0'),('3156',213,0,'168','0'),('3157',260,0,'168','0'),('3158',71,0,'169','0'),('3159',70,0,'169','0'),('3160',254,0,'169','0'),('3161',69,0,'169','0'),('3162',46,0,'169','1'),('3163',54,0,'169','0'),('3164',169,0,'169','0'),('3165',210,0,'169','0'),('3166',209,0,'169','0'),('3167',208,0,'169','1'),('3168',189,0,'169','0'),('3169',199,0,'169','0'),('3170',185,0,'169','0'),('3171',188,0,'169','0'),('3172',192,0,'169','4'),('3173',195,0,'169','0'),('3174',218,0,'169','0'),('3175',212,0,'169','0'),('3176',214,0,'169','0'),('3177',213,0,'169','0'),('3178',260,0,'169','0'),('3179',71,0,'170','0'),('3180',70,0,'170','0'),('3181',254,0,'170','0'),('3182',69,0,'170','1'),('3183',46,0,'170','1'),('3184',54,0,'170','1'),('3185',169,0,'170','0'),('3186',210,0,'170','1'),('3187',209,0,'170','0'),('3188',208,0,'170','0'),('3189',189,0,'170','0'),('3190',199,0,'170','0'),('3191',185,0,'170','0'),('3192',188,0,'170','0'),('3193',192,0,'170','4'),('3194',195,0,'170','0'),('3195',218,0,'170','1'),('3196',212,0,'170','1'),('3197',214,0,'170','0'),('3198',213,0,'170','0'),('3199',260,0,'170','0'),('3200',71,0,'171','0'),('3201',70,0,'171','0'),('3202',254,0,'171','0'),('3203',69,0,'171','0'),('3204',46,0,'171','0'),('3205',54,0,'171','1'),('3206',169,0,'171','0'),('3207',210,0,'171','0'),('3208',209,0,'171','0'),('3209',208,0,'171','0'),('3210',189,0,'171','0'),('3211',199,0,'171','0'),('3212',185,0,'171','0'),('3213',188,0,'171','0'),('3214',192,0,'171','4');
INSERT INTO `catalog_category_entity_int` VALUES ('3215',195,0,'171','0'),('3216',218,0,'171','0'),('3217',212,0,'171','0'),('3218',214,0,'171','0'),('3219',213,0,'171','0'),('3220',260,0,'171','0'),('3221',53,0,'170',NULL),('3222',198,0,'170',NULL),('3223',197,0,'170',NULL),('3245',71,0,'173','0'),('3246',70,0,'173','0'),('3247',254,0,'173','0'),('3248',69,0,'173','0'),('3249',46,0,'173','1'),('3250',54,0,'173','0'),('3251',169,0,'173','0'),('3252',210,0,'173','0'),('3253',209,0,'173','0'),('3254',208,0,'173','1'),('3255',189,0,'173','0'),('3256',199,0,'173','0'),('3257',185,0,'173','0'),('3258',188,0,'173','0'),('3259',192,0,'173','4'),('3260',195,0,'173','0'),('3261',218,0,'173','0'),('3262',212,0,'173','0'),('3263',214,0,'173','0'),('3264',213,0,'173','0'),('3265',260,0,'173','0'),('3266',71,0,'174','0'),('3267',70,0,'174','0'),('3268',254,0,'174','0'),('3269',69,0,'174','0'),('3270',46,0,'174','1'),('3271',54,0,'174','0'),('3272',169,0,'174','0'),('3273',210,0,'174','0'),('3274',209,0,'174','0'),('3275',208,0,'174','1'),('3276',189,0,'174','0'),('3277',199,0,'174','0'),('3278',185,0,'174','0'),('3279',188,0,'174','0'),('3280',192,0,'174','4'),('3281',195,0,'174','0'),('3282',218,0,'174','0'),('3283',212,0,'174','0'),('3284',214,0,'174','0'),('3285',213,0,'174','0'),('3286',260,0,'174','0'),('3287',71,0,'175','0'),('3288',70,0,'175','0'),('3289',254,0,'175','0'),('3290',69,0,'175','1'),('3291',46,0,'175','1'),('3292',54,0,'175','1'),('3293',169,0,'175','0'),('3294',210,0,'175','0'),('3295',209,0,'175','0'),('3296',208,0,'175','0'),('3297',189,0,'175','0'),('3298',199,0,'175','0'),('3299',185,0,'175','0'),('3300',188,0,'175','0'),('3301',192,0,'175','4'),('3302',195,0,'175','0'),('3303',218,0,'175','1'),('3304',212,0,'175','1'),('3305',214,0,'175','1'),('3306',213,0,'175','1'),('3307',260,0,'175','0'),('3308',53,0,'175',NULL),('3309',198,0,'175',NULL),('3310',197,0,'175',NULL),('3356',71,0,'178','0'),('3357',70,0,'178','0'),('3358',254,0,'178','0'),('3359',69,0,'178','1'),('3360',46,0,'178','1'),('3361',54,0,'178','0'),('3362',169,0,'178','0'),('3363',210,0,'178','0'),('3364',209,0,'178','0'),('3365',208,0,'178','1'),('3366',189,0,'178','0'),('3367',199,0,'178','0'),('3368',185,0,'178','0'),('3369',188,0,'178','0'),('3370',192,0,'178','4'),('3371',195,0,'178','0'),('3372',218,0,'178','0'),('3373',212,0,'178','0'),('3374',214,0,'178','0'),('3375',213,0,'178','0'),('3376',260,0,'178','0'),('3377',71,0,'179','0'),('3378',70,0,'179','0'),('3379',254,0,'179','0'),('3380',69,0,'179','1'),('3381',46,0,'179','1'),('3382',54,0,'179','0'),('3383',169,0,'179','0'),('3384',210,0,'179','0'),('3385',209,0,'179','0'),('3386',208,0,'179','1'),('3387',189,0,'179','0'),('3388',199,0,'179','0'),('3389',185,0,'179','0'),('3390',188,0,'179','0'),('3391',192,0,'179','4'),('3392',195,0,'179','0'),('3393',218,0,'179','0'),('3394',212,0,'179','0'),('3395',214,0,'179','0'),('3396',213,0,'179','0'),('3397',260,0,'179','0'),('3398',71,0,'180','0'),('3399',70,0,'180','0'),('3400',254,0,'180','0'),('3401',69,0,'180','1'),('3402',46,0,'180','1'),('3403',54,0,'180','0'),('3404',169,0,'180','0'),('3405',210,0,'180','0'),('3406',209,0,'180','0'),('3407',208,0,'180','1'),('3408',189,0,'180','0'),('3409',199,0,'180','0'),('3410',185,0,'180','0'),('3411',188,0,'180','0'),('3412',192,0,'180','4'),('3413',195,0,'180','0'),('3414',218,0,'180','0'),('3415',212,0,'180','0'),('3416',214,0,'180','0'),('3417',213,0,'180','0'),('3418',260,0,'180','0'),('3419',71,0,'181','0'),('3420',70,0,'181','0'),('3421',254,0,'181','0'),('3422',69,0,'181','1'),('3423',46,0,'181','1'),('3424',54,0,'181','0'),('3425',169,0,'181','0'),('3426',210,0,'181','0'),('3427',209,0,'181','0'),('3428',208,0,'181','1'),('3429',189,0,'181','0'),('3430',199,0,'181','0'),('3431',185,0,'181','0'),('3432',188,0,'181','0'),('3433',192,0,'181','4'),('3434',195,0,'181','0'),('3435',218,0,'181','0'),('3436',212,0,'181','0'),('3437',214,0,'181','0'),('3438',213,0,'181','0'),('3439',260,0,'181','0'),('3440',71,0,'182','0'),('3441',70,0,'182','0'),('3442',254,0,'182','0'),('3443',69,0,'182','1'),('3444',46,0,'182','1'),('3445',54,0,'182','0'),('3446',169,0,'182','0'),('3447',210,0,'182','0'),('3448',209,0,'182','0'),('3449',208,0,'182','1'),('3450',189,0,'182','0'),('3451',199,0,'182','0'),('3452',185,0,'182','0'),('3453',188,0,'182','0'),('3454',192,0,'182','4'),('3455',195,0,'182','0'),('3456',218,0,'182','0'),('3457',212,0,'182','0'),('3458',214,0,'182','0'),('3459',213,0,'182','0'),('3460',260,0,'182','0'),('3461',71,0,'183','0'),('3462',70,0,'183','0'),('3463',254,0,'183','0'),('3464',69,0,'183','1'),('3465',46,0,'183','1'),('3466',54,0,'183','0'),('3467',169,0,'183','0'),('3468',210,0,'183','0'),('3469',209,0,'183','0'),('3470',208,0,'183','1'),('3471',189,0,'183','0'),('3472',199,0,'183','0'),('3473',185,0,'183','0'),('3474',188,0,'183','0'),('3475',192,0,'183','4'),('3476',195,0,'183','0'),('3477',218,0,'183','0'),('3478',212,0,'183','0'),('3479',214,0,'183','0'),('3480',213,0,'183','0'),('3481',260,0,'183','0'),('3482',71,0,'184','0'),('3483',70,0,'184','0'),('3484',254,0,'184','0'),('3485',69,0,'184','1'),('3486',46,0,'184','1'),('3487',54,0,'184','0'),('3488',169,0,'184','0'),('3489',210,0,'184','0'),('3490',209,0,'184','0'),('3491',208,0,'184','1'),('3492',189,0,'184','0'),('3493',199,0,'184','0'),('3494',185,0,'184','0'),('3495',188,0,'184','0'),('3496',192,0,'184','4'),('3497',195,0,'184','0'),('3498',218,0,'184','0'),('3499',212,0,'184','0'),('3500',214,0,'184','0'),('3501',213,0,'184','0'),('3502',260,0,'184','0'),('3503',71,0,'185','0'),('3504',70,0,'185','0'),('3505',254,0,'185','0'),('3506',69,0,'185','1'),('3507',46,0,'185','1'),('3508',54,0,'185','0'),('3509',169,0,'185','0'),('3510',210,0,'185','0'),('3511',209,0,'185','0'),('3512',208,0,'185','1'),('3513',189,0,'185','0'),('3514',199,0,'185','0'),('3515',185,0,'185','0'),('3516',188,0,'185','0'),('3517',192,0,'185','4'),('3518',195,0,'185','0'),('3519',218,0,'185','0'),('3520',212,0,'185','0'),('3521',214,0,'185','0'),('3522',213,0,'185','0'),('3523',260,0,'185','0'),('3524',53,0,'185','237'),('3525',198,0,'185',NULL),('3526',197,0,'185',NULL),('3527',71,0,'186','0'),('3528',70,0,'186','0'),('3529',254,0,'186','0'),('3530',69,0,'186','1'),('3531',46,0,'186','1'),('3532',54,0,'186','0'),('3533',169,0,'186','0'),('3534',210,0,'186','0'),('3535',209,0,'186','0'),('3536',208,0,'186','1'),('3537',189,0,'186','0'),('3538',199,0,'186','0'),('3539',185,0,'186','0'),('3540',188,0,'186','0'),('3541',192,0,'186','4'),('3542',195,0,'186','0'),('3543',218,0,'186','0'),('3544',212,0,'186','0'),('3545',214,0,'186','0'),('3546',213,0,'186','0'),('3547',260,0,'186','0'),('3548',71,0,'187','0'),('3549',70,0,'187','0'),('3550',254,0,'187','0'),('3551',69,0,'187','1'),('3552',46,0,'187','1'),('3553',54,0,'187','0'),('3554',169,0,'187','0'),('3555',210,0,'187','0'),('3556',209,0,'187','0'),('3557',208,0,'187','1'),('3558',189,0,'187','0'),('3559',199,0,'187','0'),('3560',185,0,'187','0'),('3561',188,0,'187','0'),('3562',192,0,'187','4'),('3563',195,0,'187','0'),('3564',218,0,'187','0'),('3565',212,0,'187','0'),('3566',214,0,'187','0'),('3567',213,0,'187','0'),('3568',260,0,'187','0'),('3569',71,0,'188','0'),('3570',70,0,'188','0'),('3571',254,0,'188','0'),('3572',69,0,'188','1'),('3573',46,0,'188','1'),('3574',54,0,'188','0'),('3575',169,0,'188','0'),('3576',210,0,'188','0'),('3577',209,0,'188','0'),('3578',208,0,'188','1'),('3579',189,0,'188','0'),('3580',199,0,'188','0'),('3581',185,0,'188','0'),('3582',188,0,'188','0'),('3583',192,0,'188','4'),('3584',195,0,'188','0'),('3585',218,0,'188','0'),('3586',212,0,'188','0'),('3587',214,0,'188','0'),('3588',213,0,'188','0'),('3589',260,0,'188','0'),('3590',71,0,'189','0'),('3591',70,0,'189','0'),('3592',254,0,'189','0'),('3593',69,0,'189','1'),('3594',46,0,'189','1'),('3595',54,0,'189','0'),('3596',169,0,'189','0'),('3597',210,0,'189','0'),('3598',209,0,'189','0'),('3599',208,0,'189','1'),('3600',189,0,'189','0'),('3601',199,0,'189','0'),('3602',185,0,'189','0'),('3603',188,0,'189','0'),('3604',192,0,'189','4'),('3605',195,0,'189','0'),('3606',218,0,'189','0'),('3607',212,0,'189','0'),('3608',214,0,'189','0'),('3609',213,0,'189','0'),('3610',260,0,'189','0'),('3611',71,0,'190','0'),('3612',70,0,'190','0'),('3613',254,0,'190','0'),('3614',69,0,'190','1'),('3615',46,0,'190','1'),('3616',54,0,'190','0'),('3617',169,0,'190','0'),('3618',210,0,'190','0'),('3619',209,0,'190','0'),('3620',208,0,'190','1'),('3621',189,0,'190','0'),('3622',199,0,'190','0'),('3623',185,0,'190','0'),('3624',188,0,'190','0'),('3625',192,0,'190','4'),('3626',195,0,'190','0'),('3627',218,0,'190','0'),('3628',212,0,'190','0'),('3629',214,0,'190','0'),('3630',213,0,'190','0'),('3631',260,0,'190','0'),('3632',71,0,'191','0'),('3633',70,0,'191','0'),('3634',254,0,'191','0'),('3635',69,0,'191','1'),('3636',46,0,'191','1'),('3637',54,0,'191','0'),('3638',169,0,'191','0'),('3639',210,0,'191','0'),('3640',209,0,'191','0'),('3641',208,0,'191','1'),('3642',189,0,'191','0'),('3643',199,0,'191','0'),('3644',185,0,'191','0'),('3645',188,0,'191','0'),('3646',192,0,'191','4'),('3647',195,0,'191','0'),('3648',218,0,'191','0'),('3649',212,0,'191','0'),('3650',214,0,'191','0'),('3651',213,0,'191','0'),('3652',260,0,'191','0'),('3653',71,0,'192','0'),('3654',70,0,'192','0'),('3655',254,0,'192','0'),('3656',69,0,'192','1'),('3657',46,0,'192','1'),('3658',54,0,'192','0'),('3659',169,0,'192','0'),('3660',210,0,'192','0'),('3661',209,0,'192','0'),('3662',208,0,'192','1'),('3663',189,0,'192','0'),('3664',199,0,'192','0'),('3665',185,0,'192','0'),('3666',188,0,'192','0'),('3667',192,0,'192','4'),('3668',195,0,'192','0'),('3669',218,0,'192','0'),('3670',212,0,'192','0'),('3671',214,0,'192','0'),('3672',213,0,'192','0'),('3673',260,0,'192','0'),('3674',71,0,'193','0'),('3675',70,0,'193','0'),('3676',254,0,'193','0'),('3677',69,0,'193','1'),('3678',46,0,'193','1'),('3679',54,0,'193','0'),('3680',169,0,'193','0'),('3681',210,0,'193','0'),('3682',209,0,'193','0'),('3683',208,0,'193','1'),('3684',189,0,'193','0'),('3685',199,0,'193','0'),('3686',185,0,'193','0'),('3687',188,0,'193','0'),('3688',192,0,'193','4'),('3689',195,0,'193','0'),('3690',218,0,'193','0'),('3691',212,0,'193','0'),('3692',214,0,'193','0'),('3693',213,0,'193','0'),('3694',260,0,'193','0'),('3695',71,0,'194','0'),('3696',70,0,'194','0'),('3697',254,0,'194','0'),('3698',69,0,'194','1'),('3699',46,0,'194','1'),('3700',54,0,'194','0'),('3701',169,0,'194','0'),('3702',210,0,'194','0'),('3703',209,0,'194','0'),('3704',208,0,'194','1'),('3705',189,0,'194','0'),('3706',199,0,'194','0'),('3707',185,0,'194','0'),('3708',188,0,'194','0'),('3709',192,0,'194','4'),('3710',195,0,'194','0'),('3711',218,0,'194','0'),('3712',212,0,'194','0'),('3713',214,0,'194','0'),('3714',213,0,'194','0'),('3715',260,0,'194','0'),('3716',71,0,'195','0'),('3717',70,0,'195','0'),('3718',254,0,'195','0'),('3719',69,0,'195','1'),('3720',46,0,'195','1'),('3721',54,0,'195','0'),('3722',169,0,'195','0'),('3723',210,0,'195','0'),('3724',209,0,'195','0'),('3725',208,0,'195','1'),('3726',189,0,'195','0'),('3727',199,0,'195','0'),('3728',185,0,'195','0'),('3729',188,0,'195','0'),('3730',192,0,'195','4'),('3731',195,0,'195','0'),('3732',218,0,'195','0'),('3733',212,0,'195','0'),('3734',214,0,'195','0'),('3735',213,0,'195','0'),('3736',260,0,'195','0'),('3737',71,0,'196','0'),('3738',70,0,'196','0'),('3739',254,0,'196','0'),('3740',69,0,'196','1'),('3741',46,0,'196','1'),('3742',54,0,'196','0'),('3743',169,0,'196','0'),('3744',210,0,'196','0'),('3745',209,0,'196','0'),('3746',208,0,'196','1'),('3747',189,0,'196','0'),('3748',199,0,'196','0'),('3749',185,0,'196','0'),('3750',188,0,'196','0'),('3751',192,0,'196','4'),('3752',195,0,'196','0'),('3753',218,0,'196','0'),('3754',212,0,'196','0'),('3755',214,0,'196','0'),('3756',213,0,'196','0'),('3757',260,0,'196','0'),('3758',71,0,'197','0'),('3759',70,0,'197','0'),('3760',254,0,'197','0'),('3761',69,0,'197','1'),('3762',46,0,'197','1'),('3763',54,0,'197','0'),('3764',169,0,'197','0'),('3765',210,0,'197','0'),('3766',209,0,'197','0'),('3767',208,0,'197','1'),('3768',189,0,'197','0'),('3769',199,0,'197','0'),('3770',185,0,'197','0'),('3771',188,0,'197','0'),('3772',192,0,'197','4'),('3773',195,0,'197','0'),('3774',218,0,'197','0'),('3775',212,0,'197','0'),('3776',214,0,'197','0'),('3777',213,0,'197','0'),('3778',260,0,'197','0'),('3779',71,0,'198','0'),('3780',70,0,'198','0'),('3781',254,0,'198','0'),('3782',69,0,'198','1'),('3783',46,0,'198','1'),('3784',54,0,'198','0'),('3785',169,0,'198','0'),('3786',210,0,'198','0'),('3787',209,0,'198','0'),('3788',208,0,'198','1'),('3789',189,0,'198','0'),('3790',199,0,'198','0'),('3791',185,0,'198','0'),('3792',188,0,'198','0'),('3793',192,0,'198','4'),('3794',195,0,'198','0'),('3795',218,0,'198','0'),('3796',212,0,'198','0'),('3797',214,0,'198','0'),('3798',213,0,'198','0'),('3799',260,0,'198','0'),('3800',71,0,'199','0'),('3801',70,0,'199','0'),('3802',254,0,'199','0'),('3803',69,0,'199','1'),('3804',46,0,'199','1'),('3805',54,0,'199','0'),('3806',169,0,'199','0'),('3807',210,0,'199','0'),('3808',209,0,'199','0'),('3809',208,0,'199','1'),('3810',189,0,'199','0'),('3811',199,0,'199','0'),('3812',185,0,'199','0'),('3813',188,0,'199','0'),('3814',192,0,'199','4'),('3815',195,0,'199','0'),('3816',218,0,'199','0'),('3817',212,0,'199','0'),('3818',214,0,'199','0'),('3819',213,0,'199','0'),('3820',260,0,'199','0'),('3821',71,0,'200','0'),('3822',70,0,'200','0'),('3823',254,0,'200','0'),('3824',69,0,'200','1'),('3825',46,0,'200','1'),('3826',54,0,'200','0'),('3827',169,0,'200','0'),('3828',210,0,'200','0'),('3829',209,0,'200','0'),('3830',208,0,'200','1'),('3831',189,0,'200','0'),('3832',199,0,'200','0'),('3833',185,0,'200','0'),('3834',188,0,'200','0'),('3835',192,0,'200','4'),('3836',195,0,'200','0'),('3837',218,0,'200','0'),('3838',212,0,'200','0'),('3839',214,0,'200','0'),('3840',213,0,'200','0'),('3841',260,0,'200','0'),('3842',71,0,'201','0'),('3843',70,0,'201','0'),('3844',254,0,'201','0'),('3845',69,0,'201','1'),('3846',46,0,'201','1'),('3847',54,0,'201','0'),('3848',169,0,'201','0'),('3849',210,0,'201','0'),('3850',209,0,'201','0'),('3851',208,0,'201','1'),('3852',189,0,'201','0'),('3853',199,0,'201','0'),('3854',185,0,'201','0'),('3855',188,0,'201','0'),('3856',192,0,'201','4'),('3857',195,0,'201','0'),('3858',218,0,'201','1'),('3859',212,0,'201','1'),('3860',214,0,'201','1'),('3861',213,0,'201','1'),('3862',260,0,'201','0'),('3863',53,0,'194','793'),('3864',198,0,'194',NULL),('3865',197,0,'194',NULL),('3866',71,0,'202','0'),('3867',70,0,'202','0'),('3868',254,0,'202','0'),('3869',69,0,'202','1'),('3870',46,0,'202','1'),('3871',54,0,'202','1'),('3872',169,0,'202','0'),('3873',210,0,'202','0'),('3874',209,0,'202','0'),('3875',208,0,'202','1'),('3876',189,0,'202','0'),('3877',199,0,'202','0'),('3878',185,0,'202','0'),('3879',188,0,'202','0'),('3880',192,0,'202','4'),('3881',195,0,'202','0'),('3882',218,0,'202','0'),('3883',212,0,'202','0'),('3884',214,0,'202','0'),('3885',213,0,'202','0'),('3886',260,0,'202','0'),('3908',71,0,'204','0'),('3909',70,0,'204','0'),('3910',254,0,'204','0'),('3911',69,0,'204','1'),('3912',46,0,'204','1'),('3913',54,0,'204','1'),('3914',169,0,'204','0'),('3915',210,0,'204','0'),('3916',209,0,'204','0'),('3917',208,0,'204','0'),('3918',189,0,'204','0'),('3919',199,0,'204','0'),('3920',185,0,'204','0'),('3921',188,0,'204','0'),('3922',192,0,'204','4'),('3923',195,0,'204','0'),('3924',218,0,'204','1'),('3925',212,0,'204','0'),('3926',214,0,'204','0'),('3927',213,0,'204','0'),('3928',260,0,'204','0'),('3950',71,0,'206','0'),('3951',70,0,'206','0'),('3952',254,0,'206','0'),('3953',69,0,'206','1'),('3954',46,0,'206','1'),('3955',54,0,'206','1'),('3956',169,0,'206','0'),('3957',210,0,'206','0'),('3958',209,0,'206','0'),('3959',208,0,'206','0'),('3960',189,0,'206','0'),('3961',199,0,'206','0'),('3962',185,0,'206','0'),('3963',188,0,'206','0'),('3964',192,0,'206','4'),('3965',195,0,'206','0'),('3966',218,0,'206','0'),('3967',212,0,'206','0'),('3968',214,0,'206','0'),('3969',213,0,'206','0'),('3970',260,0,'206','0'),('3992',71,0,'208','0'),('3993',70,0,'208','0'),('3994',254,0,'208','0'),('3995',69,0,'208','1'),('3996',46,0,'208','1'),('3997',54,0,'208','1'),('3998',169,0,'208','0'),('3999',210,0,'208','0'),('4000',209,0,'208','0'),('4001',208,0,'208','0'),('4002',189,0,'208','0'),('4003',199,0,'208','0'),('4004',185,0,'208','0'),('4005',188,0,'208','0'),('4006',192,0,'208','4'),('4007',195,0,'208','0'),('4008',218,0,'208','0'),('4009',212,0,'208','0'),('4010',214,0,'208','0'),('4011',213,0,'208','0'),('4012',260,0,'208','0'),('4013',71,0,'209','0'),('4014',70,0,'209','0'),('4015',254,0,'209','0'),('4016',69,0,'209','1'),('4017',46,0,'209','1'),('4018',54,0,'209','1'),('4019',169,0,'209','0'),('4020',210,0,'209','0'),('4021',209,0,'209','0'),('4022',208,0,'209','0'),('4023',189,0,'209','0'),('4024',199,0,'209','0'),('4025',185,0,'209','0'),('4026',188,0,'209','0'),('4027',192,0,'209','4'),('4028',195,0,'209','0'),('4029',218,0,'209','0'),('4030',212,0,'209','0'),('4031',214,0,'209','0'),('4032',213,0,'209','0'),('4033',260,0,'209','0'),('4034',71,0,'210','0'),('4035',70,0,'210','0'),('4036',254,0,'210','0'),('4037',69,0,'210','0'),('4038',46,0,'210','0'),('4039',54,0,'210','1'),('4040',169,0,'210','0'),('4041',210,0,'210','0'),('4042',209,0,'210','0'),('4043',208,0,'210','0'),('4044',189,0,'210','0'),('4045',199,0,'210','0'),('4046',185,0,'210','0'),('4047',188,0,'210','0'),('4048',192,0,'210','4'),('4049',195,0,'210','0'),('4050',218,0,'210','1'),('4051',212,0,'210','0'),('4052',214,0,'210','0'),('4053',213,0,'210','0'),('4054',260,0,'210','0'),('4055',71,0,'211','0'),('4056',70,0,'211','0'),('4057',254,0,'211','0'),('4058',69,0,'211','0'),('4059',46,0,'211','0'),('4060',54,0,'211','1'),('4061',169,0,'211','0'),('4062',210,0,'211','0'),('4063',209,0,'211','0'),('4064',208,0,'211','0'),('4065',189,0,'211','0'),('4066',199,0,'211','0'),('4067',185,0,'211','0'),('4068',188,0,'211','0'),('4069',192,0,'211','4'),('4070',195,0,'211','0'),('4071',218,0,'211','0'),('4072',212,0,'211','0'),('4073',214,0,'211','0'),('4074',213,0,'211','0'),('4075',260,0,'211','0'),('4076',53,0,'202','107'),('4077',198,0,'202',NULL),('4078',197,0,'202',NULL),('4079',53,0,'195','247'),('4080',198,0,'195',NULL),('4081',197,0,'195',NULL),('4082',53,0,'134','214'),('4083',198,0,'134',NULL),('4084',197,0,'134',NULL),('4085',53,0,'136','217'),('4086',198,0,'136',NULL),('4087',197,0,'136',NULL),('4088',53,0,'141','218'),('4089',198,0,'141',NULL),('4090',197,0,'141',NULL),('4091',53,0,'142','219'),('4092',198,0,'142',NULL),('4093',197,0,'142',NULL),('4094',53,0,'144','220'),('4095',198,0,'144',NULL),('4096',197,0,'144',NULL),('4097',53,0,'145','221'),('4098',198,0,'145',NULL),('4099',197,0,'145',NULL),('4100',53,0,'160','222'),('4101',198,0,'160',NULL),('4102',197,0,'160',NULL),('4103',53,0,'88',NULL),('4104',198,0,'88',NULL),('4105',197,0,'88',NULL),('4106',53,0,'163','224'),('4107',198,0,'163',NULL),('4108',197,0,'163',NULL),('4109',53,0,'169','227'),('4110',198,0,'169',NULL),('4111',197,0,'169',NULL),('4112',53,0,'174','230'),('4113',198,0,'174',NULL),('4114',197,0,'174',NULL),('4115',53,0,'178','231'),('4116',198,0,'178',NULL),('4117',197,0,'178',NULL),('4118',53,0,'179','233'),('4119',198,0,'179',NULL),('4120',197,0,'179',NULL),('4121',53,0,'180','232'),('4122',198,0,'180',NULL),('4123',197,0,'180',NULL),('4124',53,0,'181','235'),('4125',198,0,'181',NULL),('4126',197,0,'181',NULL),('4127',53,0,'182','236'),('4128',198,0,'182',NULL),('4129',197,0,'182',NULL),('4130',53,0,'183','234'),('4131',198,0,'183',NULL),('4132',197,0,'183',NULL),('4133',53,0,'184','238'),('4134',198,0,'184',NULL),('4135',197,0,'184',NULL),('4136',53,0,'186','239'),('4137',198,0,'186',NULL),('4138',197,0,'186',NULL),('4139',53,0,'187','240'),('4140',198,0,'187',NULL),('4141',197,0,'187',NULL),('4142',53,0,'188','241'),('4143',198,0,'188',NULL),('4144',197,0,'188',NULL),('4145',53,0,'189','242'),('4146',198,0,'189',NULL),('4147',197,0,'189',NULL),('4148',53,0,'190','243'),('4149',198,0,'190',NULL),('4150',197,0,'190',NULL),('4151',53,0,'191','244'),('4152',198,0,'191',NULL),('4153',197,0,'191',NULL),('4154',53,0,'192','245'),('4155',198,0,'192',NULL),('4156',197,0,'192',NULL),('4157',53,0,'193','246'),('4158',198,0,'193',NULL),('4159',197,0,'193',NULL),('4160',53,0,'198','251'),('4161',198,0,'198',NULL),('4162',197,0,'198',NULL),('4163',53,0,'199','250'),('4164',198,0,'199',NULL),('4165',197,0,'199',NULL),('4166',53,0,'196','249'),('4167',198,0,'196',NULL),('4168',197,0,'196',NULL),('4169',53,0,'197','248'),('4170',198,0,'197',NULL),('4171',197,0,'197',NULL),('4172',53,0,'201','228'),('4173',198,0,'201',NULL),('4174',197,0,'201',NULL),('4175',71,0,'212','0'),('4176',70,0,'212','0'),('4177',254,0,'212','0'),('4178',69,0,'212','0'),('4179',46,0,'212','1'),('4180',54,0,'212','0'),('4181',53,0,'212','228'),('4182',169,0,'212','0'),('4183',210,0,'212','0'),('4184',209,0,'212','0'),('4185',208,0,'212','1'),('4186',189,0,'212','0'),('4187',199,0,'212','0'),('4188',185,0,'212','0'),('4189',188,0,'212','0'),('4190',192,0,'212','4'),('4191',195,0,'212','0'),('4192',218,0,'212','0'),('4193',212,0,'212','0'),('4194',214,0,'212','0'),('4195',213,0,'212','0'),('4196',260,0,'212','0'),('4197',198,0,'212',NULL),('4198',197,0,'212',NULL),('4199',53,0,'200','240'),('4200',198,0,'200',NULL),('4201',197,0,'200',NULL),('4202',53,0,'158',NULL),('4203',198,0,'158',NULL),('4204',197,0,'158',NULL),('4205',53,0,'119',NULL),('4206',198,0,'119',NULL),('4207',197,0,'119',NULL),('4211',53,0,'135',NULL),('4212',198,0,'135',NULL),('4213',197,0,'135',NULL),('4214',53,0,'138',NULL),('4215',198,0,'138',NULL),('4216',197,0,'138',NULL),('4217',53,0,'143',NULL),('4218',198,0,'143',NULL),('4219',197,0,'143',NULL),('4220',53,0,'140',NULL),('4221',198,0,'140',NULL),('4222',197,0,'140',NULL),('4223',53,0,'124',NULL),('4224',198,0,'124',NULL),('4225',197,0,'124',NULL),('4226',53,0,'127',NULL),('4227',198,0,'127',NULL),('4228',197,0,'127',NULL),('4229',53,0,'129',NULL),('4230',198,0,'129',NULL),('4231',197,0,'129',NULL),('4232',53,0,'130',NULL),('4233',198,0,'130',NULL),('4234',197,0,'130',NULL),('4235',53,0,'131',NULL),('4236',198,0,'131',NULL),('4237',197,0,'131',NULL),('4238',53,0,'167',NULL),('4239',198,0,'167',NULL),('4240',197,0,'167',NULL),('4241',53,0,'137',NULL),('4242',198,0,'137',NULL),('4243',197,0,'137',NULL),('4244',53,0,'146',NULL),('4245',198,0,'146',NULL),('4246',197,0,'146',NULL),('4247',53,0,'173','229'),('4248',198,0,'173',NULL),('4249',197,0,'173',NULL),('4250',53,0,'165','226'),('4251',198,0,'165',NULL),('4252',197,0,'165',NULL),('4253',53,0,'164','225'),('4254',198,0,'164',NULL),('4255',197,0,'164',NULL),('4256',53,0,'161','223'),('4257',198,0,'161',NULL),('4258',197,0,'161',NULL),('4259',53,0,'150','729'),('4260',198,0,'150',NULL),('4261',197,0,'150',NULL),('4262',53,0,'149','822'),('4263',198,0,'149',NULL),('4264',197,0,'149',NULL),('4265',53,0,'156','824'),('4266',198,0,'156',NULL),('4267',197,0,'156',NULL),('4268',53,0,'151','827'),('4269',198,0,'151',NULL),('4270',197,0,'151',NULL),('4271',53,0,'152','812'),('4272',198,0,'152',NULL),('4273',197,0,'152',NULL),('4274',53,0,'154','153'),('4275',198,0,'154',NULL),('4276',197,0,'154',NULL),('4277',53,0,'155','154'),('4278',198,0,'155',NULL),('4279',197,0,'155',NULL),('4280',53,0,'157','724'),('4281',198,0,'157',NULL),('4282',197,0,'157',NULL),('4283',53,0,'153','156'),('4284',198,0,'153',NULL),('4285',197,0,'153',NULL),('4286',254,0,'60','0'),('4287',254,0,'70','0'),('4291',53,0,'159',NULL),('4292',198,0,'159',NULL),('4293',197,0,'159',NULL),('4294',53,0,'168',NULL),('4295',198,0,'168',NULL),('4296',197,0,'168',NULL),('4297',53,0,'126',NULL),('4298',198,0,'126',NULL),('4299',197,0,'126',NULL),('4300',53,0,'123',NULL),('4301',198,0,'123',NULL),('4302',197,0,'123',NULL),('4303',53,0,'93',NULL),('4304',198,0,'93',NULL),('4305',197,0,'93',NULL),('4306',53,0,'96',NULL),('4307',198,0,'96',NULL),('4308',197,0,'96',NULL),('4309',53,0,'204',NULL),('4310',198,0,'204',NULL),('4311',197,0,'204',NULL),('4312',53,0,'206',NULL),('4313',198,0,'206',NULL),('4314',197,0,'206',NULL),('4315',53,0,'209','169'),('4316',198,0,'209',NULL),('4317',197,0,'209',NULL),('4318',53,0,'208',NULL),('4319',198,0,'208',NULL),('4320',197,0,'208',NULL),('4321',53,0,'210',NULL),('4322',198,0,'210',NULL),('4323',197,0,'210',NULL),('4324',53,0,'211',NULL),('4325',198,0,'211',NULL),('4326',197,0,'211',NULL),('4327',53,0,'166',NULL),('4328',198,0,'166',NULL),('4329',197,0,'166',NULL),('4330',53,0,'171',NULL),('4331',198,0,'171',NULL),('4332',197,0,'171',NULL),('4336',198,0,'105',NULL),('4337',197,0,'105',NULL),('4338',71,0,'90','0'),('4339',70,0,'90','0'),('4340',53,0,'90',NULL),('4341',169,0,'90','0'),('4342',209,0,'90','0'),('4343',208,0,'90','0'),('4344',189,0,'90','0'),('4345',199,0,'90','0'),('4346',198,0,'90',NULL),('4347',197,0,'90',NULL),('4348',188,0,'90','0'),('4349',195,0,'90','0'),('4350',225,1,'38','0'),('4351',169,1,'38','0'),('4352',210,1,'38','0'),('4353',209,1,'38','0'),('4354',208,1,'38','1'),('4355',218,1,'38','0'),('4356',212,1,'38','1'),('4357',214,1,'38','1'),('4358',213,1,'38','1'),('4359',260,1,'38','0'),('4360',169,1,'96','0'),('4361',210,1,'96','1'),('4362',209,1,'96','1'),('4363',208,1,'96','1'),('4364',218,1,'96','1'),('4365',212,1,'96','0'),('4366',214,1,'96','0'),('4367',260,1,'96','0'),('4368',169,1,'204','0'),('4369',210,1,'204','1'),('4370',209,1,'204','1'),('4371',208,1,'204','1'),('4372',218,1,'204','1'),('4373',212,1,'204','1'),('4375',260,1,'204','0'),('4376',169,1,'206','0'),('4377',210,1,'206','1'),('4378',209,1,'206','1'),('4379',208,1,'206','1'),('4380',218,1,'206','1'),('4381',212,1,'206','1'),('4382',214,1,'206','0'),('4383',260,1,'206','0'),('4384',169,1,'209','0'),('4385',210,1,'209','1'),('4386',209,1,'209','1'),('4387',208,1,'209','1'),('4388',218,1,'209','1'),('4389',212,1,'209','1'),('4391',260,1,'209','0'),('4392',169,1,'208','0'),('4393',210,1,'208','1'),('4394',209,1,'208','1'),('4395',208,1,'208','1'),('4396',218,1,'208','1'),('4397',212,1,'208','1'),('4398',214,1,'208','0'),('4399',260,1,'208','0'),('4400',169,1,'210','0'),('4401',210,1,'210','1'),('4402',209,1,'210','1'),('4403',208,1,'210','1'),('4404',218,1,'210','1'),('4405',212,1,'210','1'),('4406',214,1,'210','0'),('4407',260,1,'210','0'),('4408',169,1,'211','0'),('4409',210,1,'211','1'),('4410',209,1,'211','1'),('4411',208,1,'211','1'),('4412',218,1,'211','1'),('4413',212,1,'211','1'),('4414',214,1,'211','0'),('4415',260,1,'211','0'),('4416',225,1,'42','0'),('4417',169,1,'42','0'),('4418',210,1,'42','0'),('4419',209,1,'42','0'),('4420',208,1,'42','1'),('4421',218,1,'42','1'),('4422',212,1,'42','1'),('4423',214,1,'42','1'),('4424',213,1,'42','1'),('4425',260,1,'42','0'),('4426',169,1,'118','0'),('4427',210,1,'118','0'),('4428',209,1,'118','0'),('4429',208,1,'118','1'),('4430',218,1,'118','1'),('4431',212,1,'118','1'),('4432',214,1,'118','1'),('4433',213,1,'118','1'),('4434',260,1,'118','0'),('4435',169,1,'120','0'),('4436',210,1,'120','1'),('4437',209,1,'120','1'),('4438',208,1,'120','1'),('4439',218,1,'120','1'),('4440',212,1,'120','1'),('4442',260,1,'120','0'),('4443',169,1,'121','0'),('4444',210,1,'121','0'),('4445',209,1,'121','0'),('4446',208,1,'121','1'),('4447',218,1,'121','1'),('4448',212,1,'121','1'),('4449',214,1,'121','1'),('4450',213,1,'121','1'),('4451',260,1,'121','0'),('4452',225,1,'50','0'),('4453',169,1,'50','0'),('4454',210,1,'50','0'),('4455',209,1,'50','0'),('4456',208,1,'50','1'),('4457',218,1,'50','1'),('4458',212,1,'50','1'),('4459',214,1,'50','1'),('4460',213,1,'50','1'),('4462',169,1,'105','0'),('4463',210,1,'105','0'),('4464',209,1,'105','0'),('4465',208,1,'105','1'),('4466',218,1,'105','1'),('4467',212,1,'105','1'),('4468',214,1,'105','1'),('4469',213,1,'105','1'),('4470',260,1,'105','0'),('4471',225,1,'48','0'),('4472',169,1,'48','0'),('4473',210,1,'48','0'),('4474',209,1,'48','0'),('4475',208,1,'48','1'),('4476',218,1,'48','1'),('4477',212,1,'48','1'),('4478',214,1,'48','1'),('4479',260,1,'48','0'),('4480',169,1,'91','0'),('4481',210,1,'91','0'),('4482',209,1,'91','0'),('4483',208,1,'91','1'),('4484',218,1,'91','1'),('4485',212,1,'91','1'),('4486',214,1,'91','1'),('4487',213,1,'91','1'),('4488',260,1,'91','0'),('4489',169,1,'124','0'),('4490',210,1,'124','1'),('4491',209,1,'124','1'),('4492',208,1,'124','1'),('4493',218,1,'124','1'),('4494',212,1,'124','1'),('4495',214,1,'124','1'),('4496',260,1,'124','0'),('4505',225,1,'51','0'),('4506',210,1,'51','0'),('4507',209,1,'51','0'),('4508',208,1,'51','1'),('4509',218,1,'51','1'),('4510',212,1,'51','1'),('4511',214,1,'51','1'),('4512',260,1,'51','0'),('4513',210,1,'102','0'),('4514',209,1,'102','0'),('4515',208,1,'102','1'),('4516',218,1,'102','1'),('4517',212,1,'102','1'),('4518',214,1,'102','1'),('4519',213,1,'102','1'),('4520',260,1,'102','0'),('4521',210,1,'126','0'),('4522',209,1,'126','0'),('4523',208,1,'126','1'),('4524',218,1,'126','1'),('4525',212,1,'126','1'),('4526',214,1,'126','1'),('4527',260,1,'126','0'),('4528',169,1,'86','0'),('4529',210,1,'86','0'),('4530',209,1,'86','0'),('4531',208,1,'86','1'),('4532',218,1,'86','1'),('4533',212,1,'86','1'),('4534',214,1,'86','1'),('4535',213,1,'86','1'),('4536',260,1,'86','0'),('4537',210,1,'127','1'),('4538',209,1,'127','1'),('4539',208,1,'127','1'),('4540',218,1,'127','1'),('4541',212,1,'127','1'),('4542',214,1,'127','1'),('4543',213,1,'127','1'),('4544',260,1,'127','0'),('4545',169,1,'129','0'),('4546',210,1,'129','1'),('4547',209,1,'129','1'),('4548',208,1,'129','1'),('4549',218,1,'129','1'),('4550',212,1,'129','1'),('4551',214,1,'129','1'),('4552',213,1,'129','1'),('4553',260,1,'129','0'),('4554',169,1,'128','0'),('4555',210,1,'128','0'),('4556',209,1,'128','0'),('4557',208,1,'128','1'),('4558',218,1,'128','1'),('4559',212,1,'128','1'),('4560',214,1,'128','1'),('4561',213,1,'128','1'),('4562',260,1,'128','0'),('4563',169,1,'130','0'),('4564',210,1,'130','1'),('4565',209,1,'130','1'),('4566',208,1,'130','1'),('4567',218,1,'130','1'),('4568',212,1,'130','1'),('4569',214,1,'130','1'),('4570',260,1,'130','0'),('4571',210,1,'117','0'),('4572',209,1,'117','1'),('4573',208,1,'117','1'),('4574',218,1,'117','1'),('4575',212,1,'117','1'),('4576',214,1,'117','1'),('4577',213,1,'117','1'),('4578',260,1,'117','0'),('4579',169,1,'123','0'),('4580',210,1,'123','0'),('4581',209,1,'123','0'),('4582',208,1,'123','1'),('4583',218,1,'123','1'),('4584',212,1,'123','1'),('4585',214,1,'123','1'),('4586',213,1,'123','1'),('4587',260,1,'123','0'),('4588',169,1,'131','0'),('4589',210,1,'131','1'),('4590',209,1,'131','1'),('4591',208,1,'131','1'),('4592',218,1,'131','1'),('4593',212,1,'131','1'),('4594',214,1,'131','1'),('4595',260,1,'131','0'),('4596',225,1,'79','0'),('4597',169,1,'79','0'),('4598',210,1,'79','0'),('4599',209,1,'79','0'),('4600',208,1,'79','1'),('4601',218,1,'79','1'),('4602',212,1,'79','1'),('4603',214,1,'79','1'),('4604',213,1,'79','1'),('4605',260,1,'79','0'),('4606',169,1,'133','0'),('4607',210,1,'133','1'),('4608',209,1,'133','0'),('4609',208,1,'133','1'),('4610',218,1,'133','1'),('4611',212,1,'133','1'),('4612',214,1,'133','0'),('4613',213,1,'133','0'),('4614',260,1,'133','0'),('4615',213,1,'96','0'),('4616',213,1,'206','0'),('4617',213,1,'208','0'),('4618',213,1,'51','1'),('4619',213,1,'126','1'),('4620',210,1,'135','1'),('4621',209,1,'135','1'),('4622',208,1,'135','1'),('4623',218,1,'135','1'),('4624',212,1,'135','1'),('4625',214,1,'135','0'),('4626',213,1,'135','0'),('4627',214,1,'209','0'),('4628',213,1,'209','0'),('4629',210,1,'136','0'),('4630',209,1,'136','0'),('4631',208,1,'136','1'),('4632',218,1,'136','1'),('4633',212,1,'136','1'),('4634',213,1,'136','1'),('4635',169,1,'138','0'),('4636',210,1,'138','1'),('4637',209,1,'138','1'),('4638',208,1,'138','1'),('4639',218,1,'138','1'),('4640',212,1,'138','1'),('4641',169,1,'139','0'),('4642',210,1,'139','1'),('4643',209,1,'139','1'),('4644',208,1,'139','1'),('4645',218,1,'139','1'),('4646',212,1,'139','1'),('4647',169,1,'140','0'),('4648',210,1,'140','1'),('4649',209,1,'140','1'),('4650',208,1,'140','1'),('4651',218,1,'140','1'),('4652',212,1,'140','1'),('4653',210,1,'141','0'),('4654',209,1,'141','0'),('4655',208,1,'141','1'),('4656',218,1,'141','1'),('4657',212,1,'141','1'),('4658',214,1,'141','1'),('4659',213,1,'141','1'),('4660',169,1,'142','0'),('4661',208,1,'142','1'),('4662',209,1,'142','0'),('4663',210,1,'142','0'),('4664',212,1,'142','1'),('4665',213,1,'142','1'),('4666',214,1,'142','1'),('4667',218,1,'142','1'),('4668',169,1,'143','0'),('4669',208,1,'143','1'),('4670',209,1,'143','1'),('4671',210,1,'143','1'),('4672',212,1,'143','1'),('4673',218,1,'143','1'),('4674',260,1,'143','0'),('4675',169,1,'137','0'),('4676',208,1,'137','1'),('4677',209,1,'137','1'),('4678',210,1,'137','1'),('4679',212,1,'137','1'),('4680',218,1,'137','1'),('4681',260,1,'137','0'),('4682',208,1,'144','1'),('4683',209,1,'144','0'),('4684',210,1,'144','0'),('4685',212,1,'144','1'),('4686',213,1,'144','1'),('4687',214,1,'144','1'),('4688',218,1,'144','1'),('4689',260,1,'144','0'),('4690',208,1,'145','1'),('4691',209,1,'145','0'),('4692',210,1,'145','0'),('4693',212,1,'145','1'),('4694',213,1,'145','1'),('4695',214,1,'145','1'),('4696',218,1,'145','1'),('4697',260,1,'145','0'),('4698',208,1,'146','1'),('4699',209,1,'146','0'),('4700',210,1,'146','0'),('4701',212,1,'146','1'),('4702',213,1,'146','1'),('4703',214,1,'146','1'),('4704',218,1,'146','1'),('4705',260,1,'146','0'),('4706',208,1,'43','1'),('4707',209,1,'43','0'),('4708',210,1,'43','0'),('4709',212,1,'43','1'),('4710',213,1,'43','1'),('4711',214,1,'43','1'),('4712',218,1,'43','1'),('4713',225,1,'43','0'),('4714',260,1,'43','0'),('4715',208,1,'97','1'),('4716',209,1,'97','0'),('4717',210,1,'97','0'),('4718',212,1,'97','1'),('4719',213,1,'97','1'),('4720',214,1,'97','1'),('4721',218,1,'97','1'),('4722',260,1,'97','0'),('4723',208,1,'98','1'),('4724',209,1,'98','0'),('4725',210,1,'98','0'),('4726',212,1,'98','1'),('4727',213,1,'98','1'),('4728',214,1,'98','1'),('4729',218,1,'98','1'),('4730',260,1,'98','0'),('4731',208,1,'99','1'),('4732',209,1,'99','0'),('4733',210,1,'99','0'),('4734',212,1,'99','1'),('4735',213,1,'99','1'),('4736',214,1,'99','1'),('4737',218,1,'99','1'),('4738',260,1,'99','0'),('4739',209,1,'100','0'),('4740',210,1,'100','0'),('4741',212,1,'100','1'),('4742',213,1,'100','1'),('4743',214,1,'100','1'),('4744',218,1,'100','1'),('4745',260,1,'100','0'),('4746',208,1,'44','1'),('4747',209,1,'44','0'),('4748',210,1,'44','0'),('4749',212,1,'44','1'),('4750',213,1,'44','1'),('4751',214,1,'44','1'),('4752',218,1,'44','1'),('4753',225,1,'44','0'),('4754',260,1,'44','0'),('4755',169,1,'158','0'),('4756',208,1,'158','1'),('4757',209,1,'158','0'),('4758',210,1,'158','0'),('4759',212,1,'158','1'),('4760',213,1,'158','1'),('4761',214,1,'158','1'),('4762',218,1,'158','1'),('4763',260,1,'158','0'),('4764',208,1,'119','1'),('4765',209,1,'119','0'),('4766',210,1,'119','1'),('4767',212,1,'119','1'),('4768',218,1,'119','1'),('4769',260,1,'119','0'),('4770',208,1,'159','1'),('4771',209,1,'159','0'),('4772',210,1,'159','0'),('4773',212,1,'159','1'),('4774',213,1,'159','1'),('4775',214,1,'159','1'),('4776',218,1,'159','1'),('4777',260,1,'159','0'),('4778',208,1,'54','1'),('4779',209,1,'54','0'),('4780',210,1,'54','0'),('4781',212,1,'54','1'),('4782',213,1,'54','1'),('4783',214,1,'54','1'),('4784',218,1,'54','1'),('4785',225,1,'54','0'),('4786',260,1,'54','0'),('4787',208,1,'160','1'),('4788',209,1,'160','0'),('4789',210,1,'160','0'),('4790',212,1,'160','1'),('4791',213,1,'160','1'),('4792',214,1,'160','1'),('4793',218,1,'160','1'),('4794',260,1,'160','0'),('4795',208,1,'55','1'),('4796',209,1,'55','0'),('4797',210,1,'55','0'),('4798',212,1,'55','1'),('4799',213,1,'55','1'),('4800',214,1,'55','1'),('4801',218,1,'55','1'),('4802',225,1,'55','0'),('4803',260,1,'55','0'),('4804',208,1,'161','1'),('4805',209,1,'161','0'),('4806',210,1,'161','0'),('4807',212,1,'161','1'),('4808',213,1,'161','1'),('4809',214,1,'161','1'),('4810',218,1,'161','1'),('4811',260,1,'161','0'),('4812',208,1,'162','1'),('4813',209,1,'162','0'),('4814',210,1,'162','1'),('4815',212,1,'162','1'),('4816',218,1,'162','1'),('4817',260,1,'162','0'),('4818',208,1,'163','1'),('4819',209,1,'163','0'),('4820',210,1,'163','0'),('4821',212,1,'163','1'),('4822',213,1,'163','1'),('4823',214,1,'163','1'),('4824',218,1,'163','1'),('4825',260,1,'163','0'),('4826',208,1,'164','1'),('4827',209,1,'164','0'),('4828',210,1,'164','0'),('4829',212,1,'164','1'),('4830',213,1,'164','1'),('4831',214,1,'164','1'),('4832',218,1,'164','1'),('4833',260,1,'164','0'),('4834',208,1,'166','1'),('4835',209,1,'166','1'),('4836',210,1,'166','1'),('4837',212,1,'166','1'),('4838',218,1,'166','1'),('4839',260,1,'166','0'),('4840',208,1,'167','1'),('4841',209,1,'167','0'),('4842',210,1,'167','1'),('4843',212,1,'167','1'),('4844',218,1,'167','1'),('4845',260,1,'167','0'),('4846',208,1,'165','1'),('4847',209,1,'165','0'),('4848',210,1,'165','0'),('4849',212,1,'165','1'),('4850',213,1,'165','1'),('4851',214,1,'165','1'),('4852',218,1,'165','1'),('4853',260,1,'165','0'),('4854',208,1,'168','1'),('4855',209,1,'168','0'),('4856',210,1,'168','0'),('4857',212,1,'168','1'),('4858',213,1,'168','1'),('4859',214,1,'168','1'),('4860',218,1,'168','1'),('4861',260,1,'168','0'),('4862',208,1,'89','1'),('4863',209,1,'89','0'),('4864',210,1,'89','1'),('4865',212,1,'89','1'),('4866',218,1,'89','1'),('4867',260,1,'89','0'),('4868',208,1,'103','1'),('4869',209,1,'103','0'),('4870',210,1,'103','0'),('4871',212,1,'103','1'),('4872',213,1,'103','1'),('4873',214,1,'103','1'),('4874',218,1,'103','1'),('4875',260,1,'103','0'),('4876',208,1,'53','1'),('4877',209,1,'53','0'),('4878',210,1,'53','0'),('4879',212,1,'53','1'),('4880',213,1,'53','1'),('4881',214,1,'53','1'),('4882',218,1,'53','1'),('4883',225,1,'53','0'),('4884',260,1,'53','0'),('4885',208,1,'169','1'),('4886',209,1,'169','0'),('4887',210,1,'169','0'),('4888',212,1,'169','1'),('4889',213,1,'169','1'),('4890',214,1,'169','1'),('4891',218,1,'169','1'),('4892',260,1,'169','0'),('4893',208,1,'171','1'),('4894',209,1,'171','1'),('4895',210,1,'171','1'),('4896',212,1,'171','1'),('4897',218,1,'171','1'),('4898',260,1,'171','0'),('4899',208,1,'170','1'),('4900',209,1,'170','1'),('4901',210,1,'170','1'),('4902',212,1,'170','1'),('4903',218,1,'170','1'),('4904',260,1,'170','0'),('4905',208,1,'45','1'),('4906',209,1,'45','0'),('4907',210,1,'45','0'),('4908',212,1,'45','1'),('4909',213,1,'45','1'),('4910',214,1,'45','1'),('4911',218,1,'45','1'),('4912',225,1,'45','0'),('4913',260,1,'45','0'),('4914',208,1,'81','1'),('4915',209,1,'81','0'),('4916',210,1,'81','0'),('4917',212,1,'81','1'),('4918',213,1,'81','1'),('4919',214,1,'81','1'),('4920',218,1,'81','1'),('4921',225,1,'81','0'),('4922',260,1,'81','0'),('4929',208,1,'56','1'),('4930',209,1,'56','0'),('4931',210,1,'56','0'),('4932',212,1,'56','1'),('4933',213,1,'56','1'),('4934',214,1,'56','1'),('4935',218,1,'56','1'),('4936',225,1,'56','0'),('4937',260,1,'56','0'),('4938',208,1,'212','1'),('4939',209,1,'212','0'),('4940',210,1,'212','0'),('4941',212,1,'212','1'),('4942',213,1,'212','1'),('4943',214,1,'212','1'),('4944',218,1,'212','1'),('4945',260,1,'212','0'),('4946',208,1,'104','1'),('4947',209,1,'104','0'),('4948',210,1,'104','0'),('4949',212,1,'104','1'),('4950',213,1,'104','1'),('4951',214,1,'104','1'),('4952',218,1,'104','1'),('4953',260,1,'104','0'),('4954',208,1,'173','1'),('4955',209,1,'173','0'),('4956',210,1,'173','0'),('4957',212,1,'173','1'),('4958',213,1,'173','1'),('4959',214,1,'173','1'),('4960',218,1,'173','1'),('4961',260,1,'173','0'),('4962',169,1,'174','0'),('4963',208,1,'174','1'),('4964',209,1,'174','0'),('4965',210,1,'174','0'),('4966',212,1,'174','1'),('4967',213,1,'174','1'),('4968',214,1,'174','1'),('4969',218,1,'174','1'),('4970',260,1,'174','0'),('4971',208,1,'93','1'),('4972',209,1,'93','0'),('4973',210,1,'93','0'),('4974',212,1,'93','1'),('4975',213,1,'93','1'),('4976',214,1,'93','1'),('4977',218,1,'93','1'),('4978',260,1,'93','0'),('4979',208,1,'175','1'),('4980',209,1,'175','1'),('4981',210,1,'175','1'),('4982',212,1,'175','1'),('4983',218,1,'175','1'),('4984',260,1,'175','0'),('4991',208,1,'57','1'),('4992',209,1,'57','0'),('4993',210,1,'57','0'),('4994',212,1,'57','1'),('4995',213,1,'57','1'),('4996',214,1,'57','1'),('4997',218,1,'57','1'),('4998',225,1,'57','0'),('4999',260,1,'57','0'),('5006',208,1,'47','1'),('5007',209,1,'47','0'),('5008',210,1,'47','0'),('5009',212,1,'47','1'),('5010',213,1,'47','1'),('5011',214,1,'47','1'),('5012',218,1,'47','1'),('5013',225,1,'47','0'),('5014',260,1,'47','0'),('5015',208,1,'178','1'),('5016',209,1,'178','0'),('5017',210,1,'178','0'),('5018',212,1,'178','1'),('5019',213,1,'178','1'),('5020',214,1,'178','1'),('5021',218,1,'178','1'),('5022',260,1,'178','0'),('5023',208,1,'180','1'),('5024',209,1,'180','0'),('5025',210,1,'180','0'),('5026',212,1,'180','1'),('5027',213,1,'180','1'),('5028',214,1,'180','1'),('5029',218,1,'180','1'),('5030',260,1,'180','0'),('5031',208,1,'179','1'),('5032',209,1,'179','0'),('5033',210,1,'179','0'),('5034',212,1,'179','1'),('5035',213,1,'179','1'),('5036',214,1,'179','1'),('5037',218,1,'179','1'),('5038',260,1,'179','0'),('5039',208,1,'183','1'),('5040',209,1,'183','0'),('5041',210,1,'183','0'),('5042',212,1,'183','1'),('5043',213,1,'183','1'),('5044',214,1,'183','1'),('5045',218,1,'183','1'),('5046',260,1,'183','0'),('5047',208,1,'181','1'),('5048',209,1,'181','0'),('5049',210,1,'181','0'),('5050',212,1,'181','1'),('5051',213,1,'181','1'),('5052',214,1,'181','1'),('5053',218,1,'181','1'),('5054',260,1,'181','0'),('5055',208,1,'182','1'),('5056',209,1,'182','0'),('5057',210,1,'182','0'),('5058',212,1,'182','1'),('5059',213,1,'182','1'),('5060',214,1,'182','1'),('5061',218,1,'182','1'),('5062',260,1,'182','0'),('5063',208,1,'185','1'),('5064',209,1,'185','0'),('5065',212,1,'185','1'),('5066',213,1,'185','1'),('5067',214,1,'185','1'),('5068',218,1,'185','1'),('5069',260,1,'185','0'),('5070',208,1,'184','1'),('5071',209,1,'184','0'),('5072',210,1,'184','0'),('5073',212,1,'184','1'),('5074',213,1,'184','1'),('5075',214,1,'184','1'),('5076',218,1,'184','1'),('5077',260,1,'184','0'),('5078',208,1,'186','1'),('5079',209,1,'186','0'),('5080',210,1,'186','0'),('5081',212,1,'186','1'),('5082',213,1,'186','1'),('5083',214,1,'186','1'),('5084',218,1,'186','1'),('5085',260,1,'186','0'),('5086',208,1,'187','1'),('5087',209,1,'187','0'),('5088',210,1,'187','0'),('5089',212,1,'187','1'),('5090',213,1,'187','1'),('5091',214,1,'187','1'),('5092',218,1,'187','1'),('5093',260,1,'187','0'),('5094',208,1,'188','1'),('5095',209,1,'188','0'),('5096',210,1,'188','0'),('5097',212,1,'188','1'),('5098',213,1,'188','1'),('5099',214,1,'188','1'),('5100',218,1,'188','1'),('5101',260,1,'188','0'),('5102',208,1,'189','1'),('5103',209,1,'189','0'),('5104',210,1,'189','0'),('5105',212,1,'189','1'),('5106',213,1,'189','1'),('5107',214,1,'189','1'),('5108',218,1,'189','1'),('5109',260,1,'189','0'),('5110',210,1,'190','0'),('5111',212,1,'190','1'),('5112',213,1,'190','1'),('5113',214,1,'190','1'),('5114',218,1,'190','1'),('5115',260,1,'190','0'),('5116',208,1,'191','1'),('5117',209,1,'191','0'),('5118',210,1,'191','0'),('5119',212,1,'191','1'),('5120',213,1,'191','1'),('5121',214,1,'191','1'),('5122',218,1,'191','1'),('5123',260,1,'191','0'),('5124',210,1,'192','0'),('5125',212,1,'192','1'),('5126',213,1,'192','1'),('5127',214,1,'192','1'),('5128',218,1,'192','1'),('5129',260,1,'192','0'),('5130',208,1,'110','1'),('5131',209,1,'110','1'),('5132',210,1,'110','1'),('5133',212,1,'110','1'),('5134',218,1,'110','1'),('5135',260,1,'110','0'),('5136',208,1,'193','1'),('5137',209,1,'193','0'),('5138',210,1,'193','0'),('5139',212,1,'193','1'),('5140',213,1,'193','1'),('5141',214,1,'193','1'),('5142',218,1,'193','1'),('5143',260,1,'193','0'),('5144',208,1,'194','1'),('5145',209,1,'194','0'),('5146',210,1,'194','0'),('5147',212,1,'194','1'),('5148',213,1,'194','1'),('5149',214,1,'194','1'),('5150',218,1,'194','1'),('5151',260,1,'194','0'),('5152',208,1,'195','1'),('5153',209,1,'195','0'),('5154',210,1,'195','0'),('5155',212,1,'195','1'),('5156',213,1,'195','1'),('5157',214,1,'195','1'),('5158',218,1,'195','1'),('5159',260,1,'195','0'),('5160',208,1,'197','1'),('5161',209,1,'197','0'),('5162',210,1,'197','0'),('5163',212,1,'197','1'),('5164',213,1,'197','1'),('5165',214,1,'197','1'),('5166',218,1,'197','1'),('5167',260,1,'197','0'),('5168',208,1,'201','1'),('5169',209,1,'201','0'),('5170',210,1,'201','0'),('5171',212,1,'201','1'),('5172',213,1,'201','1'),('5173',214,1,'201','1'),('5174',218,1,'201','1'),('5175',260,1,'201','0'),('5176',208,1,'196','1'),('5177',209,1,'196','0'),('5178',210,1,'196','0'),('5179',212,1,'196','1'),('5180',213,1,'196','1'),('5181',214,1,'196','1'),('5182',218,1,'196','1'),('5183',260,1,'196','0'),('5184',208,1,'199','1'),('5185',209,1,'199','0'),('5186',210,1,'199','0'),('5187',212,1,'199','1'),('5188',213,1,'199','1'),('5189',214,1,'199','1'),('5190',218,1,'199','1'),('5191',260,1,'199','0'),('5192',208,1,'200','1'),('5193',209,1,'200','0'),('5194',210,1,'200','0'),('5195',212,1,'200','1'),('5196',213,1,'200','1'),('5197',214,1,'200','1'),('5198',218,1,'200','1'),('5199',260,1,'200','0'),('5200',208,1,'198','1'),('5201',209,1,'198','0'),('5202',210,1,'198','0'),('5203',212,1,'198','1'),('5204',213,1,'198','1'),('5205',214,1,'198','1'),('5206',218,1,'198','1'),('5207',260,1,'198','0'),('5208',208,1,'59','1'),('5209',209,1,'59','0'),('5210',210,1,'59','0'),('5211',212,1,'59','1'),('5212',213,1,'59','1'),('5213',214,1,'59','1'),('5214',218,1,'59','1'),('5215',225,1,'59','0'),('5216',260,1,'59','0'),('5217',208,1,'90','0'),('5218',209,1,'90','0'),('5219',210,1,'90','0'),('5220',212,1,'90','1'),('5221',213,1,'90','1'),('5222',214,1,'90','1'),('5223',218,1,'90','1'),('5224',260,1,'90','0'),('5225',208,1,'60','1'),('5226',209,1,'60','0'),('5227',210,1,'60','0'),('5228',212,1,'60','1'),('5229',213,1,'60','1'),('5230',214,1,'60','1'),('5231',218,1,'60','1'),('5232',225,1,'60','0'),('5233',260,1,'60','0'),('5234',208,1,'70','1'),('5235',209,1,'70','0'),('5236',210,1,'70','0'),('5237',212,1,'70','1'),('5238',213,1,'70','1'),('5239',214,1,'70','1'),('5240',218,1,'70','1'),('5241',225,1,'70','0'),('5242',260,1,'70','0'),('5243',208,1,'202','1'),('5244',209,1,'202','0'),('5245',210,1,'202','0'),('5246',212,1,'202','1'),('5247',213,1,'202','1'),('5248',214,1,'202','1'),('5249',218,1,'202','1'),('5250',260,1,'202','0'),('5251',208,1,'148','1'),('5252',209,1,'148','0'),('5253',210,1,'148','0'),('5254',212,1,'148','1'),('5255',213,1,'148','1'),('5256',214,1,'148','1'),('5257',218,1,'148','1'),('5258',260,1,'148','0'),('5259',208,1,'150','1'),('5260',209,1,'150','0'),('5261',210,1,'150','0'),('5262',212,1,'150','1'),('5263',213,1,'150','1'),('5264',214,1,'150','1'),('5265',218,1,'150','1'),('5266',260,1,'150','0'),('5267',208,1,'149','1'),('5268',209,1,'149','0'),('5269',210,1,'149','0'),('5270',212,1,'149','1'),('5271',213,1,'149','1'),('5272',214,1,'149','1'),('5273',218,1,'149','1'),('5274',260,1,'149','0'),('5275',208,1,'156','1'),('5276',209,1,'156','0'),('5277',210,1,'156','0'),('5278',212,1,'156','1'),('5279',213,1,'156','1'),('5280',214,1,'156','1'),('5281',218,1,'156','1'),('5282',260,1,'156','0'),('5283',208,1,'151','1'),('5284',209,1,'151','0'),('5285',210,1,'151','0'),('5286',212,1,'151','1'),('5287',213,1,'151','1'),('5288',214,1,'151','1'),('5289',260,1,'151','0'),('5290',208,1,'152','1'),('5291',209,1,'152','0'),('5292',210,1,'152','0'),('5293',212,1,'152','1'),('5294',213,1,'152','1'),('5295',214,1,'152','1'),('5296',218,1,'152','1'),('5297',260,1,'152','0'),('5298',208,1,'155','1'),('5299',209,1,'155','0'),('5300',210,1,'155','0'),('5301',212,1,'155','1'),('5302',213,1,'155','1'),('5303',214,1,'155','1'),('5304',218,1,'155','1'),('5305',260,1,'155','0'),('5306',208,1,'154','1'),('5307',209,1,'154','0'),('5308',210,1,'154','0'),('5309',212,1,'154','1'),('5310',213,1,'154','1'),('5311',214,1,'154','1'),('5312',218,1,'154','1'),('5313',260,1,'154','0'),('5314',208,1,'157','1'),('5315',209,1,'157','0'),('5316',210,1,'157','0'),('5317',212,1,'157','1'),('5318',213,1,'157','1'),('5319',214,1,'157','1'),('5320',218,1,'157','1'),('5321',260,1,'157','0'),('5322',208,1,'153','1'),('5323',209,1,'153','0'),('5324',210,1,'153','0'),('5325',212,1,'153','1'),('5326',213,1,'153','1'),('5327',214,1,'153','1'),('5328',218,1,'153','1'),('5329',260,1,'153','0'),('5330',213,1,'204','0'),('5331',214,1,'204','0'),('5332',213,1,'210','0'),('5333',213,1,'211','0'),('5334',213,1,'120','1'),('5335',214,1,'120','1'),('5336',213,1,'48','1'),('5337',213,1,'124','1'),('5340',213,1,'130','1'),('5341',213,1,'131','1'),('5342',213,1,'138','0'),('5343',214,1,'138','0'),('5344',213,1,'139','0'),('5345',214,1,'139','0'),('5346',213,1,'140','0'),('5347',214,1,'140','0'),('5348',213,1,'143','0'),('5349',214,1,'143','0'),('5350',213,1,'137','0'),('5351',214,1,'137','0'),('5352',213,1,'119','0'),('5353',214,1,'119','0'),('5354',213,1,'162','0'),('5355',214,1,'162','0'),('5356',213,1,'166','0'),('5357',214,1,'166','0'),('5358',213,1,'167','0'),('5359',214,1,'167','0'),('5360',213,1,'89','1'),('5361',214,1,'89','1'),('5362',213,1,'171','0'),('5363',214,1,'171','0'),('5364',213,1,'170','0'),('5365',214,1,'170','0'),('5368',213,1,'175','0'),('5369',214,1,'175','0'),('5374',213,1,'110','0'),('5375',214,1,'110','0'),('5376',198,0,'104',NULL),('5377',197,0,'104',NULL),('5378',264,0,'50','0'),('5379',264,0,'134','0'),('5380',264,0,'136','0'),('5381',264,0,'141','0'),('5382',264,0,'142','0'),('5383',264,0,'144','0'),('5384',264,0,'145','0'),('5385',264,0,'160','0'),('5386',264,0,'161','0'),('5387',264,0,'163','0'),('5388',264,0,'164','0'),('5389',264,0,'165','0'),('5390',264,0,'169','0'),('5391',264,0,'212','0'),('5392',264,0,'173','0'),('5393',264,0,'174','0'),('5394',264,0,'178','0'),('5395',264,0,'180','0'),('5396',264,0,'179','0'),('5397',264,0,'183','0'),('5398',264,0,'181','0'),('5399',264,0,'182','0'),('5400',264,0,'185','0'),('5401',264,0,'184','0'),('5402',264,0,'186','0'),('5403',264,0,'187','0'),('5404',264,0,'188','0'),('5405',264,0,'189','0'),('5406',264,0,'190','0'),('5407',264,0,'191','0'),('5408',264,0,'192','0'),('5409',264,0,'193','0'),('5410',264,0,'195','0'),('5411',264,0,'197','0'),('5412',264,0,'201','0'),('5413',264,0,'196','0'),('5414',264,0,'199','0'),('5415',264,0,'200','0'),('5416',264,0,'198','0'),('5417',264,0,'42','0'),('5418',71,0,'213','0'),('5419',70,0,'213','0'),('5420',254,0,'213','0'),('5421',69,0,'213','0'),('5422',46,0,'213','1'),('5423',54,0,'213','0'),('5424',53,0,'213','255'),('5425',169,0,'213','0'),('5426',210,0,'213','0'),('5427',209,0,'213','0'),('5428',208,0,'213','1'),('5429',189,0,'213','0'),('5430',199,0,'213','0'),('5431',185,0,'213','0'),('5432',188,0,'213','0'),('5433',192,0,'213','4'),('5434',195,0,'213','0'),('5435',264,0,'213','0'),('5436',218,0,'213','0'),('5437',212,0,'213','0'),('5438',214,0,'213','0'),('5439',213,0,'213','0'),('5440',260,0,'213','0'),('5441',71,0,'214','0'),('5442',70,0,'214','0'),('5443',254,0,'214','0'),('5444',69,0,'214','0'),('5445',46,0,'214','1'),('5446',54,0,'214','0'),('5447',53,0,'214','256'),('5448',169,0,'214','0'),('5449',210,0,'214','0'),('5450',209,0,'214','0'),('5451',208,0,'214','1'),('5452',189,0,'214','0'),('5453',199,0,'214','0'),('5454',185,0,'214','0'),('5455',188,0,'214','0'),('5456',192,0,'214','4'),('5457',195,0,'214','0'),('5458',264,0,'214','0'),('5459',218,0,'214','0'),('5460',212,0,'214','0'),('5461',214,0,'214','0'),('5462',213,0,'214','0'),('5463',260,0,'214','0'),('5464',198,0,'214',NULL),('5465',197,0,'214',NULL),('5466',198,0,'213',NULL),('5467',197,0,'213',NULL),('5468',264,0,'79','0'),('5469',264,0,'43','0'),('5470',264,0,'44','0'),('5471',264,0,'45','0'),('5472',264,0,'47','0'),('5473',264,0,'194','0'),('5474',264,0,'146','0'),('5475',264,0,'38','0'),('5476',264,0,'120','0'),('5477',264,0,'118','0'),('5478',264,0,'209','0'),('5479',264,0,'51','0'),('5480',264,0,'105','0'),('5481',264,0,'102','0'),('5482',264,0,'126','0'),('5483',264,0,'86','0'),('5484',264,0,'123','0'),('5485',264,0,'97','0'),('5486',264,0,'98','0'),('5487',264,0,'99','0'),('5488',264,0,'100','0'),('5489',264,0,'158','0'),('5490',264,0,'159','0'),('5491',264,0,'54','0'),('5492',264,0,'55','0'),('5493',264,0,'168','0'),('5494',264,0,'89','0'),('5495',264,0,'103','0'),('5496',264,0,'53','0'),('5497',264,0,'81','0'),('5498',264,0,'56','0'),('5499',264,0,'104','0'),('5500',264,0,'93','0'),('5501',264,0,'57','0'),('5502',264,0,'48','0'),('5504',264,0,'121','0'),('5505',264,0,'91','0'),('5506',264,0,'128','0'),('5507',71,0,'215','0'),('5508',70,0,'215','0'),('5509',254,0,'215','0'),('5510',69,0,'215','0'),('5511',46,0,'215','1'),('5512',54,0,'215','1'),('5513',53,0,'215',NULL),('5514',169,0,'215','0'),('5515',210,0,'215','1'),('5516',209,0,'215','1'),('5517',208,0,'215','1'),('5518',189,0,'215','0'),('5519',199,0,'215','0'),('5520',185,0,'215','0'),('5521',188,0,'215','0'),('5522',192,0,'215','4'),('5523',195,0,'215','0'),('5524',264,0,'215','0'),('5525',218,0,'215','1'),('5526',212,0,'215','1'),('5527',214,0,'215','0'),('5528',213,0,'215','0'),('5529',260,0,'215','0'),('5530',198,0,'215',NULL),('5531',197,0,'215',NULL),('5532',264,0,'88','0'),('5533',264,0,'2','0'),('5534',264,0,'157','0'),('5535',71,0,'216','0'),('5536',70,0,'216','0'),('5537',254,0,'216','0'),('5538',69,0,'216','1'),('5539',46,0,'216','0'),('5540',54,0,'216','1'),('5541',169,0,'216','0'),('5542',210,0,'216','0'),('5543',209,0,'216','0'),('5544',208,0,'216','0'),('5545',189,0,'216','0'),('5546',199,0,'216','0'),('5547',185,0,'216','0'),('5548',188,0,'216','0'),('5549',192,0,'216','4'),('5550',195,0,'216','0'),('5551',264,0,'216','0'),('5552',218,0,'216','0'),('5553',212,0,'216','0'),('5554',214,0,'216','0'),('5555',213,0,'216','0'),('5556',260,0,'216','0'),('5557',53,0,'216','726'),('5558',198,0,'216',NULL),('5559',197,0,'216',NULL),('5560',264,0,'150','0'),('5561',264,0,'149','0'),('5562',264,0,'110','0'),('5563',71,0,'217','0'),('5564',70,0,'217','0'),('5565',254,0,'217','0'),('5566',69,0,'217','0'),('5567',46,0,'217','1'),('5568',54,0,'217','1'),('5569',169,0,'217','0');
INSERT INTO `catalog_category_entity_int` VALUES ('5570',210,0,'217','0'),('5571',209,0,'217','0'),('5572',208,0,'217','1'),('5573',189,0,'217','0'),('5574',199,0,'217','0'),('5575',185,0,'217','0'),('5576',188,0,'217','0'),('5577',192,0,'217','4'),('5578',195,0,'217','0'),('5579',264,0,'217','0'),('5580',218,0,'217','1'),('5581',212,0,'217','1'),('5582',214,0,'217','1'),('5583',213,0,'217','1'),('5584',260,0,'217','0'),('5585',53,0,'217','785'),('5586',198,0,'217',NULL),('5587',197,0,'217',NULL),('5588',264,0,'133','0'),('5589',264,0,'135','0'),('5590',264,0,'137','0'),('5613',71,0,'219','0'),('5614',70,0,'219','0'),('5615',254,0,'219','0'),('5616',69,0,'219','0'),('5617',46,0,'219','1'),('5618',54,0,'219','1'),('5619',169,0,'219','0'),('5620',210,0,'219','0'),('5621',209,0,'219','0'),('5622',208,0,'219','1'),('5623',189,0,'219','0'),('5624',199,0,'219','0'),('5625',185,0,'219','0'),('5626',188,0,'219','0'),('5627',192,0,'219','4'),('5628',195,0,'219','0'),('5629',264,0,'219','0'),('5630',218,0,'219','1'),('5631',212,0,'219','1'),('5632',214,0,'219','1'),('5633',213,0,'219','1'),('5634',260,0,'219','0'),('5635',53,0,'219','786'),('5636',198,0,'219',NULL),('5637',197,0,'219',NULL),('5638',264,0,'143','0'),('5639',264,0,'138','0'),('5640',260,1,'139','0'),('5641',260,1,'138','0'),('5642',264,0,'210','0'),('5643',264,0,'211','0'),('5644',264,0,'119','0'),('5645',264,0,'166','0'),('5646',264,0,'162','0'),('5647',264,0,'170','0'),('5648',264,0,'167','0'),('5649',71,0,'220','0'),('5650',70,0,'220','0'),('5651',254,0,'220','0'),('5652',69,0,'220','0'),('5653',46,0,'220','1'),('5654',54,0,'220','1'),('5655',169,0,'220','0'),('5656',210,0,'220','0'),('5657',209,0,'220','0'),('5658',208,0,'220','1'),('5659',189,0,'220','0'),('5660',199,0,'220','0'),('5661',185,0,'220','0'),('5662',188,0,'220','0'),('5663',192,0,'220','4'),('5664',195,0,'220','0'),('5665',264,0,'220','0'),('5666',218,0,'220','1'),('5667',212,0,'220','1'),('5668',214,0,'220','1'),('5669',213,0,'220','1'),('5670',260,0,'220','0'),('5671',53,0,'220','775'),('5672',198,0,'220',NULL),('5673',197,0,'220',NULL),('5696',71,0,'222','0'),('5697',70,0,'222','0'),('5698',254,0,'222','0'),('5699',69,0,'222','0'),('5700',46,0,'222','1'),('5701',54,0,'222','1'),('5702',169,0,'222','0'),('5703',210,0,'222','0'),('5704',209,0,'222','0'),('5705',208,0,'222','1'),('5706',189,0,'222','0'),('5707',199,0,'222','0'),('5708',185,0,'222','0'),('5709',188,0,'222','0'),('5710',192,0,'222','4'),('5711',195,0,'222','0'),('5712',264,0,'222','0'),('5713',218,0,'222','1'),('5714',212,0,'222','1'),('5715',214,0,'222','1'),('5716',213,0,'222','1'),('5717',260,0,'222','0'),('5718',53,0,'222','782'),('5719',198,0,'222',NULL),('5720',197,0,'222',NULL),('5721',71,0,'223','0'),('5722',70,0,'223','0'),('5723',254,0,'223','0'),('5724',69,0,'223','0'),('5725',46,0,'223','1'),('5726',54,0,'223','1'),('5727',53,0,'223','230'),('5728',169,0,'223','0'),('5729',210,0,'223','0'),('5730',209,0,'223','0'),('5731',208,0,'223','1'),('5732',189,0,'223','0'),('5733',199,0,'223','0'),('5734',185,0,'223','0'),('5735',188,0,'223','0'),('5736',192,0,'223','4'),('5737',195,0,'223','0'),('5738',264,0,'223','0'),('5739',218,0,'223','1'),('5740',212,0,'223','1'),('5741',214,0,'223','1'),('5742',213,0,'223','1'),('5743',260,0,'223','0'),('5744',71,0,'224','0'),('5745',70,0,'224','0'),('5746',254,0,'224','0'),('5747',69,0,'224','0'),('5748',46,0,'224','1'),('5749',54,0,'224','1'),('5750',169,0,'224','0'),('5751',210,0,'224','0'),('5752',209,0,'224','0'),('5753',208,0,'224','1'),('5754',189,0,'224','0'),('5755',199,0,'224','0'),('5756',185,0,'224','0'),('5757',188,0,'224','0'),('5758',192,0,'224','3'),('5759',195,0,'224','0'),('5760',264,0,'224','0'),('5761',218,0,'224','1'),('5762',212,0,'224','1'),('5763',214,0,'224','1'),('5764',213,0,'224','1'),('5765',260,0,'224','0'),('5766',71,0,'225','0'),('5767',70,0,'225','0'),('5768',254,0,'225','0'),('5769',69,0,'225','0'),('5770',46,0,'225','1'),('5771',54,0,'225','1'),('5772',53,0,'225','761'),('5773',169,0,'225','0'),('5774',210,0,'225','0'),('5775',209,0,'225','0'),('5776',208,0,'225','1'),('5777',189,0,'225','0'),('5778',199,0,'225','0'),('5779',185,0,'225','0'),('5780',188,0,'225','0'),('5781',192,0,'225','4'),('5782',195,0,'225','0'),('5783',264,0,'225','0'),('5784',218,0,'225','1'),('5785',212,0,'225','1'),('5786',214,0,'225','1'),('5787',213,0,'225','1'),('5788',260,0,'225','0'),('5789',264,0,'124','0'),('5790',264,0,'127','0'),('5791',264,0,'129','0'),('5792',264,0,'130','0'),('5793',264,0,'117','0'),('5794',264,0,'131','0'),('5795',53,0,'224','767'),('5796',198,0,'224',NULL),('5797',197,0,'224',NULL),('5798',264,0,'175','0'),('5799',198,0,'223',NULL),('5800',197,0,'223',NULL),('5801',264,0,'59','0'),('5802',264,0,'148','0'),('5803',264,0,'140','0'),('5804',264,0,'139','0'),('5805',71,0,'226','0'),('5806',70,0,'226','0'),('5807',254,0,'226','0'),('5808',69,0,'226','1'),('5809',46,0,'226','1'),('5810',54,0,'226','1'),('5811',169,0,'226','0'),('5812',210,0,'226','1'),('5813',209,0,'226','0'),('5814',208,0,'226','0'),('5815',189,0,'226','0'),('5816',199,0,'226','0'),('5817',185,0,'226','0'),('5818',188,0,'226','0'),('5819',192,0,'226','4'),('5820',195,0,'226','0'),('5821',264,0,'226','0'),('5822',218,0,'226','1'),('5823',212,0,'226','1'),('5824',214,0,'226','0'),('5825',213,0,'226','0'),('5826',260,0,'226','0'),('5827',53,0,'226',NULL),('5828',198,0,'226',NULL),('5829',197,0,'226',NULL),('5830',71,0,'227','0'),('5831',70,0,'227','0'),('5832',254,0,'227','0'),('5833',69,0,'227','1'),('5834',46,0,'227','1'),('5835',54,0,'227','1'),('5836',169,0,'227','0'),('5837',210,0,'227','1'),('5838',209,0,'227','0'),('5839',208,0,'227','0'),('5840',189,0,'227','0'),('5841',199,0,'227','0'),('5842',185,0,'227','0'),('5843',188,0,'227','0'),('5844',192,0,'227','4'),('5845',195,0,'227','0'),('5846',264,0,'227','0'),('5847',218,0,'227','1'),('5848',212,0,'227','1'),('5849',214,0,'227','0'),('5850',213,0,'227','0'),('5851',260,0,'227','0'),('5852',71,0,'228','0'),('5853',70,0,'228','0'),('5854',254,0,'228','0'),('5855',69,0,'228','1'),('5856',46,0,'228','1'),('5857',54,0,'228','1'),('5858',169,0,'228','0'),('5859',210,0,'228','1'),('5860',209,0,'228','0'),('5861',208,0,'228','0'),('5862',189,0,'228','0'),('5863',199,0,'228','0'),('5864',185,0,'228','0'),('5865',188,0,'228','0'),('5866',192,0,'228','4'),('5867',195,0,'228','0'),('5868',264,0,'228','0'),('5869',218,0,'228','1'),('5870',212,0,'228','1'),('5871',214,0,'228','0'),('5872',213,0,'228','0'),('5873',260,0,'228','0'),('5896',71,0,'230','0'),('5897',70,0,'230','0'),('5898',254,0,'230','0'),('5899',69,0,'230','1'),('5900',46,0,'230','1'),('5901',54,0,'230','1'),('5902',169,0,'230','0'),('5903',210,0,'230','1'),('5904',209,0,'230','0'),('5905',208,0,'230','0'),('5906',189,0,'230','0'),('5907',199,0,'230','0'),('5908',185,0,'230','0'),('5909',188,0,'230','0'),('5910',192,0,'230','4'),('5911',195,0,'230','0'),('5912',264,0,'230','0'),('5913',218,0,'230','1'),('5914',212,0,'230','1'),('5915',214,0,'230','0'),('5916',213,0,'230','0'),('5917',260,0,'230','0'),('5918',264,0,'208','0'),('5919',71,0,'231','0'),('5920',70,0,'231','0'),('5921',254,0,'231','0'),('5922',69,0,'231','1'),('5923',46,0,'231','1'),('5924',54,0,'231','1'),('5925',169,0,'231','0'),('5926',210,0,'231','1'),('5927',209,0,'231','0'),('5928',208,0,'231','0'),('5929',189,0,'231','0'),('5930',199,0,'231','0'),('5931',185,0,'231','0'),('5932',188,0,'231','0'),('5933',192,0,'231','4'),('5934',195,0,'231','0'),('5935',264,0,'231','0'),('5936',218,0,'231','1'),('5937',212,0,'231','1'),('5938',214,0,'231','0'),('5939',213,0,'231','0'),('5940',260,0,'231','0'),('5941',71,0,'232','0'),('5942',70,0,'232','0'),('5943',254,0,'232','0'),('5944',69,0,'232','1'),('5945',46,0,'232','1'),('5946',54,0,'232','1'),('5947',169,0,'232','0'),('5948',210,0,'232','1'),('5949',209,0,'232','0'),('5950',208,0,'232','0'),('5951',189,0,'232','0'),('5952',199,0,'232','0'),('5953',185,0,'232','0'),('5954',188,0,'232','0'),('5955',192,0,'232','4'),('5956',195,0,'232','0'),('5957',264,0,'232','0'),('5958',218,0,'232','1'),('5959',212,0,'232','1'),('5960',214,0,'232','0'),('5961',213,0,'232','0'),('5962',260,0,'232','0'),('5963',71,0,'233','0'),('5964',70,0,'233','0'),('5965',254,0,'233','0'),('5966',69,0,'233','1'),('5967',46,0,'233','1'),('5968',54,0,'233','1'),('5969',169,0,'233','0'),('5970',210,0,'233','1'),('5971',209,0,'233','0'),('5972',208,0,'233','0'),('5973',189,0,'233','0'),('5974',199,0,'233','0'),('5975',185,0,'233','0'),('5976',188,0,'233','0'),('5977',192,0,'233','4'),('5978',195,0,'233','0'),('5979',264,0,'233','0'),('5980',218,0,'233','1'),('5981',212,0,'233','1'),('5982',214,0,'233','0'),('5983',213,0,'233','0'),('5984',260,0,'233','0'),('5985',71,0,'234','0'),('5986',70,0,'234','0'),('5987',254,0,'234','0'),('5988',69,0,'234','1'),('5989',46,0,'234','1'),('5990',54,0,'234','1'),('5991',169,0,'234','0'),('5992',210,0,'234','1'),('5993',209,0,'234','0'),('5994',208,0,'234','0'),('5995',189,0,'234','0'),('5996',199,0,'234','0'),('5997',185,0,'234','0'),('5998',188,0,'234','0'),('5999',192,0,'234','4'),('6000',195,0,'234','0'),('6001',264,0,'234','0'),('6002',218,0,'234','1'),('6003',212,0,'234','1'),('6004',214,0,'234','0'),('6005',213,0,'234','0'),('6006',260,0,'234','0'),('6007',71,0,'235','0'),('6008',70,0,'235','0'),('6009',254,0,'235','0'),('6010',69,0,'235','1'),('6011',46,0,'235','1'),('6012',54,0,'235','1'),('6013',169,0,'235','0'),('6014',210,0,'235','1'),('6015',209,0,'235','0'),('6016',208,0,'235','0'),('6017',189,0,'235','0'),('6018',199,0,'235','0'),('6019',185,0,'235','0'),('6020',188,0,'235','0'),('6021',192,0,'235','4'),('6022',195,0,'235','0'),('6023',264,0,'235','0'),('6024',218,0,'235','1'),('6025',212,0,'235','1'),('6026',214,0,'235','0'),('6027',213,0,'235','0'),('6028',260,0,'235','0'),('6029',71,0,'236','0'),('6030',70,0,'236','0'),('6031',254,0,'236','0'),('6032',69,0,'236','1'),('6033',46,0,'236','1'),('6034',54,0,'236','1'),('6035',169,0,'236','0'),('6036',210,0,'236','1'),('6037',209,0,'236','0'),('6038',208,0,'236','0'),('6039',189,0,'236','0'),('6040',199,0,'236','0'),('6041',185,0,'236','0'),('6042',188,0,'236','0'),('6043',192,0,'236','4'),('6044',195,0,'236','0'),('6045',264,0,'236','0'),('6046',218,0,'236','1'),('6047',212,0,'236','1'),('6048',214,0,'236','0'),('6049',213,0,'236','0'),('6050',260,0,'236','0'),('6051',71,0,'237','0'),('6052',70,0,'237','0'),('6053',254,0,'237','0'),('6054',69,0,'237','1'),('6055',46,0,'237','1'),('6056',54,0,'237','1'),('6057',169,0,'237','0'),('6058',210,0,'237','1'),('6059',209,0,'237','0'),('6060',208,0,'237','0'),('6061',189,0,'237','0'),('6062',199,0,'237','0'),('6063',185,0,'237','0'),('6064',188,0,'237','0'),('6065',192,0,'237','4'),('6066',195,0,'237','0'),('6067',264,0,'237','0'),('6068',218,0,'237','1'),('6069',212,0,'237','1'),('6070',214,0,'237','0'),('6071',213,0,'237','0'),('6072',260,0,'237','0'),('6073',71,0,'238','0'),('6074',70,0,'238','0'),('6075',254,0,'238','0'),('6076',69,0,'238','1'),('6077',46,0,'238','1'),('6078',54,0,'238','1'),('6079',169,0,'238','0'),('6080',210,0,'238','1'),('6081',209,0,'238','0'),('6082',208,0,'238','0'),('6083',189,0,'238','0'),('6084',199,0,'238','0'),('6085',185,0,'238','0'),('6086',188,0,'238','0'),('6087',192,0,'238','4'),('6088',195,0,'238','0'),('6089',264,0,'238','0'),('6090',218,0,'238','1'),('6091',212,0,'238','1'),('6092',214,0,'238','0'),('6093',213,0,'238','0'),('6094',260,0,'238','0'),('6095',71,0,'239','0'),('6096',70,0,'239','0'),('6097',254,0,'239','0'),('6098',69,0,'239','1'),('6099',46,0,'239','1'),('6100',54,0,'239','1'),('6101',169,0,'239','0'),('6102',210,0,'239','1'),('6103',209,0,'239','0'),('6104',208,0,'239','0'),('6105',189,0,'239','0'),('6106',199,0,'239','0'),('6107',185,0,'239','0'),('6108',188,0,'239','0'),('6109',192,0,'239','4'),('6110',195,0,'239','0'),('6111',264,0,'239','0'),('6112',218,0,'239','1'),('6113',212,0,'239','1'),('6114',214,0,'239','0'),('6115',213,0,'239','0'),('6116',260,0,'239','0'),('6117',71,0,'240','0'),('6118',70,0,'240','0'),('6119',254,0,'240','0'),('6120',69,0,'240','1'),('6121',46,0,'240','1'),('6122',54,0,'240','1'),('6123',169,0,'240','0'),('6124',210,0,'240','1'),('6125',209,0,'240','0'),('6126',208,0,'240','0'),('6127',189,0,'240','0'),('6128',199,0,'240','0'),('6129',185,0,'240','0'),('6130',188,0,'240','0'),('6131',192,0,'240','4'),('6132',195,0,'240','0'),('6133',264,0,'240','0'),('6134',218,0,'240','1'),('6135',212,0,'240','1'),('6136',214,0,'240','0'),('6137',213,0,'240','0'),('6138',260,0,'240','0'),('6161',71,0,'242','0'),('6162',70,0,'242','0'),('6163',254,0,'242','0'),('6164',69,0,'242','1'),('6165',46,0,'242','1'),('6166',54,0,'242','1'),('6167',169,0,'242','0'),('6168',210,0,'242','1'),('6169',209,0,'242','0'),('6170',208,0,'242','0'),('6171',189,0,'242','0'),('6172',199,0,'242','0'),('6173',185,0,'242','0'),('6174',188,0,'242','0'),('6175',192,0,'242','4'),('6176',195,0,'242','0'),('6177',264,0,'242','0'),('6178',218,0,'242','1'),('6179',212,0,'242','1'),('6180',214,0,'242','0'),('6181',213,0,'242','0'),('6182',260,0,'242','0'),('6183',71,0,'243','0'),('6184',70,0,'243','0'),('6185',254,0,'243','0'),('6186',69,0,'243','1'),('6187',46,0,'243','1'),('6188',54,0,'243','1'),('6189',169,0,'243','0'),('6190',210,0,'243','1'),('6191',209,0,'243','0'),('6192',208,0,'243','0'),('6193',189,0,'243','0'),('6194',199,0,'243','0'),('6195',185,0,'243','0'),('6196',188,0,'243','0'),('6197',192,0,'243','4'),('6198',195,0,'243','0'),('6199',264,0,'243','0'),('6200',218,0,'243','1'),('6201',212,0,'243','1'),('6202',214,0,'243','0'),('6203',213,0,'243','0'),('6204',260,0,'243','0'),('6227',71,0,'245','0'),('6228',70,0,'245','0'),('6229',254,0,'245','0'),('6230',69,0,'245','1'),('6231',46,0,'245','1'),('6232',54,0,'245','1'),('6233',169,0,'245','0'),('6234',210,0,'245','1'),('6235',209,0,'245','0'),('6236',208,0,'245','0'),('6237',189,0,'245','0'),('6238',199,0,'245','0'),('6239',185,0,'245','0'),('6240',188,0,'245','0'),('6241',192,0,'245','4'),('6242',195,0,'245','0'),('6243',264,0,'245','0'),('6244',218,0,'245','1'),('6245',212,0,'245','1'),('6246',214,0,'245','0'),('6247',213,0,'245','0'),('6248',260,0,'245','0'),('6249',71,0,'246','0'),('6250',70,0,'246','0'),('6251',254,0,'246','0'),('6252',69,0,'246','1'),('6253',46,0,'246','1'),('6254',54,0,'246','1'),('6255',169,0,'246','0'),('6256',210,0,'246','1'),('6257',209,0,'246','0'),('6258',208,0,'246','0'),('6259',189,0,'246','0'),('6260',199,0,'246','0'),('6261',185,0,'246','0'),('6262',188,0,'246','0'),('6263',192,0,'246','4'),('6264',195,0,'246','0'),('6265',264,0,'246','0'),('6266',218,0,'246','1'),('6267',212,0,'246','1'),('6268',214,0,'246','0'),('6269',213,0,'246','0'),('6270',260,0,'246','0'),('6271',71,0,'247','0'),('6272',70,0,'247','0'),('6273',254,0,'247','0'),('6274',69,0,'247','1'),('6275',46,0,'247','1'),('6276',54,0,'247','1'),('6277',169,0,'247','0'),('6278',210,0,'247','1'),('6279',209,0,'247','0'),('6280',208,0,'247','0'),('6281',189,0,'247','0'),('6282',199,0,'247','0'),('6283',185,0,'247','0'),('6284',188,0,'247','0'),('6285',192,0,'247','4'),('6286',195,0,'247','0'),('6287',264,0,'247','0'),('6288',218,0,'247','1'),('6289',212,0,'247','1'),('6290',214,0,'247','0'),('6291',213,0,'247','0'),('6292',260,0,'247','0'),('6293',71,0,'248','0'),('6294',70,0,'248','0'),('6295',254,0,'248','0'),('6296',69,0,'248','1'),('6297',46,0,'248','1'),('6298',54,0,'248','1'),('6299',169,0,'248','0'),('6300',210,0,'248','1'),('6301',209,0,'248','0'),('6302',208,0,'248','0'),('6303',189,0,'248','0'),('6304',199,0,'248','0'),('6305',185,0,'248','0'),('6306',188,0,'248','0'),('6307',192,0,'248','4'),('6308',195,0,'248','0'),('6309',264,0,'248','0'),('6310',218,0,'248','1'),('6311',212,0,'248','1'),('6312',214,0,'248','0'),('6313',213,0,'248','0'),('6314',260,0,'248','0'),('6315',71,0,'249','0'),('6316',70,0,'249','0'),('6317',254,0,'249','0'),('6318',69,0,'249','1'),('6319',46,0,'249','1'),('6320',54,0,'249','1'),('6321',169,0,'249','0'),('6322',210,0,'249','1'),('6323',209,0,'249','0'),('6324',208,0,'249','0'),('6325',189,0,'249','0'),('6326',199,0,'249','0'),('6327',185,0,'249','0'),('6328',188,0,'249','0'),('6329',192,0,'249','4'),('6330',195,0,'249','0'),('6331',264,0,'249','0'),('6332',218,0,'249','1'),('6333',212,0,'249','1'),('6334',214,0,'249','0'),('6335',213,0,'249','0'),('6336',260,0,'249','0'),('6337',71,0,'250','0'),('6338',70,0,'250','0'),('6339',254,0,'250','0'),('6340',69,0,'250','1'),('6341',46,0,'250','1'),('6342',54,0,'250','1'),('6343',169,0,'250','0'),('6344',210,0,'250','1'),('6345',209,0,'250','0'),('6346',208,0,'250','0'),('6347',189,0,'250','0'),('6348',199,0,'250','0'),('6349',185,0,'250','0'),('6350',188,0,'250','0'),('6351',192,0,'250','4'),('6352',195,0,'250','0'),('6353',264,0,'250','0'),('6354',218,0,'250','1'),('6355',212,0,'250','1'),('6356',214,0,'250','0'),('6357',213,0,'250','0'),('6358',260,0,'250','0'),('6359',71,0,'251','0'),('6360',70,0,'251','0'),('6361',254,0,'251','0'),('6362',69,0,'251','1'),('6363',46,0,'251','1'),('6364',54,0,'251','1'),('6365',169,0,'251','0'),('6366',210,0,'251','1'),('6367',209,0,'251','0'),('6368',208,0,'251','0'),('6369',189,0,'251','0'),('6370',199,0,'251','0'),('6371',185,0,'251','0'),('6372',188,0,'251','0'),('6373',192,0,'251','4'),('6374',195,0,'251','0'),('6375',264,0,'251','0'),('6376',218,0,'251','1'),('6377',212,0,'251','1'),('6378',214,0,'251','0'),('6379',213,0,'251','0'),('6380',260,0,'251','0'),('6381',71,0,'252','0'),('6382',70,0,'252','0'),('6383',254,0,'252','0'),('6384',69,0,'252','1'),('6385',46,0,'252','1'),('6386',54,0,'252','1'),('6387',169,0,'252','0'),('6388',210,0,'252','1'),('6389',209,0,'252','0'),('6390',208,0,'252','0'),('6391',189,0,'252','0'),('6392',199,0,'252','0'),('6393',185,0,'252','0'),('6394',188,0,'252','0'),('6395',192,0,'252','4'),('6396',195,0,'252','0'),('6397',264,0,'252','0'),('6398',218,0,'252','1'),('6399',212,0,'252','1'),('6400',214,0,'252','0'),('6401',213,0,'252','0'),('6402',260,0,'252','0'),('6403',71,0,'253','0'),('6404',70,0,'253','0'),('6405',254,0,'253','0'),('6406',69,0,'253','1'),('6407',46,0,'253','1'),('6408',54,0,'253','1'),('6409',169,0,'253','0'),('6410',210,0,'253','1'),('6411',209,0,'253','0'),('6412',208,0,'253','0'),('6413',189,0,'253','0'),('6414',199,0,'253','0'),('6415',185,0,'253','0'),('6416',188,0,'253','0'),('6417',192,0,'253','4'),('6418',195,0,'253','0'),('6419',264,0,'253','0'),('6420',218,0,'253','1'),('6421',212,0,'253','1'),('6422',214,0,'253','0'),('6423',213,0,'253','0'),('6424',260,0,'253','0'),('6425',71,0,'254','0'),('6426',70,0,'254','0'),('6427',254,0,'254','0'),('6428',69,0,'254','1'),('6429',46,0,'254','1'),('6430',54,0,'254','1'),('6431',169,0,'254','0'),('6432',210,0,'254','1'),('6433',209,0,'254','0'),('6434',208,0,'254','0'),('6435',189,0,'254','0'),('6436',199,0,'254','0'),('6437',185,0,'254','0'),('6438',188,0,'254','0'),('6439',192,0,'254','4'),('6440',195,0,'254','0'),('6441',264,0,'254','0'),('6442',218,0,'254','1'),('6443',212,0,'254','1'),('6444',214,0,'254','0'),('6445',213,0,'254','0'),('6446',260,0,'254','0'),('6447',198,0,'225',NULL),('6448',197,0,'225',NULL),('6449',71,0,'255','0'),('6450',70,0,'255','0'),('6451',254,0,'255','0'),('6452',69,0,'255','1'),('6453',46,0,'255','1'),('6454',54,0,'255','1'),('6455',169,0,'255','0'),('6456',210,0,'255','0'),('6457',209,0,'255','0'),('6458',208,0,'255','1'),('6459',189,0,'255','0'),('6460',199,0,'255','0'),('6461',185,0,'255','0'),('6462',188,0,'255','0'),('6463',192,0,'255','4'),('6464',195,0,'255','0'),('6465',264,0,'255','0'),('6466',218,0,'255','1'),('6467',212,0,'255','1'),('6468',214,0,'255','1'),('6469',213,0,'255','1'),('6470',260,0,'255','0'),('6471',53,0,'255','808'),('6472',198,0,'255',NULL),('6473',197,0,'255',NULL),('6474',71,0,'256','0'),('6475',70,0,'256','0'),('6476',254,0,'256','0'),('6477',69,0,'256','1'),('6478',46,0,'256','1'),('6479',54,0,'256','1'),('6480',53,0,'256','810'),('6481',169,0,'256','0'),('6482',210,0,'256','0'),('6483',209,0,'256','0'),('6484',208,0,'256','1'),('6485',189,0,'256','0'),('6486',199,0,'256','0'),('6487',185,0,'256','0'),('6488',188,0,'256','0'),('6489',192,0,'256','4'),('6490',195,0,'256','0'),('6491',264,0,'256','0'),('6492',218,0,'256','1'),('6493',212,0,'256','1'),('6494',214,0,'256','1'),('6495',213,0,'256','1'),('6496',260,0,'256','0'),('6497',264,0,'152','0'),('6498',71,0,'257','0'),('6499',70,0,'257','0'),('6500',254,0,'257','0'),('6501',69,0,'257','1'),('6502',46,0,'257','1'),('6503',54,0,'257','1'),('6504',53,0,'257','816'),('6505',169,0,'257','0'),('6506',210,0,'257','0'),('6507',209,0,'257','0'),('6508',208,0,'257','1'),('6509',189,0,'257','0'),('6510',199,0,'257','0'),('6511',185,0,'257','0'),('6512',188,0,'257','0'),('6513',192,0,'257','4'),('6514',195,0,'257','0'),('6515',264,0,'257','0'),('6516',218,0,'257','1'),('6517',212,0,'257','1'),('6518',214,0,'257','1'),('6519',213,0,'257','1'),('6520',260,0,'257','0'),('6521',198,0,'257',NULL),('6522',197,0,'257',NULL),('6523',264,0,'156','0'),('6524',264,0,'151','0'),('6525',71,0,'258','0'),('6526',70,0,'258','0'),('6527',254,0,'258','0'),('6528',69,0,'258','1'),('6529',46,0,'258','1'),('6530',54,0,'258','1'),('6531',53,0,'258','838'),('6532',169,0,'258','0'),('6533',210,0,'258','0'),('6534',209,0,'258','0'),('6535',208,0,'258','1'),('6536',189,0,'258','0'),('6537',199,0,'258','0'),('6538',185,0,'258','0'),('6539',188,0,'258','0'),('6540',192,0,'258','4'),('6541',195,0,'258','0'),('6542',264,0,'258','0'),('6543',218,0,'258','1'),('6544',212,0,'258','1'),('6545',214,0,'258','1'),('6546',213,0,'258','1'),('6547',260,0,'258','0'),('6548',198,0,'258',NULL),('6549',197,0,'258',NULL);

--
-- Table structure for table `catalog_category_entity_text`
--

CREATE TABLE `catalog_category_entity_text` (
  `value_id` int NOT NULL AUTO_INCREMENT COMMENT 'Value ID',
  `attribute_id` smallint unsigned NOT NULL DEFAULT '0' COMMENT 'Attribute ID',
  `store_id` smallint unsigned NOT NULL DEFAULT '0' COMMENT 'Store ID',
  `entity_id` int unsigned NOT NULL DEFAULT '0' COMMENT 'Entity ID',
  `value` mediumtext CHARACTER SET utf8mb4 COLLATE utf8mb4_general_ci COMMENT 'Value',
  PRIMARY KEY (`value_id`),
  UNIQUE KEY `CATALOG_CATEGORY_ENTITY_TEXT_ENTITY_ID_ATTRIBUTE_ID_STORE_ID` (`entity_id`,`attribute_id`,`store_id`),
  KEY `CATALOG_CATEGORY_ENTITY_TEXT_ENTITY_ID` (`entity_id`),
  KEY `CATALOG_CATEGORY_ENTITY_TEXT_ATTRIBUTE_ID` (`attribute_id`),
  KEY `CATALOG_CATEGORY_ENTITY_TEXT_STORE_ID` (`store_id`)
) ENGINE=InnoDB AUTO_INCREMENT=4353 DEFAULT CHARSET=utf8mb4 COLLATE=utf8mb4_general_ci COMMENT='Catalog Category Text Attribute Backend Table';

--
-- Dumping data for table `catalog_category_entity_text`
--

INSERT INTO `catalog_category_entity_text` VALUES ('3',162,0,'38',NULL),('4',163,0,'38',NULL),('5',165,0,'38','.sidebar.sidebar-main {\r\n    display: none !important;\r\n}\r\n'),('6',159,0,'38',NULL),('7',158,0,'38',NULL),('8',161,0,'38',NULL),('9',160,0,'38',NULL),('10',164,0,'38',NULL),('11',47,0,'38',NULL),('12',51,0,'38',NULL),('13',50,0,'38',NULL),('14',168,0,'38',NULL),('15',175,0,'38',NULL),('16',171,0,'38','3'),('17',172,0,'38','auto'),('18',190,0,'38','2,2,1'),('19',186,0,'38',NULL),('20',187,0,'38',NULL),('21',205,0,'38',NULL),('22',206,0,'38',NULL),('23',203,0,'38',NULL),('24',202,0,'38',NULL),('25',176,0,'38',NULL),('26',174,0,'38',NULL),('27',173,0,'38',NULL),('53',171,0,'42','5'),('54',172,0,'42','auto'),('155',171,0,'43','4'),('156',172,0,'43','auto'),('157',171,0,'44','5'),('158',172,0,'44','auto'),('159',171,0,'45','3'),('160',172,0,'45','auto'),('163',171,0,'47','4'),('164',172,0,'47','auto'),('165',171,0,'48','4'),('166',172,0,'48','auto'),('169',171,0,'50','4'),('170',172,0,'50','auto'),('171',171,0,'51','4'),('172',172,0,'51','auto'),('175',171,0,'53','4'),('176',172,0,'53','auto'),('177',171,0,'54','4'),('178',172,0,'54','auto'),('179',162,0,'54',NULL),('180',163,0,'54',NULL),('181',165,0,'54','\r\n'),('182',159,0,'54',NULL),('183',158,0,'54',NULL),('184',161,0,'54',NULL),('185',160,0,'54',NULL),('186',164,0,'54',NULL),('187',47,0,'54',NULL),('188',51,0,'54','Create your own custom banners for events, promotions, and business advertising. High-quality materials and UK delivery options.'),('189',50,0,'54','custom banners'),('190',168,0,'54',NULL),('191',175,0,'54',NULL),('192',190,0,'54',NULL),('193',186,0,'54',NULL),('194',187,0,'54',NULL),('195',205,0,'54',NULL),('196',206,0,'54',NULL),('197',203,0,'54',NULL),('198',202,0,'54',NULL),('199',176,0,'54',NULL),('200',174,0,'54',NULL),('201',173,0,'54',NULL),('202',171,0,'55','4'),('203',172,0,'55','auto'),('204',171,0,'56','4'),('205',172,0,'56','auto'),('206',171,0,'57','4'),('207',172,0,'57','auto'),('233',171,0,'59','3'),('234',172,0,'59','auto'),('235',171,0,'60','4'),('236',172,0,'60','auto'),('239',162,0,'59',NULL),('240',163,0,'59',NULL),('241',165,0,'59','.block.filter {\r\n    display: none !important;\r\n}'),('242',159,0,'59',NULL),('243',158,0,'59',NULL),('244',161,0,'59',NULL),('245',160,0,'59',NULL),('246',164,0,'59',NULL),('247',47,0,'59',NULL),('248',51,0,'59','Our specialist support services include graphic design, nationwide installation, and flagpole maintenance. Discover how we manage your branding and logistics.'),('249',50,0,'59',NULL),('250',168,0,'59',NULL),('251',175,0,'59',NULL),('252',190,0,'59','2,2,1'),('253',186,0,'59',NULL),('254',187,0,'59',NULL),('255',205,0,'59',NULL),('256',206,0,'59',NULL),('257',203,0,'59',NULL),('258',202,0,'59',NULL),('259',176,0,'59',NULL),('260',174,0,'59',NULL),('261',173,0,'59',NULL),('272',162,0,'2',NULL),('273',163,0,'2',NULL),('274',165,0,'2',NULL),('275',159,0,'2',NULL),('276',158,0,'2',NULL),('277',161,0,'2',NULL),('278',160,0,'2',NULL),('279',164,0,'2',NULL),('280',47,0,'2',NULL),('281',51,0,'2',NULL),('282',50,0,'2',NULL),('283',168,0,'2',NULL),('284',175,0,'2',NULL),('285',171,0,'2','4'),('286',172,0,'2','auto'),('287',190,0,'2',NULL),('288',186,0,'2',NULL),('289',187,0,'2',NULL),('290',205,0,'2',NULL),('291',206,0,'2',NULL),('292',203,0,'2',NULL),('293',202,0,'2',NULL),('294',176,0,'2',NULL),('295',174,0,'2',NULL),('296',173,0,'2',NULL),('297',162,0,'60',NULL),('298',163,0,'60',NULL),('299',165,0,'60',NULL),('300',159,0,'60',NULL),('301',158,0,'60',NULL),('302',161,0,'60',NULL),('303',160,0,'60',NULL),('304',164,0,'60',NULL),('305',47,0,'60',NULL),('306',51,0,'60','Get expert In House Design & Production services for custom signage, branding, and marketing materials.'),('307',50,0,'60','design services, custom signage production, branding solutions, in-house printing, bespoke graphics'),('308',168,0,'60',NULL),('309',175,0,'60',NULL),('310',190,0,'60',NULL),('311',186,0,'60',NULL),('312',187,0,'60',NULL),('313',205,0,'60',NULL),('314',206,0,'60',NULL),('315',203,0,'60',NULL),('316',202,0,'60',NULL),('317',176,0,'60',NULL),('318',174,0,'60',NULL),('319',173,0,'60',NULL),('412',162,0,'42',NULL),('413',163,0,'42',NULL),('414',165,0,'42','.sidebar.sidebar-main {\r\n    display: none !important;\r\n}\r\n\r\n.block.filter {\r\n    display: none !important;\r\n}'),('415',159,0,'42',NULL),('416',158,0,'42',NULL),('417',161,0,'42',NULL),('418',160,0,'42',NULL),('419',164,0,'42',NULL),('420',47,0,'42',NULL),('421',51,0,'42','Find premium flags for all purposes, including custom, national, and promotional flags. Trusted UK manufacturer delivering quality flags since 1977.'),('422',50,0,'42','Flags'),('423',168,0,'42',NULL),('424',175,0,'42',NULL),('425',190,0,'42','5,5,5,5,1'),('426',186,0,'42',NULL),('427',187,0,'42',NULL),('428',205,0,'42',NULL),('429',206,0,'42',NULL),('430',203,0,'42',NULL),('431',202,0,'42',NULL),('432',176,0,'42',NULL),('433',174,0,'42',NULL),('434',173,0,'42',NULL),('435',162,0,'44',NULL),('436',163,0,'44',NULL),('437',165,0,'44','.sidebar.sidebar-main {\r\n    display: none !important;\r\n}\r\n\r\n.block.filter {\r\n    display: none !important;\r\n}\r\n'),('438',159,0,'44',NULL),('439',158,0,'44',NULL),('440',161,0,'44',NULL),('441',160,0,'44',NULL),('442',164,0,'44',NULL),('443',47,0,'44',NULL),('444',51,0,'44','Advertise your business or event with high-quality printed outdoor banners. Custom designs available. UK delivery options for all occasions.'),('445',50,0,'44','printed outdoor banners'),('446',168,0,'44',NULL),('447',175,0,'44',NULL),('448',190,0,'44','5,4,4,4,4'),('449',186,0,'44',NULL),('450',187,0,'44',NULL),('451',205,0,'44',NULL),('452',206,0,'44',NULL),('453',203,0,'44',NULL),('454',202,0,'44',NULL),('455',176,0,'44',NULL),('456',174,0,'44',NULL),('457',173,0,'44',NULL),('458',162,0,'51',NULL),('459',163,0,'51',NULL),('460',165,0,'51',NULL),('461',159,0,'51',NULL),('462',158,0,'51',NULL),('463',161,0,'51',NULL),('464',160,0,'51',NULL),('465',164,0,'51',NULL),('466',47,0,'51',NULL),('467',51,0,'51','Discover premium national flags for events, businesses, and homes. Wide selection of countries. Durable materials. Delivered across the UK.'),('468',50,0,'51','national flags'),('469',168,0,'51','https://flags.co.uk/flags/national'),('470',175,0,'51',NULL),('471',190,0,'51',NULL),('472',186,0,'51',NULL),('473',187,0,'51',NULL),('474',205,0,'51',NULL),('475',206,0,'51',NULL),('476',203,0,'51',NULL),('477',202,0,'51',NULL),('478',176,0,'51',NULL),('479',174,0,'51',NULL),('480',173,0,'51',NULL),('487',171,0,'70','4'),('488',172,0,'70','auto'),('489',162,0,'70',NULL),('490',163,0,'70',NULL),('491',165,0,'70',NULL),('492',159,0,'70',NULL),('493',158,0,'70',NULL),('494',161,0,'70',NULL),('495',160,0,'70',NULL),('496',164,0,'70',NULL),('497',47,0,'70',NULL),('498',51,0,'70','Reliable Installation & Maintenance services for all signage types. Keep your branding in top condition.'),('499',50,0,'70','signage installation, sign maintenance, business branding services, professional fitting, repair services'),('500',168,0,'70',NULL),('501',175,0,'70',NULL),('502',190,0,'70',NULL),('503',186,0,'70',NULL),('504',187,0,'70',NULL),('505',205,0,'70',NULL),('506',206,0,'70',NULL),('507',203,0,'70',NULL),('508',202,0,'70',NULL),('509',176,0,'70',NULL),('510',174,0,'70',NULL),('511',173,0,'70',NULL),('516',162,0,'45',NULL),('517',163,0,'45',NULL),('518',165,0,'45','.sidebar.sidebar-main {\r\n    display: none !important;\r\n}\r\n\r\n.block.filter {\r\n    display: none !important;\r\n}\r\n'),('519',159,0,'45',NULL),('520',158,0,'45',NULL),('521',161,0,'45',NULL),('522',160,0,'45',NULL),('523',164,0,'45',NULL),('524',47,0,'45',NULL),('525',51,0,'45','Shop custom displays and fabric walls from a UK manufacturer with decades of experience. Fast delivery for trade shows and events. Order today.'),('526',50,0,'45',NULL),('527',168,0,'45',NULL),('528',175,0,'45',NULL),('529',190,0,'45','4,4,4'),('530',186,0,'45',NULL),('531',187,0,'45',NULL),('532',205,0,'45',NULL),('533',206,0,'45',NULL),('534',203,0,'45',NULL),('535',202,0,'45',NULL),('536',176,0,'45',NULL),('537',174,0,'45',NULL),('538',173,0,'45',NULL),('539',162,0,'48',NULL),('540',163,0,'48',NULL),('541',165,0,'48',NULL),('542',159,0,'48',NULL),('543',158,0,'48',NULL),('544',161,0,'48',NULL),('545',160,0,'48',NULL),('546',164,0,'48',NULL),('547',47,0,'48',NULL),('548',51,0,'48','Shop custom feather flags designed for business branding and event promotions. High-quality, durable, and vibrant designs to enhance visibility and impact.'),('549',50,0,'48','feather flags'),('550',168,0,'48','https://flags.co.uk/flags/feather-flags'),('551',175,0,'48',NULL),('552',190,0,'48',NULL),('553',186,0,'48',NULL),('554',187,0,'48',NULL),('555',205,0,'48',NULL),('556',206,0,'48',NULL),('557',203,0,'48',NULL),('558',202,0,'48',NULL),('559',176,0,'48',NULL),('560',174,0,'48',NULL),('561',173,0,'48',NULL),('587',162,0,'50',NULL),('588',163,0,'50',NULL),('589',165,0,'50',NULL),('590',159,0,'50',NULL),('591',158,0,'50',NULL),('592',161,0,'50',NULL),('593',160,0,'50',NULL),('594',164,0,'50',NULL),('595',47,0,'50',NULL),('596',51,0,'50','Design your own custom printed flags. Perfect for branding, advertising, or events. High-quality, durable flags tailored to your needs in the UK.'),('597',50,0,'50','custom printed flags'),('598',168,0,'50',NULL),('599',175,0,'50',NULL),('600',190,0,'50',NULL),('601',186,0,'50',NULL),('602',187,0,'50',NULL),('603',205,0,'50',NULL),('604',206,0,'50',NULL),('605',203,0,'50',NULL),('606',202,0,'50',NULL),('607',176,0,'50',NULL),('608',174,0,'50',NULL),('609',173,0,'50',NULL),('610',171,0,'75','4'),('611',172,0,'75','auto'),('612',171,0,'76','4'),('613',172,0,'76','auto'),('614',171,0,'77','4'),('615',172,0,'77','auto'),('616',162,0,'77',NULL),('617',163,0,'77',NULL),('618',165,0,'77',NULL),('619',159,0,'77',NULL),('620',158,0,'77',NULL),('621',161,0,'77',NULL),('622',160,0,'77',NULL),('623',164,0,'77',NULL),('624',47,0,'77',NULL),('625',51,0,'77',NULL),('626',50,0,'77',NULL),('627',168,0,'77',NULL),('628',175,0,'77',NULL),('629',190,0,'77',NULL),('630',186,0,'77',NULL),('631',187,0,'77',NULL),('632',205,0,'77',NULL),('633',206,0,'77',NULL),('634',203,0,'77',NULL),('635',202,0,'77',NULL),('636',176,0,'77',NULL),('637',174,0,'77',NULL),('638',173,0,'77',NULL),('639',171,0,'78','4'),('640',172,0,'78','auto'),('641',162,0,'76',NULL),('642',163,0,'76',NULL),('643',165,0,'76',NULL),('644',159,0,'76',NULL),('645',158,0,'76',NULL),('646',161,0,'76',NULL),('647',160,0,'76',NULL),('648',164,0,'76',NULL),('649',47,0,'76',NULL),('650',51,0,'76',NULL),('651',50,0,'76',NULL),('652',168,0,'76',NULL),('653',175,0,'76',NULL),('654',190,0,'76',NULL),('655',186,0,'76',NULL),('656',187,0,'76',NULL),('657',205,0,'76',NULL),('658',206,0,'76',NULL),('659',203,0,'76',NULL),('660',202,0,'76',NULL),('661',176,0,'76',NULL),('662',174,0,'76',NULL),('663',173,0,'76',NULL),('664',162,0,'78',NULL),('665',163,0,'78',NULL),('666',165,0,'78',NULL),('667',159,0,'78',NULL),('668',158,0,'78',NULL),('669',161,0,'78',NULL),('670',160,0,'78',NULL),('671',164,0,'78',NULL),('672',47,0,'78',NULL),('673',51,0,'78',NULL),('674',50,0,'78',NULL),('675',168,0,'78',NULL),('676',175,0,'78',NULL),('677',190,0,'78',NULL),('678',186,0,'78',NULL),('679',187,0,'78',NULL),('680',205,0,'78',NULL),('681',206,0,'78',NULL),('682',203,0,'78',NULL),('683',202,0,'78',NULL),('684',176,0,'78',NULL),('685',174,0,'78',NULL),('686',173,0,'78',NULL),('687',171,0,'79','3'),('688',172,0,'79','auto'),('689',162,0,'43',NULL),('690',163,0,'43',NULL),('691',165,0,'43','.sidebar.sidebar-main {\r\n    display: none !important;\r\n}\r\n\r\n.block.filter {\r\n    display: none !important;\r\n}'),('692',159,0,'43',NULL),('693',158,0,'43',NULL),('694',161,0,'43',NULL),('695',160,0,'43',NULL),('696',164,0,'43',NULL),('697',47,0,'43',NULL),('698',51,0,'43','Add vibrant bunting to your events and celebrations. Available in a variety of styles and sizes. Delivered across the UK for all your occasions.'),('699',50,0,'43','bunting'),('700',168,0,'43',NULL),('701',175,0,'43',NULL),('702',190,0,'43',NULL),('703',186,0,'43',NULL),('704',187,0,'43',NULL),('705',205,0,'43',NULL),('706',206,0,'43',NULL),('707',203,0,'43',NULL),('708',202,0,'43',NULL),('709',176,0,'43',NULL),('710',174,0,'43',NULL),('711',173,0,'43',NULL),('735',162,0,'53',NULL),('736',163,0,'53',NULL),('737',165,0,'53','\r\n'),('738',159,0,'53',NULL),('739',158,0,'53',NULL),('740',161,0,'53',NULL),('741',160,0,'53',NULL),('742',164,0,'53',NULL),('743',47,0,'53',NULL),('744',51,0,'53',NULL),('745',50,0,'53',NULL),('746',168,0,'53',NULL),('747',175,0,'53',NULL),('748',190,0,'53',NULL),('749',186,0,'53',NULL),('750',187,0,'53',NULL),('751',205,0,'53',NULL),('752',206,0,'53',NULL),('753',203,0,'53',NULL),('754',202,0,'53',NULL),('755',176,0,'53',NULL),('756',174,0,'53',NULL),('757',173,0,'53',NULL),('758',162,0,'55',NULL),('759',163,0,'55',NULL),('760',165,0,'55','\r\n'),('761',159,0,'55',NULL),('762',158,0,'55',NULL),('763',161,0,'55',NULL),('764',160,0,'55',NULL),('765',164,0,'55',NULL),('766',47,0,'55',NULL),('767',51,0,'55','Enhance your café or business with outdoor banners. Perfect for promotions, displays, and customer engagement. Custom options available in the UK.'),('768',50,0,'55','cafe banners'),('769',168,0,'55',NULL),('770',175,0,'55',NULL),('771',190,0,'55',NULL),('772',186,0,'55',NULL),('773',187,0,'55',NULL),('774',205,0,'55',NULL),('775',206,0,'55',NULL),('776',203,0,'55',NULL),('777',202,0,'55',NULL),('778',176,0,'55',NULL),('779',174,0,'55',NULL),('780',173,0,'55',NULL),('781',162,0,'56',NULL),('782',163,0,'56',NULL),('783',165,0,'56','\r\n'),('784',159,0,'56',NULL),('785',158,0,'56',NULL),('786',161,0,'56',NULL),('787',160,0,'56',NULL),('788',164,0,'56',NULL),('789',47,0,'56',NULL),('790',51,0,'56','Exhibition stands that make brands impossible to ignore. Fabric pop-up, tension walls and portable displays from a UK manufacturer. Order online today.'),('791',50,0,'56',NULL),('792',168,0,'56',NULL),('793',175,0,'56',NULL),('794',190,0,'56',NULL),('795',186,0,'56',NULL),('796',187,0,'56',NULL),('797',205,0,'56',NULL),('798',206,0,'56',NULL),('799',203,0,'56',NULL),('800',202,0,'56',NULL),('801',176,0,'56',NULL),('802',174,0,'56',NULL),('803',173,0,'56',NULL),('804',162,0,'57',NULL),('805',163,0,'57',NULL),('806',165,0,'57','\r\n'),('807',159,0,'57',NULL),('808',158,0,'57',NULL),('809',161,0,'57',NULL),('810',160,0,'57',NULL),('811',164,0,'57',NULL),('812',47,0,'57',NULL),('813',51,0,'57','Professional fabric tension display stands for exhibitions and events. Stretch tube walls, monoliths, counters and curved displays. View the full range today.'),('814',50,0,'57',NULL),('815',168,0,'57',NULL),('816',175,0,'57',NULL),('817',190,0,'57',NULL),('818',186,0,'57',NULL),('819',187,0,'57',NULL),('820',205,0,'57',NULL),('821',206,0,'57',NULL),('822',203,0,'57',NULL),('823',202,0,'57',NULL),('824',176,0,'57',NULL),('825',174,0,'57',NULL),('826',173,0,'57',NULL),('827',162,0,'47',NULL),('828',163,0,'47',NULL),('829',165,0,'47','.sidebar.sidebar-main {\r\n    display: none !important;\r\n}\r\n\r\n.block.filter {\r\n    display: none !important;\r\n}'),('830',159,0,'47',NULL),('831',158,0,'47',NULL),('832',161,0,'47',NULL),('833',160,0,'47',NULL),('834',164,0,'47',NULL),('835',47,0,'47',NULL),('836',51,0,'47','Professional business signage designed, manufactured and installed in-house. Acrylic, Dibond, foamex and vinyl options. Get a free quote today.'),('837',50,0,'47',NULL),('838',168,0,'47',NULL),('839',175,0,'47',NULL),('840',190,0,'47','5,5,4,3'),('841',186,0,'47',NULL),('842',187,0,'47',NULL),('843',205,0,'47',NULL),('844',206,0,'47',NULL),('845',203,0,'47',NULL),('846',202,0,'47',NULL),('847',176,0,'47',NULL),('848',174,0,'47',NULL),('849',173,0,'47',NULL),('850',162,0,'79',NULL),('851',163,0,'79',NULL),('852',165,0,'79','.sidebar.sidebar-main {\r\n    display: none !important;\r\n}\r\n\r\n.block.filter {\r\n    display: none !important;\r\n}'),('853',159,0,'79',NULL),('854',158,0,'79',NULL),('855',161,0,'79',NULL),('856',160,0,'79',NULL),('857',164,0,'79',NULL),('858',47,0,'79',NULL),('859',51,0,'79','Browse our range of flagpoles for homes, businesses, and events. Durable options in various sizes. Installation and maintenance services available'),('860',50,0,'79','flagpoles'),('861',168,0,'79',NULL),('862',175,0,'79',NULL),('863',190,0,'79','5,5,3'),('864',186,0,'79',NULL),('865',187,0,'79',NULL),('866',205,0,'79',NULL),('867',206,0,'79',NULL),('868',203,0,'79',NULL),('869',202,0,'79',NULL),('870',176,0,'79',NULL),('871',174,0,'79',NULL),('872',173,0,'79',NULL),('875',171,0,'81','4'),('876',172,0,'81','auto'),('877',171,0,'82','4'),('878',172,0,'82','auto'),('879',171,0,'83','4'),('880',172,0,'83','auto'),('881',171,0,'84','4'),('882',172,0,'84','auto'),('883',162,0,'81',NULL),('884',163,0,'81',NULL),('885',165,0,'81','\r\n'),('886',159,0,'81',NULL),('887',158,0,'81',NULL),('888',161,0,'81',NULL),('889',160,0,'81',NULL),('890',164,0,'81',NULL),('891',47,0,'81',NULL),('892',51,0,'81','Branded custom gazebos that make your event stand impossible to miss. Full kits with walls, counters and feather flags. In-house printing. Order online today.'),('893',50,0,'81',NULL),('894',168,0,'81',NULL),('895',175,0,'81',NULL),('896',190,0,'81',NULL),('897',186,0,'81',NULL),('898',187,0,'81',NULL),('899',205,0,'81',NULL),('900',206,0,'81',NULL),('901',203,0,'81',NULL),('902',202,0,'81',NULL),('903',176,0,'81',NULL),('904',174,0,'81',NULL),('905',173,0,'81',NULL),('906',171,0,'85','4'),('907',172,0,'85','auto'),('908',162,0,'85',NULL),('909',163,0,'85',NULL),('910',165,0,'85',NULL),('911',159,0,'85',NULL),('912',158,0,'85',NULL),('913',161,0,'85',NULL),('914',160,0,'85',NULL),('915',164,0,'85',NULL),('916',47,0,'85',NULL),('917',51,0,'85',NULL),('918',50,0,'85',NULL),('919',168,0,'85',NULL),('920',175,0,'85',NULL),('921',190,0,'85',NULL),('922',186,0,'85',NULL),('923',187,0,'85',NULL),('924',205,0,'85',NULL),('925',206,0,'85',NULL),('926',203,0,'85',NULL),('927',202,0,'85',NULL),('928',176,0,'85',NULL),('929',174,0,'85',NULL),('930',173,0,'85',NULL),('931',171,0,'86','4'),('932',172,0,'86','auto'),('933',162,0,'86',NULL),('934',163,0,'86',NULL),('935',165,0,'86',NULL),('936',159,0,'86',NULL),('937',158,0,'86',NULL),('938',161,0,'86',NULL),('939',160,0,'86',NULL),('940',164,0,'86',NULL),('941',47,0,'86',NULL),('942',51,0,'86','Celebrate diversity with vibrant pride flags. Perfect for events, festivals, and more. Durable and available in multiple sizes. UK delivery.'),('943',50,0,'86','pride flags'),('944',168,0,'86',NULL),('945',175,0,'86',NULL),('946',190,0,'86',NULL),('947',186,0,'86',NULL),('948',187,0,'86',NULL),('949',205,0,'86',NULL),('950',206,0,'86',NULL),('951',203,0,'86',NULL),('952',202,0,'86',NULL),('953',176,0,'86',NULL),('954',174,0,'86',NULL),('955',173,0,'86',NULL),('981',171,0,'88','4'),('982',172,0,'88','auto'),('983',171,0,'89','4'),('984',172,0,'89','auto'),('985',171,0,'90','4'),('986',172,0,'90','auto'),('987',168,0,'91','https://flags.co.uk/flags/specialist-flags/festival'),('988',171,0,'91','4'),('989',172,0,'91','auto'),('992',171,0,'93','4'),('993',172,0,'93','auto'),('1017',171,0,'94','4'),('1018',172,0,'94','auto'),('1019',171,0,'95','4'),('1020',172,0,'95','auto'),('1021',168,0,'96','https://flags.co.uk/enhanceair'),('1022',171,0,'96','4'),('1023',172,0,'96','auto'),('1024',171,0,'97','4'),('1025',172,0,'97','auto'),('1026',171,0,'98','4'),('1027',172,0,'98','auto'),('1028',171,0,'99','4'),('1029',172,0,'99','auto'),('1030',171,0,'100','4'),('1031',172,0,'100','auto'),('1032',162,0,'98',NULL),('1033',163,0,'98',NULL),('1034',165,0,'98','\r\n'),('1035',159,0,'98',NULL),('1036',158,0,'98',NULL),('1037',161,0,'98',NULL),('1038',160,0,'98',NULL),('1039',164,0,'98',NULL),('1040',47,0,'98',NULL),('1041',51,0,'98','Decorate your events with colourful bunting. Perfect for parties, festivals, and promotions. High-quality and UK delivery options.'),('1042',50,0,'98','multi coloured bunting'),('1043',168,0,'98',NULL),('1044',175,0,'98',NULL),('1045',190,0,'98',NULL),('1046',186,0,'98',NULL),('1047',187,0,'98',NULL),('1048',205,0,'98',NULL),('1049',206,0,'98',NULL),('1050',203,0,'98',NULL),('1051',202,0,'98',NULL),('1052',176,0,'98',NULL),('1053',174,0,'98',NULL),('1054',173,0,'98',NULL),('1055',162,0,'97',NULL),('1056',163,0,'97',NULL),('1057',165,0,'97','\r\n'),('1058',159,0,'97',NULL),('1059',158,0,'97',NULL),('1060',161,0,'97',NULL),('1061',160,0,'97',NULL),('1062',164,0,'97',NULL),('1063',47,0,'97',NULL),('1064',51,0,'97','Design your own custom bunting with House of Flags. UK-manufactured paper, vinyl, and fabric bunting for events. High-quality pennants & 3-day delivery. Quote now!'),('1065',50,0,'97',NULL),('1066',168,0,'97',NULL),('1067',175,0,'97',NULL),('1068',190,0,'97',NULL),('1069',186,0,'97',NULL),('1070',187,0,'97',NULL),('1071',205,0,'97',NULL),('1072',206,0,'97',NULL),('1073',203,0,'97',NULL),('1074',202,0,'97',NULL),('1075',176,0,'97',NULL),('1076',174,0,'97',NULL),('1077',173,0,'97',NULL),('1078',162,0,'99',NULL),('1079',163,0,'99',NULL),('1080',165,0,'99','\r\n'),('1081',159,0,'99',NULL),('1082',158,0,'99',NULL),('1083',161,0,'99',NULL),('1084',160,0,'99',NULL),('1085',164,0,'99',NULL),('1086',47,0,'99',NULL),('1087',51,0,'99','Celebrate with national flag bunting. Ideal for events, celebrations, and promotions. Custom designs and UK delivery available.'),('1088',50,0,'99','national flag bunting'),('1089',168,0,'99',NULL),('1090',175,0,'99',NULL),('1091',190,0,'99',NULL),('1092',186,0,'99',NULL),('1093',187,0,'99',NULL),('1094',205,0,'99',NULL),('1095',206,0,'99',NULL),('1096',203,0,'99',NULL),('1097',202,0,'99',NULL),('1098',176,0,'99',NULL),('1099',174,0,'99',NULL),('1100',173,0,'99',NULL),('1101',162,0,'100',NULL),('1102',163,0,'100',NULL),('1103',165,0,'100','\r\n'),('1104',159,0,'100',NULL),('1105',158,0,'100',NULL),('1106',161,0,'100',NULL),('1107',160,0,'100',NULL),('1108',164,0,'100',NULL),('1109',47,0,'100',NULL),('1110',51,0,'100','Shop sale bunting for eye-catching displays at events, sales, and promotions. Affordable, durable options delivered across the UK.'),('1111',50,0,'100','sale bunting'),('1112',168,0,'100',NULL),('1113',175,0,'100',NULL),('1114',190,0,'100',NULL),('1115',186,0,'100',NULL),('1116',187,0,'100',NULL),('1117',205,0,'100',NULL),('1118',206,0,'100',NULL),('1119',203,0,'100',NULL),('1120',202,0,'100',NULL),('1121',176,0,'100',NULL),('1122',174,0,'100',NULL),('1123',173,0,'100',NULL),('1126',171,0,'102','4'),('1127',172,0,'102','auto'),('1128',162,0,'102',NULL),('1129',163,0,'102',NULL),('1130',165,0,'102',NULL),('1131',159,0,'102',NULL),('1132',158,0,'102',NULL),('1133',161,0,'102',NULL),('1134',160,0,'102',NULL),('1135',164,0,'102',NULL),('1136',47,0,'102',NULL),('1137',51,0,'102','Shop durable boat flags for yachts, ships, and marinas. Available in custom designs and standard nautical options. Delivered UK-wide.'),('1138',50,0,'102','boat flags'),('1139',168,0,'102',NULL),('1140',175,0,'102',NULL),('1141',190,0,'102',NULL),('1142',186,0,'102',NULL),('1143',187,0,'102',NULL),('1144',205,0,'102',NULL),('1145',206,0,'102',NULL),('1146',203,0,'102',NULL),('1147',202,0,'102',NULL),('1148',176,0,'102',NULL),('1149',174,0,'102',NULL),('1150',173,0,'102',NULL),('1151',162,0,'91',NULL),('1152',163,0,'91',NULL),('1153',165,0,'91','\r\n'),('1154',159,0,'91',NULL),('1155',158,0,'91',NULL),('1156',161,0,'91',NULL),('1157',160,0,'91',NULL),('1158',164,0,'91',NULL),('1159',47,0,'91',NULL),('1160',51,0,'91','Create vibrant custom festival flags for events, festivals, and celebrations. High-quality materials and bespoke designs made in the UK.'),('1161',50,0,'91','custom festival flags'),('1162',175,0,'91',NULL),('1163',190,0,'91',NULL),('1164',186,0,'91',NULL),('1165',187,0,'91',NULL),('1166',205,0,'91',NULL),('1167',206,0,'91',NULL),('1168',203,0,'91',NULL),('1169',202,0,'91',NULL),('1170',176,0,'91',NULL),('1171',174,0,'91',NULL),('1172',173,0,'91',NULL),('1173',162,0,'89',NULL),('1174',163,0,'89',NULL),('1175',165,0,'89','\r\n'),('1176',159,0,'89',NULL),('1177',158,0,'89',NULL),('1178',161,0,'89',NULL),('1179',160,0,'89',NULL),('1180',164,0,'89',NULL),('1181',47,0,'89',NULL),('1182',51,0,'89','Portable outdoor pop-out banners in five shapes: vertical, round, square, rectangular and tower. Printed to your design. Bulk pricing available. Order today.'),('1183',50,0,'89',NULL),('1184',168,0,'89',NULL),('1185',175,0,'89',NULL),('1186',190,0,'89',NULL),('1187',186,0,'89',NULL),('1188',187,0,'89',NULL),('1189',205,0,'89',NULL),('1190',206,0,'89',NULL),('1191',203,0,'89',NULL),('1192',202,0,'89',NULL),('1193',176,0,'89',NULL),('1194',174,0,'89',NULL),('1195',173,0,'89',NULL),('1196',171,0,'103','4'),('1197',172,0,'103','auto'),('1198',162,0,'103',NULL),('1199',163,0,'103',NULL),('1200',165,0,'103','\r\n'),('1201',159,0,'103',NULL),('1202',158,0,'103',NULL),('1203',161,0,'103',NULL),('1204',160,0,'103',NULL),('1205',164,0,'103',NULL),('1206',47,0,'103',NULL),('1207',51,0,'103','Shop durable PVC banners for outdoor events and promotions. Custom prints and sizes available for maximum visibility and impact across the UK.'),('1208',50,0,'103','PVC banners'),('1209',168,0,'103','https://flags.co.uk/banners/bespoke/printed-pvc'),('1210',175,0,'103',NULL),('1211',190,0,'103',NULL),('1212',186,0,'103',NULL),('1213',187,0,'103',NULL),('1214',205,0,'103',NULL),('1215',206,0,'103',NULL),('1216',203,0,'103',NULL),('1217',202,0,'103',NULL),('1218',176,0,'103',NULL),('1219',174,0,'103',NULL),('1220',173,0,'103',NULL),('1221',171,0,'104','4'),('1222',172,0,'104','auto'),('1223',171,0,'105','4'),('1224',172,0,'105','auto'),('1237',171,0,'110','4'),('1238',172,0,'110','auto'),('1285',162,0,'110',NULL),('1286',163,0,'110',NULL),('1287',165,0,'110',NULL),('1288',159,0,'110',NULL),('1289',158,0,'110',NULL),('1290',161,0,'110',NULL),('1291',160,0,'110',NULL),('1292',164,0,'110',NULL),('1293',47,0,'110',NULL),('1294',51,0,'110',NULL),('1295',50,0,'110',NULL),('1296',168,0,'110',NULL),('1297',175,0,'110',NULL),('1298',190,0,'110',NULL),('1299',186,0,'110',NULL),('1300',187,0,'110',NULL),('1301',205,0,'110',NULL),('1302',206,0,'110',NULL),('1303',203,0,'110',NULL),('1304',202,0,'110',NULL),('1305',176,0,'110',NULL),('1306',174,0,'110',NULL),('1307',173,0,'110',NULL),('1324',171,0,'117','4'),('1325',172,0,'117','auto'),('1326',162,0,'117',NULL),('1327',163,0,'117',NULL),('1328',165,0,'117',NULL),('1329',159,0,'117',NULL),('1330',158,0,'117',NULL),('1331',161,0,'117',NULL),('1332',160,0,'117',NULL),('1333',164,0,'117',NULL),('1334',47,0,'117',NULL),('1335',51,0,'117',NULL),('1336',50,0,'117',NULL),('1337',168,0,'117','https://flags.co.uk/flags/specialist-flags/team'),('1338',175,0,'117',NULL),('1339',190,0,'117',NULL),('1340',186,0,'117',NULL),('1341',187,0,'117',NULL),('1342',205,0,'117',NULL),('1343',206,0,'117',NULL),('1344',203,0,'117',NULL),('1345',202,0,'117',NULL),('1346',176,0,'117',NULL),('1347',174,0,'117',NULL),('1348',173,0,'117',NULL),('1349',171,0,'118','4'),('1350',172,0,'118','auto'),('1351',162,0,'118',NULL),('1352',163,0,'118',NULL),('1353',165,0,'118','\r\n\r\n'),('1354',159,0,'118',NULL),('1355',158,0,'118',NULL),('1356',161,0,'118',NULL),('1357',160,0,'118',NULL),('1358',164,0,'118',NULL),('1359',47,0,'118',NULL),('1360',51,0,'118','Explore high-quality angled flags for unique branding. Ideal for outdoor displays, events, and promotions. Custom options available in the UK.'),('1361',50,0,'118','angled flags'),('1362',168,0,'118',NULL),('1363',175,0,'118',NULL),('1364',190,0,'118',NULL),('1365',186,0,'118',NULL),('1366',187,0,'118',NULL),('1367',205,0,'118',NULL),('1368',206,0,'118',NULL),('1369',203,0,'118',NULL),('1370',202,0,'118',NULL),('1371',176,0,'118',NULL),('1372',174,0,'118',NULL),('1373',173,0,'118',NULL),('1374',171,0,'119','4'),('1375',172,0,'119','auto'),('1376',171,0,'120','4'),('1377',172,0,'120','auto'),('1378',162,0,'120',NULL),('1379',163,0,'120',NULL),('1380',165,0,'120',NULL),('1381',159,0,'120',NULL),('1382',158,0,'120',NULL),('1383',161,0,'120',NULL),('1384',160,0,'120',NULL),('1385',164,0,'120',NULL),('1386',47,0,'120',NULL),('1387',51,0,'120',NULL),('1388',50,0,'120',NULL),('1389',168,0,'120','https://flags.co.uk/flags/specialist-flags/back-pack'),('1390',175,0,'120',NULL),('1391',190,0,'120',NULL),('1392',186,0,'120',NULL),('1393',187,0,'120',NULL),('1394',205,0,'120',NULL),('1395',206,0,'120',NULL),('1396',203,0,'120',NULL),('1397',202,0,'120',NULL),('1398',176,0,'120',NULL),('1399',174,0,'120',NULL),('1400',173,0,'120',NULL),('1401',171,0,'121','4'),('1402',172,0,'121','auto'),('1405',171,0,'123','4'),('1406',172,0,'123','auto'),('1407',171,0,'124','4'),('1408',172,0,'124','auto'),('1411',171,0,'126','4'),('1412',172,0,'126','auto'),('1413',171,0,'127','4'),('1414',172,0,'127','auto'),('1415',171,0,'128','4'),('1416',172,0,'128','auto'),('1417',171,0,'129','4'),('1418',172,0,'129','auto'),('1419',171,0,'130','4'),('1420',172,0,'130','auto'),('1421',171,0,'131','4'),('1422',172,0,'131','auto'),('1423',162,0,'121',NULL),('1424',163,0,'121',NULL),('1425',165,0,'121','\r\n'),('1426',159,0,'121',NULL),('1427',158,0,'121',NULL),('1428',161,0,'121',NULL),('1429',160,0,'121',NULL),('1430',164,0,'121',NULL),('1431',47,0,'121',NULL),('1432',51,0,'121','Get vibrant crowd flags for festivals, events, and sports. Perfect for energising audiences. Customised crowd flag designs available in the UK.'),('1433',50,0,'121','crowd flags'),('1434',168,0,'121',NULL),('1435',175,0,'121',NULL),('1436',190,0,'121',NULL),('1437',186,0,'121',NULL),('1438',187,0,'121',NULL),('1439',205,0,'121',NULL),('1440',206,0,'121',NULL),('1441',203,0,'121',NULL),('1442',202,0,'121',NULL),('1443',176,0,'121',NULL),('1444',174,0,'121',NULL),('1445',173,0,'121',NULL),('1446',162,0,'128',NULL),('1447',163,0,'128',NULL),('1448',165,0,'128',NULL),('1449',159,0,'128',NULL),('1450',158,0,'128',NULL),('1451',161,0,'128',NULL),('1452',160,0,'128',NULL),('1453',164,0,'128',NULL),('1454',47,0,'128',NULL),('1455',51,0,'128','Explore hand-sewn flags for superior quality. Ideal for national, custom, and event use. Long-lasting and expertly crafted in the UK.'),('1456',50,0,'128','sewn flags'),('1457',168,0,'128','https://flags.co.uk/flags/specialist-flags/sewn'),('1458',175,0,'128',NULL),('1459',190,0,'128',NULL),('1460',186,0,'128',NULL),('1461',187,0,'128',NULL),('1462',205,0,'128',NULL),('1463',206,0,'128',NULL),('1464',203,0,'128',NULL),('1465',202,0,'128',NULL),('1466',176,0,'128',NULL),('1467',174,0,'128',NULL),('1468',173,0,'128',NULL),('1471',171,0,'133','4'),('1472',172,0,'133','auto'),('1473',162,0,'133',NULL),('1474',163,0,'133',NULL),('1475',165,0,'133',NULL),('1476',159,0,'133',NULL),('1477',158,0,'133',NULL),('1478',161,0,'133',NULL),('1479',160,0,'133',NULL),('1480',164,0,'133',NULL),('1481',47,0,'133',NULL),('1482',51,0,'133',NULL),('1483',50,0,'133',NULL),('1484',168,0,'133','https://flags.co.uk/flagpoles/aluminium'),('1485',175,0,'133',NULL),('1486',190,0,'133',NULL),('1487',186,0,'133',NULL),('1488',187,0,'133',NULL),('1489',205,0,'133',NULL),('1490',206,0,'133',NULL),('1491',203,0,'133',NULL),('1492',202,0,'133',NULL),('1493',176,0,'133',NULL),('1494',174,0,'133',NULL),('1495',173,0,'133',NULL),('1496',171,0,'134','4'),('1497',172,0,'134','auto'),('1498',171,0,'135','4'),('1499',172,0,'135','auto'),('1500',171,0,'136','4'),('1501',172,0,'136','auto'),('1502',171,0,'137','4'),('1503',172,0,'137','auto'),('1504',171,0,'138','4'),('1505',172,0,'138','auto'),('1506',171,0,'139','4'),('1507',172,0,'139','auto'),('1508',162,0,'139',NULL),('1509',163,0,'139',NULL),('1510',165,0,'139',NULL),('1511',159,0,'139',NULL),('1512',158,0,'139',NULL),('1513',161,0,'139',NULL),('1514',160,0,'139',NULL),('1515',164,0,'139',NULL),('1516',47,0,'139',NULL),('1517',51,0,'139',NULL),('1518',50,0,'139',NULL),('1519',168,0,'139','https://flags.co.uk/flagpoles/flagpole-finials'),('1520',175,0,'139',NULL),('1521',190,0,'139',NULL),('1522',186,0,'139',NULL),('1523',187,0,'139',NULL),('1524',205,0,'139',NULL),('1525',206,0,'139',NULL),('1526',203,0,'139',NULL),('1527',202,0,'139',NULL),('1528',176,0,'139',NULL),('1529',174,0,'139',NULL),('1530',173,0,'139',NULL),('1531',171,0,'140','4'),('1532',172,0,'140','auto'),('1533',171,0,'141','4'),('1534',172,0,'141','auto'),('1535',171,0,'142','4'),('1536',172,0,'142','auto'),('1537',171,0,'143','4'),('1538',172,0,'143','auto'),('1539',171,0,'144','4'),('1540',172,0,'144','auto'),('1541',171,0,'145','4'),('1542',172,0,'145','auto'),('1543',171,0,'146','4'),('1544',172,0,'146','auto'),('1547',171,0,'148','4'),('1548',172,0,'148','auto'),('1549',171,0,'149','4'),('1550',172,0,'149','auto'),('1551',171,0,'150','4'),('1552',172,0,'150','auto'),('1553',171,0,'151','4'),('1554',172,0,'151','auto'),('1555',171,0,'152','4'),('1556',172,0,'152','auto'),('1557',171,0,'153','4'),('1558',172,0,'153','auto'),('1559',171,0,'154','4'),('1560',172,0,'154','auto'),('1561',171,0,'155','4'),('1562',172,0,'155','auto'),('1563',171,0,'156','4'),('1564',172,0,'156','auto'),('1565',171,0,'157','4'),('1566',172,0,'157','auto'),('1567',162,0,'148',NULL),('1568',163,0,'148',NULL),('1569',165,0,'148','.block.filter {\r\n    display: none !important;\r\n}'),('1570',159,0,'148',NULL),('1571',158,0,'148',NULL),('1572',161,0,'148',NULL),('1573',160,0,'148',NULL),('1574',164,0,'148',NULL),('1575',47,0,'148',NULL),('1576',51,0,'148','We supply high-quality display products to a wide range of sectors. Discover our industry-specific flags, banners, and signage with expert UK support.'),('1577',50,0,'148',NULL),('1578',168,0,'148',NULL),('1579',175,0,'148',NULL),('1580',190,0,'148','3,3,3,2'),('1581',186,0,'148',NULL),('1582',187,0,'148',NULL),('1583',205,0,'148',NULL),('1584',206,0,'148',NULL),('1585',203,0,'148',NULL),('1586',202,0,'148',NULL),('1587',176,0,'148',NULL),('1588',174,0,'148',NULL),('1589',173,0,'148',NULL),('1590',171,0,'158','4'),('1591',172,0,'158','auto'),('1592',171,0,'159','4'),('1593',172,0,'159','auto'),('1594',171,0,'160','4'),('1595',172,0,'160','auto'),('1596',171,0,'161','4'),('1597',172,0,'161','auto'),('1598',171,0,'162','4'),('1599',172,0,'162','auto'),('1600',162,0,'162',NULL),('1601',163,0,'162',NULL),('1602',165,0,'162',NULL),('1603',159,0,'162',NULL),('1604',158,0,'162',NULL),('1605',161,0,'162',NULL),('1606',160,0,'162',NULL),('1607',164,0,'162',NULL),('1608',47,0,'162',NULL),('1609',51,0,'162',NULL),('1610',50,0,'162',NULL),('1611',168,0,'162','https://flags.co.uk/banners/bespoke/eco'),('1612',175,0,'162',NULL),('1613',190,0,'162',NULL),('1614',186,0,'162',NULL),('1615',187,0,'162',NULL),('1616',205,0,'162',NULL),('1617',206,0,'162',NULL),('1618',203,0,'162',NULL),('1619',202,0,'162',NULL),('1620',176,0,'162',NULL),('1621',174,0,'162',NULL),('1622',173,0,'162',NULL),('1623',171,0,'163','4'),('1624',172,0,'163','auto'),('1625',171,0,'164','4'),('1626',172,0,'164','auto'),('1627',171,0,'165','4'),('1628',172,0,'165','auto'),('1629',168,0,'166','https://flags.co.uk/banners/roller-banners/green-screen'),('1630',171,0,'166','4'),('1631',172,0,'166','auto'),('1632',171,0,'167','4'),('1633',172,0,'167','auto'),('1634',171,0,'168','4'),('1635',172,0,'168','auto'),('1636',171,0,'169','4'),('1637',172,0,'169','auto'),('1638',168,0,'170','https://flags.co.uk/banners/banner-arms/wall-mounted'),('1639',171,0,'170','4'),('1640',172,0,'170','auto'),('1641',168,0,'171','https://flags.co.uk/y-band-display-system'),('1642',171,0,'171','4'),('1643',172,0,'171','auto'),('1644',162,0,'170',NULL),('1645',163,0,'170',NULL),('1646',165,0,'170',NULL),('1647',159,0,'170',NULL),('1648',158,0,'170',NULL),('1649',161,0,'170',NULL),('1650',160,0,'170',NULL),('1651',164,0,'170',NULL),('1652',47,0,'170',NULL),('1653',51,0,'170',NULL),('1654',50,0,'170',NULL),('1655',175,0,'170',NULL),('1656',190,0,'170',NULL),('1657',186,0,'170',NULL),('1658',187,0,'170',NULL),('1659',205,0,'170',NULL),('1660',206,0,'170',NULL),('1661',203,0,'170',NULL),('1662',202,0,'170',NULL),('1663',176,0,'170',NULL),('1664',174,0,'170',NULL),('1665',173,0,'170',NULL),('1668',171,0,'173','4'),('1669',172,0,'173','auto'),('1670',171,0,'174','4'),('1671',172,0,'174','auto'),('1672',171,0,'175','4'),('1673',172,0,'175','auto'),('1674',162,0,'175',NULL),('1675',163,0,'175',NULL),('1676',165,0,'175',NULL),('1677',159,0,'175',NULL),('1678',158,0,'175',NULL),('1679',161,0,'175',NULL),('1680',160,0,'175',NULL),('1681',164,0,'175',NULL),('1682',47,0,'175',NULL),('1683',51,0,'175',NULL),('1684',50,0,'175',NULL),('1685',168,0,'175','https://flags.co.uk/displays/exhibition-stands/fabric-pop-up'),('1686',175,0,'175',NULL),('1687',190,0,'175',NULL),('1688',186,0,'175',NULL),('1689',187,0,'175',NULL),('1690',205,0,'175',NULL),('1691',206,0,'175',NULL),('1692',203,0,'175',NULL),('1693',202,0,'175',NULL),('1694',176,0,'175',NULL),('1695',174,0,'175',NULL),('1696',173,0,'175',NULL),('1725',171,0,'178','4'),('1726',172,0,'178','auto'),('1727',171,0,'179','4'),('1728',172,0,'179','auto'),('1729',171,0,'180','4'),('1730',172,0,'180','auto'),('1731',171,0,'181','4'),('1732',172,0,'181','auto'),('1733',171,0,'182','4'),('1734',172,0,'182','auto'),('1735',171,0,'183','4'),('1736',172,0,'183','auto'),('1737',171,0,'184','4'),('1738',172,0,'184','auto'),('1739',171,0,'185','4'),('1740',172,0,'185','auto'),('1741',162,0,'185',NULL),('1742',163,0,'185',NULL),('1743',165,0,'185',NULL),('1744',159,0,'185',NULL),('1745',158,0,'185',NULL),('1746',161,0,'185',NULL),('1747',160,0,'185',NULL),('1748',164,0,'185',NULL),('1749',47,0,'185',NULL),('1750',51,0,'185','Custom fascia signs for retail and commercial premises. Professionally UK-manufactured and fully customisable. Fast delivery available. Order yours today.'),('1751',50,0,'185',NULL),('1752',168,0,'185',NULL),('1753',175,0,'185',NULL),('1754',190,0,'185',NULL),('1755',186,0,'185',NULL),('1756',187,0,'185',NULL),('1757',205,0,'185',NULL),('1758',206,0,'185',NULL),('1759',203,0,'185',NULL),('1760',202,0,'185',NULL),('1761',176,0,'185',NULL),('1762',174,0,'185',NULL),('1763',173,0,'185',NULL),('1764',171,0,'186','4'),('1765',172,0,'186','auto'),('1766',171,0,'187','4'),('1767',172,0,'187','auto'),('1768',171,0,'188','4'),('1769',172,0,'188','auto'),('1770',171,0,'189','4'),('1771',172,0,'189','auto'),('1772',171,0,'190','4'),('1773',172,0,'190','auto'),('1774',171,0,'191','4'),('1775',172,0,'191','auto'),('1776',171,0,'192','4'),('1777',172,0,'192','auto'),('1778',171,0,'193','4'),('1779',172,0,'193','auto'),('1780',171,0,'194','4'),('1781',172,0,'194','auto'),('1782',171,0,'195','4'),('1783',172,0,'195','auto'),('1784',171,0,'196','4'),('1785',172,0,'196','auto'),('1786',171,0,'197','4'),('1787',172,0,'197','auto'),('1788',171,0,'198','4'),('1789',172,0,'198','auto'),('1790',171,0,'199','4'),('1791',172,0,'199','auto'),('1792',171,0,'200','4'),('1793',172,0,'200','auto'),('1794',171,0,'201','4'),('1795',172,0,'201','auto'),('1796',162,0,'194',NULL),('1797',163,0,'194',NULL),('1798',165,0,'194','.sidebar.sidebar-main {\r\n    display: none !important;\r\n}\r\n\r\n.block.filter {\r\n    display: none !important;\r\n}'),('1799',159,0,'194',NULL),('1800',158,0,'194',NULL),('1801',161,0,'194',NULL),('1802',160,0,'194',NULL),('1803',164,0,'194',NULL),('1804',47,0,'194',NULL),('1805',51,0,'194','Transform your workplace with bold branded interiors. Canvas prints, custom wallpaper, glass manifestation and more. In-house manufacture. Get a quote today.'),('1806',50,0,'194',NULL),('1807',168,0,'194',NULL),('1808',175,0,'194',NULL),('1809',190,0,'194',NULL),('1810',186,0,'194',NULL),('1811',187,0,'194',NULL),('1812',205,0,'194',NULL),('1813',206,0,'194',NULL),('1814',203,0,'194',NULL),('1815',202,0,'194',NULL),('1816',176,0,'194',NULL),('1817',174,0,'194',NULL),('1818',173,0,'194',NULL),('1819',171,0,'202','4'),('1820',172,0,'202','auto'),('1824',168,0,'204',NULL),('1825',171,0,'204','4'),('1826',172,0,'204','auto'),('1830',168,0,'206',NULL),('1831',171,0,'206','4'),('1832',172,0,'206','auto'),('1836',168,0,'208',NULL),('1837',171,0,'208','4'),('1838',172,0,'208','auto'),('1839',168,0,'209','https://flags.co.uk/flags/custom/eco-knitted-polyester'),('1840',171,0,'209','4'),('1841',172,0,'209','auto'),('1842',168,0,'210',NULL),('1843',171,0,'210','4'),('1844',172,0,'210','auto'),('1845',168,0,'211','https://flags.co.uk/eco-teardrop-flags'),('1846',171,0,'211','4'),('1847',172,0,'211','auto'),('1848',162,0,'202',NULL),('1849',163,0,'202',NULL),('1850',165,0,'202',NULL),('1851',159,0,'202',NULL),('1852',158,0,'202',NULL),('1853',161,0,'202',NULL),('1854',160,0,'202',NULL),('1855',164,0,'202',NULL),('1856',47,0,'202',NULL),('1857',51,0,'202','Stand out on the road with custom Vehicle Graphics. High-quality car wraps, van decals, and fleet branding.'),('1858',50,0,'202','vehicle graphics, car wraps, van decals, fleet branding, custom vehicle signage'),('1859',168,0,'202',NULL),('1860',175,0,'202',NULL),('1861',190,0,'202',NULL),('1862',186,0,'202',NULL),('1863',187,0,'202',NULL),('1864',205,0,'202',NULL),('1865',206,0,'202',NULL),('1866',203,0,'202',NULL),('1867',202,0,'202',NULL),('1868',176,0,'202',NULL),('1869',174,0,'202',NULL),('1870',173,0,'202',NULL),('1871',162,0,'195',NULL),('1872',163,0,'195',NULL),('1873',165,0,'195',NULL),('1874',159,0,'195',NULL),('1875',158,0,'195',NULL),('1876',161,0,'195',NULL),('1877',160,0,'195',NULL),('1878',164,0,'195',NULL),('1879',47,0,'195',NULL),('1880',51,0,'195','Bold custom canvas prints for offices, reception areas and commercial interiors. Professional finish, made in the UK. Order online today.'),('1881',50,0,'195',NULL),('1882',168,0,'195',NULL),('1883',175,0,'195',NULL),('1884',190,0,'195',NULL),('1885',186,0,'195',NULL),('1886',187,0,'195',NULL),('1887',205,0,'195',NULL),('1888',206,0,'195',NULL),('1889',203,0,'195',NULL),('1890',202,0,'195',NULL),('1891',176,0,'195',NULL),('1892',174,0,'195',NULL),('1893',173,0,'195',NULL),('1894',162,0,'134',NULL),('1895',163,0,'134',NULL),('1896',165,0,'134','\r\n'),('1897',159,0,'134',NULL),('1898',158,0,'134',NULL),('1899',161,0,'134',NULL),('1900',160,0,'134',NULL),('1901',164,0,'134',NULL),('1902',47,0,'134',NULL),('1903',51,0,'134','Enhance your business and event branding with high-quality angled flagpoles. Durable and customisable options available across the UK.'),('1904',50,0,'134',NULL),('1905',168,0,'134',NULL),('1906',175,0,'134',NULL),('1907',190,0,'134',NULL),('1908',186,0,'134',NULL),('1909',187,0,'134',NULL),('1910',205,0,'134',NULL),('1911',206,0,'134',NULL),('1912',203,0,'134',NULL),('1913',202,0,'134',NULL),('1914',176,0,'134',NULL),('1915',174,0,'134',NULL),('1916',173,0,'134',NULL),('1917',162,0,'136',NULL),('1918',163,0,'136',NULL),('1919',165,0,'136',NULL),('1920',159,0,'136',NULL),('1921',158,0,'136',NULL),('1922',161,0,'136',NULL),('1923',160,0,'136',NULL),('1924',164,0,'136',NULL),('1925',47,0,'136',NULL),('1926',51,0,'136','Shop fixed flagpole bases for secure and stable flag displays at events and businesses. Reliable options for outdoor use. Available UK-wide.'),('1927',50,0,'136','Fixed Flagpole Bases'),('1928',168,0,'136',NULL),('1929',175,0,'136',NULL),('1930',190,0,'136',NULL),('1931',186,0,'136',NULL),('1932',187,0,'136',NULL),('1933',205,0,'136',NULL),('1934',206,0,'136',NULL),('1935',203,0,'136',NULL),('1936',202,0,'136',NULL),('1937',176,0,'136',NULL),('1938',174,0,'136',NULL),('1939',173,0,'136',NULL),('1940',162,0,'141',NULL),('1941',163,0,'141',NULL),('1942',165,0,'141',NULL),('1943',159,0,'141',NULL),('1944',158,0,'141',NULL),('1945',161,0,'141',NULL),('1946',160,0,'141',NULL),('1947',164,0,'141',NULL),('1948',47,0,'141',NULL),('1949',51,0,'141','Professional flagpole installation across the UK from our in-house team. Ground, rooftop and wall-mounted installations. Get a free quote today.'),('1950',50,0,'141',NULL),('1951',168,0,'141',NULL),('1952',175,0,'141',NULL),('1953',190,0,'141',NULL),('1954',186,0,'141',NULL),('1955',187,0,'141',NULL),('1956',205,0,'141',NULL),('1957',206,0,'141',NULL),('1958',203,0,'141',NULL),('1959',202,0,'141',NULL),('1960',176,0,'141',NULL),('1961',174,0,'141',NULL),('1962',173,0,'141',NULL),('1963',162,0,'142',NULL),('1964',163,0,'142',NULL),('1965',165,0,'142',NULL),('1966',159,0,'142',NULL),('1967',158,0,'142',NULL),('1968',161,0,'142',NULL),('1969',160,0,'142',NULL),('1970',164,0,'142',NULL),('1971',47,0,'142',NULL),('1972',51,0,'142','Professional flagpole maintenance, servicing and repair across the UK. Contract servicing available to keep your poles in top condition. Get a free quote today.'),('1973',50,0,'142',NULL),('1974',168,0,'142',NULL),('1975',175,0,'142',NULL),('1976',190,0,'142',NULL),('1977',186,0,'142',NULL),('1978',187,0,'142',NULL),('1979',205,0,'142',NULL),('1980',206,0,'142',NULL),('1981',203,0,'142',NULL),('1982',202,0,'142',NULL),('1983',176,0,'142',NULL),('1984',174,0,'142',NULL),('1985',173,0,'142',NULL),('1986',162,0,'144',NULL),('1987',163,0,'144',NULL),('1988',165,0,'144',NULL),('1989',159,0,'144',NULL),('1990',158,0,'144',NULL),('1991',161,0,'144',NULL),('1992',160,0,'144',NULL),('1993',164,0,'144',NULL),('1994',47,0,'144',NULL),('1995',51,0,'144','Discover fibreglass flagpoles for durable, weather-resistant flag displays. Perfect for events, businesses, and celebrations across the UK.'),('1996',50,0,'144','fibreglass flagpole'),('1997',168,0,'144',NULL),('1998',175,0,'144',NULL),('1999',190,0,'144',NULL),('2000',186,0,'144',NULL),('2001',187,0,'144',NULL),('2002',205,0,'144',NULL),('2003',206,0,'144',NULL),('2004',203,0,'144',NULL),('2005',202,0,'144',NULL),('2006',176,0,'144',NULL),('2007',174,0,'144',NULL),('2008',173,0,'144',NULL),('2009',162,0,'145',NULL),('2010',163,0,'145',NULL),('2011',165,0,'145',NULL),('2012',159,0,'145',NULL),('2013',158,0,'145',NULL),('2014',161,0,'145',NULL),('2015',160,0,'145',NULL),('2016',164,0,'145',NULL),('2017',47,0,'145',NULL),('2018',51,0,'145','Browse portable flagpole bases and brackets for easy setups at events, parties, and promotions. Customisable options available across the UK.'),('2019',50,0,'145','Portable Flagpole Bases & Brackets'),('2020',168,0,'145',NULL),('2021',175,0,'145',NULL),('2022',190,0,'145',NULL),('2023',186,0,'145',NULL),('2024',187,0,'145',NULL),('2025',205,0,'145',NULL),('2026',206,0,'145',NULL),('2027',203,0,'145',NULL),('2028',202,0,'145',NULL),('2029',176,0,'145',NULL),('2030',174,0,'145',NULL),('2031',173,0,'145',NULL),('2032',162,0,'160',NULL),('2033',163,0,'160',NULL),('2034',165,0,'160',NULL),('2035',159,0,'160',NULL),('2036',158,0,'160',NULL),('2037',161,0,'160',NULL),('2038',160,0,'160',NULL),('2039',164,0,'160',NULL),('2040',47,0,'160',NULL),('2041',51,0,'160','Shop building wraps for impactful, large-scale event and business displays. Custom designs available. UK delivery across all locations.'),('2042',50,0,'160','building wrap'),('2043',168,0,'160',NULL),('2044',175,0,'160',NULL),('2045',190,0,'160',NULL),('2046',186,0,'160',NULL),('2047',187,0,'160',NULL),('2048',205,0,'160',NULL),('2049',206,0,'160',NULL),('2050',203,0,'160',NULL),('2051',202,0,'160',NULL),('2052',176,0,'160',NULL),('2053',174,0,'160',NULL),('2054',173,0,'160',NULL),('2055',162,0,'88',NULL),('2056',163,0,'88',NULL),('2057',165,0,'88','/* Set max width and center columns/messages on product pages */\r\n@media screen and (min-width: 768px) {\r\n    .theme-pearl.store-view-default.page-products .columns,\r\n    .theme-pearl.store-view-default.page-products .page.messages {\r\n        max-width: 1370px !important;\r\n        width: 100% !important;\r\n        margin: 0 auto !important;\r\n        padding: 15px; /* optional spacing */\r\n    }\r\n\r\n    /* Remove padding from page-main container */\r\n    .theme-pearl.store-view-default .page-main {\r\n        max-width: 100%;\r\n        width: 100%;\r\n        padding: 0 !important;\r\n    }\r\n\r\n    /* Remove inline padding for page-wrapper */\r\n    .theme-pearl .page-wrapper .page-main {\r\n        padding-inline: 0 !important;\r\n    }\r\n}\r\n\r\n@media screen and (max-width: 767px) {\r\n    .theme-pearl.store-view-default.page-products .columns,\r\n    .theme-pearl.store-view-default.page-products .page.messages {\r\n        margin-left: 15px;\r\n        margin-right: 15px;\r\n        width: auto;        /* allows margins to take effect */\r\n        max-width: none;    /* remove desktop max-width if needed */\r\n        box-sizing: border-box;\r\n    }\r\n}\r\n'),('2058',159,0,'88',NULL),('2059',158,0,'88',NULL),('2060',161,0,'88',NULL),('2061',160,0,'88',NULL),('2062',164,0,'88','require([\'jquery\'], function($) {\r\n    $(window).on(\'load\', function() { // wait until Magento JS initializes\r\n        $(\'.filter-options-item\').each(function() {\r\n            var $item = $(this);\r\n\r\n            // Only collapse items that do not have a selected option\r\n            if ($item.find(\'.filter-current\').length === 0) {\r\n                $item.removeClass(\'active\').addClass(\'allow\');      // replace active with allow\r\n                $item.find(\'.filter-options-title\')\r\n                     .attr(\'aria-expanded\', \'false\');             // collapse title\r\n            }\r\n        });\r\n    });\r\n});\r\n\r\n\r\n'),('2063',47,0,'88',NULL),('2064',51,0,'88',NULL),('2065',50,0,'88',NULL),('2066',168,0,'88',NULL),('2067',175,0,'88',NULL),('2068',190,0,'88',NULL),('2069',186,0,'88',NULL),('2070',187,0,'88',NULL),('2071',205,0,'88',NULL),('2072',206,0,'88',NULL),('2073',203,0,'88',NULL),('2074',202,0,'88',NULL),('2075',176,0,'88',NULL),('2076',174,0,'88',NULL),('2077',173,0,'88',NULL),('2078',162,0,'163',NULL),('2079',163,0,'163',NULL),('2080',165,0,'163',NULL),('2081',159,0,'163',NULL),('2082',158,0,'163',NULL),('2083',161,0,'163',NULL),('2084',160,0,'163',NULL),('2085',164,0,'163',NULL),('2086',47,0,'163',NULL),('2087',51,0,'163','Vibrant custom fabric banners for indoor and outdoor display. Lightweight, bold print and available in a range of sizes. Fast UK turnaround. Order online today.'),('2088',50,0,'163',NULL),('2089',168,0,'163',NULL),('2090',175,0,'163',NULL),('2091',190,0,'163',NULL),('2092',186,0,'163',NULL),('2093',187,0,'163',NULL),('2094',205,0,'163',NULL),('2095',206,0,'163',NULL),('2096',203,0,'163',NULL),('2097',202,0,'163',NULL),('2098',176,0,'163',NULL),('2099',174,0,'163',NULL),('2100',173,0,'163',NULL),('2101',162,0,'169',NULL),('2102',163,0,'169',NULL),('2103',165,0,'169',NULL),('2104',159,0,'169',NULL),('2105',158,0,'169',NULL),('2106',161,0,'169',NULL),('2107',160,0,'169',NULL),('2108',164,0,'169',NULL),('2109',47,0,'169',NULL),('2110',51,0,'169',NULL),('2111',50,0,'169',NULL),('2112',168,0,'169',NULL),('2113',175,0,'169',NULL),('2114',190,0,'169',NULL),('2115',186,0,'169',NULL),('2116',187,0,'169',NULL),('2117',205,0,'169',NULL),('2118',206,0,'169',NULL),('2119',203,0,'169',NULL),('2120',202,0,'169',NULL),('2121',176,0,'169',NULL),('2122',174,0,'169',NULL),('2123',173,0,'169',NULL),('2124',162,0,'174',NULL),('2125',163,0,'174',NULL),('2126',165,0,'174',NULL),('2127',159,0,'174',NULL),('2128',158,0,'174',NULL),('2129',161,0,'174',NULL),('2130',160,0,'174',NULL),('2131',164,0,'174',NULL),('2132',47,0,'174',NULL),('2133',51,0,'174','Illuminated lightbox signs that keep your brand visible day and night. Custom printed for retail, hospitality and exhibitions. Order online today.'),('2134',50,0,'174',NULL),('2135',168,0,'174',NULL),('2136',175,0,'174',NULL),('2137',190,0,'174',NULL),('2138',186,0,'174',NULL),('2139',187,0,'174',NULL),('2140',205,0,'174',NULL),('2141',206,0,'174',NULL),('2142',203,0,'174',NULL),('2143',202,0,'174',NULL),('2144',176,0,'174',NULL),('2145',174,0,'174',NULL),('2146',173,0,'174',NULL),('2147',162,0,'178',NULL),('2148',163,0,'178',NULL),('2149',165,0,'178',NULL),('2150',159,0,'178',NULL),('2151',158,0,'178',NULL),('2152',161,0,'178',NULL),('2153',160,0,'178',NULL),('2154',164,0,'178',NULL),('2155',47,0,'178',NULL),('2156',51,0,'178','Sleek custom acrylic signs for offices, retail and hospitality. Professional finish with bold full-colour print, made in the UK. Order online today.'),('2157',50,0,'178',NULL),('2158',168,0,'178',NULL),('2159',175,0,'178',NULL),('2160',190,0,'178',NULL),('2161',186,0,'178',NULL),('2162',187,0,'178',NULL),('2163',205,0,'178',NULL),('2164',206,0,'178',NULL),('2165',203,0,'178',NULL),('2166',202,0,'178',NULL),('2167',176,0,'178',NULL),('2168',174,0,'178',NULL),('2169',173,0,'178',NULL),('2170',162,0,'179',NULL),('2171',163,0,'179',NULL),('2172',165,0,'179',NULL),('2173',159,0,'179',NULL),('2174',158,0,'179',NULL),('2175',161,0,'179',NULL),('2176',160,0,'179',NULL),('2177',164,0,'179',NULL),('2178',47,0,'179',NULL),('2179',51,0,'179','Custom signage for businesses, retail and hospitality. Internal and external options. UK-manufactured with fast delivery. Get your free quote today.'),('2180',50,0,'179',NULL),('2181',168,0,'179',NULL),('2182',175,0,'179',NULL),('2183',190,0,'179',NULL),('2184',186,0,'179',NULL),('2185',187,0,'179',NULL),('2186',205,0,'179',NULL),('2187',206,0,'179',NULL),('2188',203,0,'179',NULL),('2189',202,0,'179',NULL),('2190',176,0,'179',NULL),('2191',174,0,'179',NULL),('2192',173,0,'179',NULL),('2193',162,0,'180',NULL),('2194',163,0,'180',NULL),('2195',165,0,'180',NULL),('2196',159,0,'180',NULL),('2197',158,0,'180',NULL),('2198',161,0,'180',NULL),('2199',160,0,'180',NULL),('2200',164,0,'180',NULL),('2201',47,0,'180',NULL),('2202',51,0,'180','Durable exterior building signs for offices, retail units and commercial properties. Professional in-house installation available. Get a free quote today.'),('2203',50,0,'180',NULL),('2204',168,0,'180',NULL),('2205',175,0,'180',NULL),('2206',190,0,'180',NULL),('2207',186,0,'180',NULL),('2208',187,0,'180',NULL),('2209',205,0,'180',NULL),('2210',206,0,'180',NULL),('2211',203,0,'180',NULL),('2212',202,0,'180',NULL),('2213',176,0,'180',NULL),('2214',174,0,'180',NULL),('2215',173,0,'180',NULL),('2216',162,0,'181',NULL),('2217',163,0,'181',NULL),('2218',165,0,'181',NULL),('2219',159,0,'181',NULL),('2220',158,0,'181',NULL),('2221',161,0,'181',NULL),('2222',160,0,'181',NULL),('2223',164,0,'181',NULL),('2224',47,0,'181',NULL),('2225',51,0,'181','Durable Dibond aluminium composite signs for outdoor and indoor display. Rigid construction with bold full-colour print. Order online today.'),('2226',50,0,'181',NULL),('2227',168,0,'181',NULL),('2228',175,0,'181',NULL),('2229',190,0,'181',NULL),('2230',186,0,'181',NULL),('2231',187,0,'181',NULL),('2232',205,0,'181',NULL),('2233',206,0,'181',NULL),('2234',203,0,'181',NULL),('2235',202,0,'181',NULL),('2236',176,0,'181',NULL),('2237',174,0,'181',NULL),('2238',173,0,'181',NULL),('2239',162,0,'182',NULL),('2240',163,0,'182',NULL),('2241',165,0,'182',NULL),('2242',159,0,'182',NULL),('2243',158,0,'182',NULL),('2244',161,0,'182',NULL),('2245',160,0,'182',NULL),('2246',164,0,'182',NULL),('2247',47,0,'182',NULL),('2248',51,0,'182','Custom directional signage for offices, venues and retail parks. Durable UK-manufactured wayfinding signs with fast delivery. Order yours today.'),('2249',50,0,'182',NULL),('2250',168,0,'182',NULL),('2251',175,0,'182',NULL),('2252',190,0,'182',NULL),('2253',186,0,'182',NULL),('2254',187,0,'182',NULL),('2255',205,0,'182',NULL),('2256',206,0,'182',NULL),('2257',203,0,'182',NULL),('2258',202,0,'182',NULL),('2259',176,0,'182',NULL),('2260',174,0,'182',NULL),('2261',173,0,'182',NULL),('2262',162,0,'183',NULL),('2263',163,0,'183',NULL),('2264',165,0,'183',NULL),('2265',159,0,'183',NULL),('2266',158,0,'183',NULL),('2267',161,0,'183',NULL),('2268',160,0,'183',NULL),('2269',164,0,'183',NULL),('2270',47,0,'183',NULL),('2271',51,0,'183','Bold custom cut out lettering signs for building frontages and interior branding. Distinctive 3D finish, made to your specification. Get a free quote today.'),('2272',50,0,'183',NULL),('2273',168,0,'183',NULL),('2274',175,0,'183',NULL),('2275',190,0,'183',NULL),('2276',186,0,'183',NULL),('2277',187,0,'183',NULL),('2278',205,0,'183',NULL),('2279',206,0,'183',NULL),('2280',203,0,'183',NULL),('2281',202,0,'183',NULL),('2282',176,0,'183',NULL),('2283',174,0,'183',NULL),('2284',173,0,'183',NULL),('2285',162,0,'184',NULL),('2286',163,0,'184',NULL),('2287',165,0,'184',NULL),('2288',159,0,'184',NULL),('2289',158,0,'184',NULL),('2290',161,0,'184',NULL),('2291',160,0,'184',NULL),('2292',164,0,'184',NULL),('2293',47,0,'184',NULL),('2294',51,0,'184','Lightweight vibrant Foamex boards for indoor display, exhibitions and retail. Rigid, printed to your design. Fast UK turnaround. Order online today.'),('2295',50,0,'184',NULL),('2296',168,0,'184',NULL),('2297',175,0,'184',NULL),('2298',190,0,'184',NULL),('2299',186,0,'184',NULL),('2300',187,0,'184',NULL),('2301',205,0,'184',NULL),('2302',206,0,'184',NULL),('2303',203,0,'184',NULL),('2304',202,0,'184',NULL),('2305',176,0,'184',NULL),('2306',174,0,'184',NULL),('2307',173,0,'184',NULL),('2308',162,0,'186',NULL),('2309',163,0,'186',NULL),('2310',165,0,'186',NULL),('2311',159,0,'186',NULL),('2312',158,0,'186',NULL),('2313',161,0,'186',NULL),('2314',160,0,'186',NULL),('2315',164,0,'186',NULL),('2316',47,0,'186',NULL),('2317',51,0,'186','Weatherproof hoarding boards for construction sites and security barriers. Wholesale pricing on UK printed boards. Fast delivery available. Order yours today.'),('2318',50,0,'186',NULL),('2319',168,0,'186',NULL),('2320',175,0,'186',NULL),('2321',190,0,'186',NULL),('2322',186,0,'186',NULL),('2323',187,0,'186',NULL);
INSERT INTO `catalog_category_entity_text` VALUES ('2324',205,0,'186',NULL),('2325',206,0,'186',NULL),('2326',203,0,'186',NULL),('2327',202,0,'186',NULL),('2328',176,0,'186',NULL),('2329',174,0,'186',NULL),('2330',173,0,'186',NULL),('2331',162,0,'187',NULL),('2332',163,0,'187',NULL),('2333',165,0,'187',NULL),('2334',159,0,'187',NULL),('2335',158,0,'187',NULL),('2336',161,0,'187',NULL),('2337',160,0,'187',NULL),('2338',164,0,'187',NULL),('2339',47,0,'187',NULL),('2340',51,0,'187','Custom internal signage for offices, retail and hospitality. Professionally UK-manufactured indoor signs with a premium finish. Get your free quote today.'),('2341',50,0,'187',NULL),('2342',168,0,'187',NULL),('2343',175,0,'187',NULL),('2344',190,0,'187',NULL),('2345',186,0,'187',NULL),('2346',187,0,'187',NULL),('2347',205,0,'187',NULL),('2348',206,0,'187',NULL),('2349',203,0,'187',NULL),('2350',202,0,'187',NULL),('2351',176,0,'187',NULL),('2352',174,0,'187',NULL),('2353',173,0,'187',NULL),('2354',162,0,'188',NULL),('2355',163,0,'188',NULL),('2356',165,0,'188',NULL),('2357',159,0,'188',NULL),('2358',158,0,'188',NULL),('2359',161,0,'188',NULL),('2360',160,0,'188',NULL),('2361',164,0,'188',NULL),('2362',47,0,'188',NULL),('2363',51,0,'188','Large custom signs for building frontages, car parks and commercial sites. Durable outdoor-grade materials with installation available. Get a free quote today.'),('2364',50,0,'188',NULL),('2365',168,0,'188',NULL),('2366',175,0,'188',NULL),('2367',190,0,'188',NULL),('2368',186,0,'188',NULL),('2369',187,0,'188',NULL),('2370',205,0,'188',NULL),('2371',206,0,'188',NULL),('2372',203,0,'188',NULL),('2373',202,0,'188',NULL),('2374',176,0,'188',NULL),('2375',174,0,'188',NULL),('2376',173,0,'188',NULL),('2377',162,0,'189',NULL),('2378',163,0,'189',NULL),('2379',165,0,'189',NULL),('2380',159,0,'189',NULL),('2381',158,0,'189',NULL),('2382',161,0,'189',NULL),('2383',160,0,'189',NULL),('2384',164,0,'189',NULL),('2385',47,0,'189',NULL),('2386',51,0,'189','Weatherproof outdoor signs built for the UK climate. Durable materials, bold print and professional installation available. Get a free quote today.'),('2387',50,0,'189',NULL),('2388',168,0,'189',NULL),('2389',175,0,'189',NULL),('2390',190,0,'189',NULL),('2391',186,0,'189',NULL),('2392',187,0,'189',NULL),('2393',205,0,'189',NULL),('2394',206,0,'189',NULL),('2395',203,0,'189',NULL),('2396',202,0,'189',NULL),('2397',176,0,'189',NULL),('2398',174,0,'189',NULL),('2399',173,0,'189',NULL),('2400',162,0,'190',NULL),('2401',163,0,'190',NULL),('2402',165,0,'190',NULL),('2403',159,0,'190',NULL),('2404',158,0,'190',NULL),('2405',161,0,'190',NULL),('2406',160,0,'190',NULL),('2407',164,0,'190',NULL),('2408',47,0,'190',NULL),('2409',51,0,'190','Reliable panel and post signs for driveways, car parks and outdoor locations. Durable post-mounted construction. Order online today.'),('2410',50,0,'190',NULL),('2411',168,0,'190',NULL),('2412',175,0,'190',NULL),('2413',190,0,'190',NULL),('2414',186,0,'190',NULL),('2415',187,0,'190',NULL),('2416',205,0,'190',NULL),('2417',206,0,'190',NULL),('2418',203,0,'190',NULL),('2419',202,0,'190',NULL),('2420',176,0,'190',NULL),('2421',174,0,'190',NULL),('2422',173,0,'190',NULL),('2423',162,0,'191',NULL),('2424',163,0,'191',NULL),('2425',165,0,'191',NULL),('2426',159,0,'191',NULL),('2427',158,0,'191',NULL),('2428',161,0,'191',NULL),('2429',160,0,'191',NULL),('2430',164,0,'191',NULL),('2431',47,0,'191',NULL),('2432',51,0,'191','Lightweight rigid plastic signs for indoor and outdoor use. Durable, bold print and available in a range of sizes. Order online today.'),('2433',50,0,'191',NULL),('2434',168,0,'191',NULL),('2435',175,0,'191',NULL),('2436',190,0,'191',NULL),('2437',186,0,'191',NULL),('2438',187,0,'191',NULL),('2439',205,0,'191',NULL),('2440',206,0,'191',NULL),('2441',203,0,'191',NULL),('2442',202,0,'191',NULL),('2443',176,0,'191',NULL),('2444',174,0,'191',NULL),('2445',173,0,'191',NULL),('2446',162,0,'192',NULL),('2447',163,0,'192',NULL),('2448',165,0,'192',NULL),('2449',159,0,'192',NULL),('2450',158,0,'192',NULL),('2451',161,0,'192',NULL),('2452',160,0,'192',NULL),('2453',164,0,'192',NULL),('2454',47,0,'192',NULL),('2455',51,0,'192','Professional signage installation from our in-house team. Building, exterior and interior sign fitting across the UK. Get a free quote today.'),('2456',50,0,'192',NULL),('2457',168,0,'192',NULL),('2458',175,0,'192',NULL),('2459',190,0,'192',NULL),('2460',186,0,'192',NULL),('2461',187,0,'192',NULL),('2462',205,0,'192',NULL),('2463',206,0,'192',NULL),('2464',203,0,'192',NULL),('2465',202,0,'192',NULL),('2466',176,0,'192',NULL),('2467',174,0,'192',NULL),('2468',173,0,'192',NULL),('2469',162,0,'193',NULL),('2470',163,0,'193',NULL),('2471',165,0,'193',NULL),('2472',159,0,'193',NULL),('2473',158,0,'193',NULL),('2474',161,0,'193',NULL),('2475',160,0,'193',NULL),('2476',164,0,'193',NULL),('2477',47,0,'193',NULL),('2478',51,0,'193','Precise custom vinyl signs and cut lettering for windows, walls and vehicles. Affordable, accurate and made to your spec. Order online today.'),('2479',50,0,'193',NULL),('2480',168,0,'193',NULL),('2481',175,0,'193',NULL),('2482',190,0,'193',NULL),('2483',186,0,'193',NULL),('2484',187,0,'193',NULL),('2485',205,0,'193',NULL),('2486',206,0,'193',NULL),('2487',203,0,'193',NULL),('2488',202,0,'193',NULL),('2489',176,0,'193',NULL),('2490',174,0,'193',NULL),('2491',173,0,'193',NULL),('2492',162,0,'198',NULL),('2493',163,0,'198',NULL),('2494',165,0,'198',NULL),('2495',159,0,'198',NULL),('2496',158,0,'198',NULL),('2497',161,0,'198',NULL),('2498',160,0,'198',NULL),('2499',164,0,'198',NULL),('2500',47,0,'198',NULL),('2501',51,0,'198','Bold custom window graphics for offices, retail and commercial properties. Full-colour vinyl and film options. Fast UK turnaround. Order online today.'),('2502',50,0,'198',NULL),('2503',168,0,'198',NULL),('2504',175,0,'198',NULL),('2505',190,0,'198',NULL),('2506',186,0,'198',NULL),('2507',187,0,'198',NULL),('2508',205,0,'198',NULL),('2509',206,0,'198',NULL),('2510',203,0,'198',NULL),('2511',202,0,'198',NULL),('2512',176,0,'198',NULL),('2513',174,0,'198',NULL),('2514',173,0,'198',NULL),('2515',162,0,'199',NULL),('2516',163,0,'199',NULL),('2517',165,0,'199',NULL),('2518',159,0,'199',NULL),('2519',158,0,'199',NULL),('2520',161,0,'199',NULL),('2521',160,0,'199',NULL),('2522',164,0,'199',NULL),('2523',47,0,'199',NULL),('2524',51,0,'199','Custom glass manifestation for offices and commercial spaces. Privacy film, frosted vinyl and decorative designs. Order online today.'),('2525',50,0,'199',NULL),('2526',168,0,'199',NULL),('2527',175,0,'199',NULL),('2528',190,0,'199',NULL),('2529',186,0,'199',NULL),('2530',187,0,'199',NULL),('2531',205,0,'199',NULL),('2532',206,0,'199',NULL),('2533',203,0,'199',NULL),('2534',202,0,'199',NULL),('2535',176,0,'199',NULL),('2536',174,0,'199',NULL),('2537',173,0,'199',NULL),('2538',162,0,'196',NULL),('2539',163,0,'196',NULL),('2540',165,0,'196',NULL),('2541',159,0,'196',NULL),('2542',158,0,'196',NULL),('2543',161,0,'196',NULL),('2544',160,0,'196',NULL),('2545',164,0,'196',NULL),('2546',47,0,'196',NULL),('2547',51,0,'196','Bold custom floor graphics for offices, retail and events. Non-slip vinyl with vibrant print, perfect for commercial floors. Order online today.'),('2548',50,0,'196',NULL),('2549',168,0,'196',NULL),('2550',175,0,'196',NULL),('2551',190,0,'196',NULL),('2552',186,0,'196',NULL),('2553',187,0,'196',NULL),('2554',205,0,'196',NULL),('2555',206,0,'196',NULL),('2556',203,0,'196',NULL),('2557',202,0,'196',NULL),('2558',176,0,'196',NULL),('2559',174,0,'196',NULL),('2560',173,0,'196',NULL),('2561',162,0,'197',NULL),('2562',163,0,'197',NULL),('2563',165,0,'197',NULL),('2564',159,0,'197',NULL),('2565',158,0,'197',NULL),('2566',161,0,'197',NULL),('2567',160,0,'197',NULL),('2568',164,0,'197',NULL),('2569',47,0,'197',NULL),('2570',51,0,'197','Bespoke custom wallpaper for offices and commercial spaces. Full-colour design to your specification, printed in the UK. Order online today.'),('2571',50,0,'197',NULL),('2572',168,0,'197',NULL),('2573',175,0,'197',NULL),('2574',190,0,'197',NULL),('2575',186,0,'197',NULL),('2576',187,0,'197',NULL),('2577',205,0,'197',NULL),('2578',206,0,'197',NULL),('2579',203,0,'197',NULL),('2580',202,0,'197',NULL),('2581',176,0,'197',NULL),('2582',174,0,'197',NULL),('2583',173,0,'197',NULL),('2584',162,0,'201',NULL),('2585',163,0,'201',NULL),('2586',165,0,'201',NULL),('2587',159,0,'201',NULL),('2588',158,0,'201',NULL),('2589',161,0,'201',NULL),('2590',160,0,'201',NULL),('2591',164,0,'201',NULL),('2592',47,0,'201',NULL),('2593',51,0,'201','Sleek and professional Fabric Tension Frames for branding, exhibitions, and retail displays.'),('2594',50,0,'201','fabric tension frames, exhibition displays, retail signage, stretch fabric signs, trade show branding'),('2595',168,0,'201','https://flags.co.uk/displays/fabric-tension/frames'),('2596',175,0,'201',NULL),('2597',190,0,'201',NULL),('2598',186,0,'201',NULL),('2599',187,0,'201',NULL),('2600',205,0,'201',NULL),('2601',206,0,'201',NULL),('2602',203,0,'201',NULL),('2603',202,0,'201',NULL),('2604',176,0,'201',NULL),('2605',174,0,'201',NULL),('2606',173,0,'201',NULL),('2607',171,0,'212','4'),('2608',172,0,'212','auto'),('2609',162,0,'212',NULL),('2610',163,0,'212',NULL),('2611',165,0,'212',NULL),('2612',159,0,'212',NULL),('2613',158,0,'212',NULL),('2614',161,0,'212',NULL),('2615',160,0,'212',NULL),('2616',164,0,'212',NULL),('2617',47,0,'212',NULL),('2618',51,0,'212','Upgrade your branding with Fabric Tension Frames. Seamless, lightweight, and easy to assemble.'),('2619',50,0,'212','fabric tension frames, seamless displays, exhibition signage, stretch fabric displays, custom printed frames'),('2620',168,0,'212',NULL),('2621',175,0,'212',NULL),('2622',190,0,'212',NULL),('2623',186,0,'212',NULL),('2624',187,0,'212',NULL),('2625',205,0,'212',NULL),('2626',206,0,'212',NULL),('2627',203,0,'212',NULL),('2628',202,0,'212',NULL),('2629',176,0,'212',NULL),('2630',174,0,'212',NULL),('2631',173,0,'212',NULL),('2632',162,0,'200',NULL),('2633',163,0,'200',NULL),('2634',165,0,'200',NULL),('2635',159,0,'200',NULL),('2636',158,0,'200',NULL),('2637',161,0,'200',NULL),('2638',160,0,'200',NULL),('2639',164,0,'200',NULL),('2640',47,0,'200',NULL),('2641',51,0,'200','Professional custom internal signage for offices, reception areas and commercial spaces. Various materials and finishes. Order online today.'),('2642',50,0,'200',NULL),('2643',168,0,'200',NULL),('2644',175,0,'200',NULL),('2645',190,0,'200',NULL),('2646',186,0,'200',NULL),('2647',187,0,'200',NULL),('2648',205,0,'200',NULL),('2649',206,0,'200',NULL),('2650',203,0,'200',NULL),('2651',202,0,'200',NULL),('2652',176,0,'200',NULL),('2653',174,0,'200',NULL),('2654',173,0,'200',NULL),('2655',162,0,'158',NULL),('2656',163,0,'158',NULL),('2657',165,0,'158','\r\n'),('2658',159,0,'158',NULL),('2659',158,0,'158',NULL),('2660',161,0,'158',NULL),('2661',160,0,'158',NULL),('2662',164,0,'158',NULL),('2663',47,0,'158',NULL),('2664',51,0,'158','Shop banner arms for stable, secure outdoor banner displays. Ideal for events, promotions, and businesses across the UK.'),('2665',50,0,'158','banner arms'),('2666',168,0,'158',NULL),('2667',175,0,'158',NULL),('2668',190,0,'158',NULL),('2669',186,0,'158',NULL),('2670',187,0,'158',NULL),('2671',205,0,'158',NULL),('2672',206,0,'158',NULL),('2673',203,0,'158',NULL),('2674',202,0,'158',NULL),('2675',176,0,'158',NULL),('2676',174,0,'158',NULL),('2677',173,0,'158',NULL),('2678',162,0,'119',NULL),('2679',163,0,'119',NULL),('2680',165,0,'119',NULL),('2681',159,0,'119',NULL),('2682',158,0,'119',NULL),('2683',161,0,'119',NULL),('2684',160,0,'119',NULL),('2685',164,0,'119',NULL),('2686',47,0,'119',NULL),('2687',51,0,'119',NULL),('2688',50,0,'119',NULL),('2689',168,0,'119','https://flags.co.uk/banners/bespoke/bannerettes'),('2690',175,0,'119',NULL),('2691',190,0,'119',NULL),('2692',186,0,'119',NULL),('2693',187,0,'119',NULL),('2694',205,0,'119',NULL),('2695',206,0,'119',NULL),('2696',203,0,'119',NULL),('2697',202,0,'119',NULL),('2698',176,0,'119',NULL),('2699',174,0,'119',NULL),('2700',173,0,'119',NULL),('2724',162,0,'135',NULL),('2725',163,0,'135',NULL),('2726',165,0,'135',NULL),('2727',159,0,'135',NULL),('2728',158,0,'135',NULL),('2729',161,0,'135',NULL),('2730',160,0,'135',NULL),('2731',164,0,'135',NULL),('2732',47,0,'135',NULL),('2733',51,0,'135',NULL),('2734',50,0,'135',NULL),('2735',168,0,'135','https://flags.co.uk/flagpoles/ceremonial'),('2736',175,0,'135',NULL),('2737',190,0,'135',NULL),('2738',186,0,'135',NULL),('2739',187,0,'135',NULL),('2740',205,0,'135',NULL),('2741',206,0,'135',NULL),('2742',203,0,'135',NULL),('2743',202,0,'135',NULL),('2744',176,0,'135',NULL),('2745',174,0,'135',NULL),('2746',173,0,'135',NULL),('2747',162,0,'138',NULL),('2748',163,0,'138',NULL),('2749',165,0,'138',NULL),('2750',159,0,'138',NULL),('2751',158,0,'138',NULL),('2752',161,0,'138',NULL),('2753',160,0,'138',NULL),('2754',164,0,'138',NULL),('2755',47,0,'138',NULL),('2756',51,0,'138',NULL),('2757',50,0,'138',NULL),('2758',168,0,'138','https://flags.co.uk/flagpoles/hardware/flagpole-weights'),('2759',175,0,'138',NULL),('2760',190,0,'138',NULL),('2761',186,0,'138',NULL),('2762',187,0,'138',NULL),('2763',205,0,'138',NULL),('2764',206,0,'138',NULL),('2765',203,0,'138',NULL),('2766',202,0,'138',NULL),('2767',176,0,'138',NULL),('2768',174,0,'138',NULL),('2769',173,0,'138',NULL),('2770',162,0,'143',NULL),('2771',163,0,'143',NULL),('2772',165,0,'143',NULL),('2773',159,0,'143',NULL),('2774',158,0,'143',NULL),('2775',161,0,'143',NULL),('2776',160,0,'143',NULL),('2777',164,0,'143',NULL),('2778',47,0,'143',NULL),('2779',51,0,'143',NULL),('2780',50,0,'143',NULL),('2781',168,0,'143','https://flags.co.uk/flagpoles/hardware/truckheads'),('2782',175,0,'143',NULL),('2783',190,0,'143',NULL),('2784',186,0,'143',NULL),('2785',187,0,'143',NULL),('2786',205,0,'143',NULL),('2787',206,0,'143',NULL),('2788',203,0,'143',NULL),('2789',202,0,'143',NULL),('2790',176,0,'143',NULL),('2791',174,0,'143',NULL),('2792',173,0,'143',NULL),('2793',162,0,'140',NULL),('2794',163,0,'140',NULL),('2795',165,0,'140',NULL),('2796',159,0,'140',NULL),('2797',158,0,'140',NULL),('2798',161,0,'140',NULL),('2799',160,0,'140',NULL),('2800',164,0,'140',NULL),('2801',47,0,'140',NULL),('2802',51,0,'140',NULL),('2803',50,0,'140',NULL),('2804',168,0,'140','https://flags.co.uk/halyard'),('2805',175,0,'140',NULL),('2806',190,0,'140',NULL),('2807',186,0,'140',NULL),('2808',187,0,'140',NULL),('2809',205,0,'140',NULL),('2810',206,0,'140',NULL),('2811',203,0,'140',NULL),('2812',202,0,'140',NULL),('2813',176,0,'140',NULL),('2814',174,0,'140',NULL),('2815',173,0,'140',NULL),('2816',162,0,'124',NULL),('2817',163,0,'124',NULL),('2818',165,0,'124',NULL),('2819',159,0,'124',NULL),('2820',158,0,'124',NULL),('2821',161,0,'124',NULL),('2822',160,0,'124',NULL),('2823',164,0,'124',NULL),('2824',47,0,'124',NULL),('2825',51,0,'124',NULL),('2826',50,0,'124',NULL),('2827',168,0,'124','https://flags.co.uk/flags/specialist-flags/golf'),('2828',175,0,'124',NULL),('2829',190,0,'124',NULL),('2830',186,0,'124',NULL),('2831',187,0,'124',NULL),('2832',205,0,'124',NULL),('2833',206,0,'124',NULL),('2834',203,0,'124',NULL),('2835',202,0,'124',NULL),('2836',176,0,'124',NULL),('2837',174,0,'124',NULL),('2838',173,0,'124',NULL),('2839',162,0,'127',NULL),('2840',163,0,'127',NULL),('2841',165,0,'127',NULL),('2842',159,0,'127',NULL),('2843',158,0,'127',NULL),('2844',161,0,'127',NULL),('2845',160,0,'127',NULL),('2846',164,0,'127',NULL),('2847',47,0,'127',NULL),('2848',51,0,'127',NULL),('2849',50,0,'127',NULL),('2850',168,0,'127','https://flags.co.uk/flags/specialist-flags/racing'),('2851',175,0,'127',NULL),('2852',190,0,'127',NULL),('2853',186,0,'127',NULL),('2854',187,0,'127',NULL),('2855',205,0,'127',NULL),('2856',206,0,'127',NULL),('2857',203,0,'127',NULL),('2858',202,0,'127',NULL),('2859',176,0,'127',NULL),('2860',174,0,'127',NULL),('2861',173,0,'127',NULL),('2862',162,0,'129',NULL),('2863',163,0,'129',NULL),('2864',165,0,'129',NULL),('2865',159,0,'129',NULL),('2866',158,0,'129',NULL),('2867',161,0,'129',NULL),('2868',160,0,'129',NULL),('2869',164,0,'129',NULL),('2870',47,0,'129',NULL),('2871',51,0,'129',NULL),('2872',50,0,'129',NULL),('2873',168,0,'129','https://flags.co.uk/flags/specialist-flags/sale'),('2874',175,0,'129',NULL),('2875',190,0,'129',NULL),('2876',186,0,'129',NULL),('2877',187,0,'129',NULL),('2878',205,0,'129',NULL),('2879',206,0,'129',NULL),('2880',203,0,'129',NULL),('2881',202,0,'129',NULL),('2882',176,0,'129',NULL),('2883',174,0,'129',NULL),('2884',173,0,'129',NULL),('2885',162,0,'130',NULL),('2886',163,0,'130',NULL),('2887',165,0,'130',NULL),('2888',159,0,'130',NULL),('2889',158,0,'130',NULL),('2890',161,0,'130',NULL),('2891',160,0,'130',NULL),('2892',164,0,'130',NULL),('2893',47,0,'130',NULL),('2894',51,0,'130',NULL),('2895',50,0,'130',NULL),('2896',168,0,'130','https://flags.co.uk/flags/specialist-flags/table'),('2897',175,0,'130',NULL),('2898',190,0,'130',NULL),('2899',186,0,'130',NULL),('2900',187,0,'130',NULL),('2901',205,0,'130',NULL),('2902',206,0,'130',NULL),('2903',203,0,'130',NULL),('2904',202,0,'130',NULL),('2905',176,0,'130',NULL),('2906',174,0,'130',NULL),('2907',173,0,'130',NULL),('2908',162,0,'131',NULL),('2909',163,0,'131',NULL),('2910',165,0,'131',NULL),('2911',159,0,'131',NULL),('2912',158,0,'131',NULL),('2913',161,0,'131',NULL),('2914',160,0,'131',NULL),('2915',164,0,'131',NULL),('2916',47,0,'131',NULL),('2917',51,0,'131',NULL),('2918',50,0,'131',NULL),('2919',168,0,'131','https://flags.co.uk/flags/specialist-flags/windsocks'),('2920',175,0,'131',NULL),('2921',190,0,'131',NULL),('2922',186,0,'131',NULL),('2923',187,0,'131',NULL),('2924',205,0,'131',NULL),('2925',206,0,'131',NULL),('2926',203,0,'131',NULL),('2927',202,0,'131',NULL),('2928',176,0,'131',NULL),('2929',174,0,'131',NULL),('2930',173,0,'131',NULL),('2931',162,0,'167',NULL),('2932',163,0,'167',NULL),('2933',165,0,'167',NULL),('2934',159,0,'167',NULL),('2935',158,0,'167',NULL),('2936',161,0,'167',NULL),('2937',160,0,'167',NULL),('2938',164,0,'167',NULL),('2939',47,0,'167',NULL),('2940',51,0,'167',NULL),('2941',50,0,'167',NULL),('2942',168,0,'167','https://flags.co.uk/banners/bespoke/hanging'),('2943',175,0,'167',NULL),('2944',190,0,'167',NULL),('2945',186,0,'167',NULL),('2946',187,0,'167',NULL),('2947',205,0,'167',NULL),('2948',206,0,'167',NULL),('2949',203,0,'167',NULL),('2950',202,0,'167',NULL),('2951',176,0,'167',NULL),('2952',174,0,'167',NULL),('2953',173,0,'167',NULL),('2954',162,0,'137',NULL),('2955',163,0,'137',NULL),('2956',165,0,'137',NULL),('2957',159,0,'137',NULL),('2958',158,0,'137',NULL),('2959',161,0,'137',NULL),('2960',160,0,'137',NULL),('2961',164,0,'137',NULL),('2962',47,0,'137',NULL),('2963',51,0,'137',NULL),('2964',50,0,'137',NULL),('2965',168,0,'137','https://flags.co.uk/flagpoles/forecourt'),('2966',175,0,'137',NULL),('2967',190,0,'137',NULL),('2968',186,0,'137',NULL),('2969',187,0,'137',NULL),('2970',205,0,'137',NULL),('2971',206,0,'137',NULL),('2972',203,0,'137',NULL),('2973',202,0,'137',NULL),('2974',176,0,'137',NULL),('2975',174,0,'137',NULL),('2976',173,0,'137',NULL),('2977',162,0,'146',NULL),('2978',163,0,'146',NULL),('2979',165,0,'146',NULL),('2980',159,0,'146',NULL),('2981',158,0,'146',NULL),('2982',161,0,'146',NULL),('2983',160,0,'146',NULL),('2984',164,0,'146',NULL),('2985',47,0,'146',NULL),('2986',51,0,'146','Shop portable flagpoles ideal for events, promotions, and outdoor displays. Easy to set up and move, with custom options across the UK.'),('2987',50,0,'146','portable flagpoles'),('2988',168,0,'146',NULL),('2989',175,0,'146',NULL),('2990',190,0,'146',NULL),('2991',186,0,'146',NULL),('2992',187,0,'146',NULL),('2993',205,0,'146',NULL),('2994',206,0,'146',NULL),('2995',203,0,'146',NULL),('2996',202,0,'146',NULL),('2997',176,0,'146',NULL),('2998',174,0,'146',NULL),('2999',173,0,'146',NULL),('3000',162,0,'173',NULL),('3001',163,0,'173',NULL),('3002',165,0,'173',NULL),('3003',159,0,'173',NULL),('3004',158,0,'173',NULL),('3005',161,0,'173',NULL),('3006',160,0,'173',NULL),('3007',164,0,'173',NULL),('3008',47,0,'173',NULL),('3009',51,0,'173','Branded inflatable arches for races, events and brand promotions. Portable, eye-catching and printed to your design. Order online today.'),('3010',50,0,'173',NULL),('3011',168,0,'173',NULL),('3012',175,0,'173',NULL),('3013',190,0,'173',NULL),('3014',186,0,'173',NULL),('3015',187,0,'173',NULL),('3016',205,0,'173',NULL),('3017',206,0,'173',NULL),('3018',203,0,'173',NULL),('3019',202,0,'173',NULL),('3020',176,0,'173',NULL),('3021',174,0,'173',NULL),('3022',173,0,'173',NULL),('3023',162,0,'165',NULL),('3024',163,0,'165',NULL),('3025',165,0,'165',NULL),('3026',159,0,'165',NULL),('3027',158,0,'165',NULL),('3028',161,0,'165',NULL),('3029',160,0,'165',NULL),('3030',164,0,'165',NULL),('3031',47,0,'165',NULL),('3032',51,0,'165',NULL),('3033',50,0,'165',NULL),('3034',168,0,'165',NULL),('3035',175,0,'165',NULL),('3036',190,0,'165',NULL),('3037',186,0,'165',NULL),('3038',187,0,'165',NULL),('3039',205,0,'165',NULL),('3040',206,0,'165',NULL),('3041',203,0,'165',NULL),('3042',202,0,'165',NULL),('3043',176,0,'165',NULL),('3044',174,0,'165',NULL),('3045',173,0,'165',NULL),('3046',162,0,'164',NULL),('3047',163,0,'164',NULL),('3048',165,0,'164',NULL),('3049',159,0,'164',NULL),('3050',158,0,'164',NULL),('3051',161,0,'164',NULL),('3052',160,0,'164',NULL),('3053',164,0,'164',NULL),('3054',47,0,'164',NULL),('3055',51,0,'164','Custom fence scrim for construction sites, events and perimeter branding. Bold print, durable material and fast UK turnaround. Order online today.'),('3056',50,0,'164',NULL),('3057',168,0,'164',NULL),('3058',175,0,'164',NULL),('3059',190,0,'164',NULL),('3060',186,0,'164',NULL),('3061',187,0,'164',NULL),('3062',205,0,'164',NULL),('3063',206,0,'164',NULL),('3064',203,0,'164',NULL),('3065',202,0,'164',NULL),('3066',176,0,'164',NULL),('3067',174,0,'164',NULL),('3068',173,0,'164',NULL),('3069',162,0,'161',NULL),('3070',163,0,'161',NULL),('3071',165,0,'161',NULL),('3072',159,0,'161',NULL),('3073',158,0,'161',NULL),('3074',161,0,'161',NULL),('3075',160,0,'161',NULL),('3076',164,0,'161',NULL),('3077',47,0,'161',NULL),('3078',51,0,'161','Turn barriers into branded display surfaces with custom crowd barrier jackets. Vibrant print, fast turnaround and bulk pricing. Order online today.'),('3079',50,0,'161',NULL),('3080',168,0,'161',NULL),('3081',175,0,'161',NULL),('3082',190,0,'161',NULL),('3083',186,0,'161',NULL),('3084',187,0,'161',NULL),('3085',205,0,'161',NULL),('3086',206,0,'161',NULL),('3087',203,0,'161',NULL),('3088',202,0,'161',NULL),('3089',176,0,'161',NULL),('3090',174,0,'161',NULL),('3091',173,0,'161',NULL),('3092',162,0,'150',NULL),('3093',163,0,'150',NULL),('3094',165,0,'150',NULL),('3095',159,0,'150',NULL),('3096',158,0,'150',NULL),('3097',161,0,'150',NULL),('3098',160,0,'150',NULL),('3099',164,0,'150',NULL),('3100',47,0,'150',NULL),('3101',51,0,'150','Deliver high-impact campaigns for your clients with custom feather flags, building wraps, and lightboxes. Professional UK manufacturing and fast turnaround.'),('3102',50,0,'150',NULL),('3103',168,0,'150',NULL),('3104',175,0,'150',NULL),('3105',190,0,'150',NULL),('3106',186,0,'150',NULL),('3107',187,0,'150',NULL),('3108',205,0,'150',NULL),('3109',206,0,'150',NULL),('3110',203,0,'150',NULL),('3111',202,0,'150',NULL),('3112',176,0,'150',NULL),('3113',174,0,'150',NULL),('3114',173,0,'150',NULL),('3115',162,0,'149',NULL),('3116',163,0,'149',NULL),('3117',165,0,'149',NULL),('3118',159,0,'149',NULL),('3119',158,0,'149',NULL),('3120',161,0,'149',NULL),('3121',160,0,'149',NULL),('3122',164,0,'149',NULL),('3123',47,0,'149',NULL),('3124',51,0,'149','Custom forecourt automotive display - custom flags, flagpoles, feather flags & much more. Full display options for dealerships, events & more.'),('3125',50,0,'149',NULL),('3126',168,0,'149',NULL),('3127',175,0,'149',NULL),('3128',190,0,'149',NULL),('3129',186,0,'149',NULL),('3130',187,0,'149',NULL),('3131',205,0,'149',NULL),('3132',206,0,'149',NULL),('3133',203,0,'149',NULL),('3134',202,0,'149',NULL),('3135',176,0,'149',NULL),('3136',174,0,'149',NULL),('3137',173,0,'149',NULL),('3138',162,0,'156',NULL),('3139',163,0,'156',NULL),('3140',165,0,'156',NULL),('3141',159,0,'156',NULL),('3142',158,0,'156',NULL),('3143',161,0,'156',NULL),('3144',160,0,'156',NULL),('3145',164,0,'156',NULL),('3146',47,0,'156',NULL),('3147',51,0,'156','Order UK-made caravan park flags and site signage. With 40+ years of experience, we provide durable branding for holiday parks and resorts. Request a quote.'),('3148',50,0,'156',NULL),('3149',168,0,'156',NULL),('3150',175,0,'156',NULL),('3151',190,0,'156',NULL),('3152',186,0,'156',NULL),('3153',187,0,'156',NULL),('3154',205,0,'156',NULL),('3155',206,0,'156',NULL),('3156',203,0,'156',NULL),('3157',202,0,'156',NULL),('3158',176,0,'156',NULL),('3159',174,0,'156',NULL),('3160',173,0,'156',NULL),('3161',162,0,'151',NULL),('3162',163,0,'151',NULL),('3163',165,0,'151',NULL),('3164',159,0,'151',NULL),('3165',158,0,'151',NULL),('3166',161,0,'151',NULL),('3167',160,0,'151',NULL),('3168',164,0,'151',NULL),('3169',47,0,'151',NULL),('3170',51,0,'151','Make your event stand out with custom signage, flags, and branding solutions. Ideal for all occasions.'),('3171',50,0,'151','event branding, festival signage, exhibition stands, promotional displays, event flags'),('3172',168,0,'151',NULL),('3173',175,0,'151',NULL),('3174',190,0,'151',NULL),('3175',186,0,'151',NULL),('3176',187,0,'151',NULL),('3177',205,0,'151',NULL),('3178',206,0,'151',NULL),('3179',203,0,'151',NULL),('3180',202,0,'151',NULL),('3181',176,0,'151',NULL),('3182',174,0,'151',NULL),('3183',173,0,'151',NULL),('3184',162,0,'152',NULL),('3185',163,0,'152',NULL),('3186',165,0,'152',NULL),('3187',159,0,'152',NULL),('3188',158,0,'152',NULL),('3189',161,0,'152',NULL),('3190',160,0,'152',NULL),('3191',164,0,'152',NULL),('3192',47,0,'152',NULL),('3193',51,0,'152','Order football signage for your stadium or club. Customised designs to enhance branding, fan engagement, and visibility across the UK.'),('3194',50,0,'152','Football signage'),('3195',168,0,'152',NULL),('3196',175,0,'152',NULL),('3197',190,0,'152',NULL),('3198',186,0,'152',NULL),('3199',187,0,'152',NULL),('3200',205,0,'152',NULL),('3201',206,0,'152',NULL),('3202',203,0,'152',NULL),('3203',202,0,'152',NULL),('3204',176,0,'152',NULL),('3205',174,0,'152',NULL),('3206',173,0,'152',NULL),('3207',162,0,'154',NULL),('3208',163,0,'154',NULL),('3209',165,0,'154',NULL),('3210',159,0,'154',NULL),('3211',158,0,'154',NULL),('3212',161,0,'154',NULL),('3213',160,0,'154',NULL),('3214',164,0,'154',NULL),('3215',47,0,'154',NULL),('3216',51,0,'154','Get custom house builder signage for construction sites and sales offices. Durable, professional designs to promote your projects across the UK.'),('3217',50,0,'154','House builder signage'),('3218',168,0,'154',NULL),('3219',175,0,'154',NULL),('3220',190,0,'154',NULL),('3221',186,0,'154',NULL),('3222',187,0,'154',NULL),('3223',205,0,'154',NULL),('3224',206,0,'154',NULL),('3225',203,0,'154',NULL),('3226',202,0,'154',NULL),('3227',176,0,'154',NULL),('3228',174,0,'154',NULL),('3229',173,0,'154',NULL),('3230',162,0,'155',NULL),('3231',163,0,'155',NULL),('3232',165,0,'155',NULL),('3233',159,0,'155',NULL),('3234',158,0,'155',NULL),('3235',161,0,'155',NULL),('3236',160,0,'155',NULL),('3237',164,0,'155',NULL),('3238',47,0,'155',NULL),('3239',51,0,'155','Enhance your hotel’s branding with custom signage. Ideal for reception areas, guest rooms, and outdoor displays in the UK.'),('3240',50,0,'155','Hotel signage'),('3241',168,0,'155',NULL),('3242',175,0,'155',NULL),('3243',190,0,'155',NULL),('3244',186,0,'155',NULL),('3245',187,0,'155',NULL),('3246',205,0,'155',NULL),('3247',206,0,'155',NULL),('3248',203,0,'155',NULL),('3249',202,0,'155',NULL),('3250',176,0,'155',NULL),('3251',174,0,'155',NULL),('3252',173,0,'155',NULL),('3253',162,0,'157',NULL),('3254',163,0,'157',NULL),('3255',165,0,'157',NULL),('3256',159,0,'157',NULL),('3257',158,0,'157',NULL),('3258',161,0,'157',NULL),('3259',160,0,'157',NULL),('3260',164,0,'157',NULL),('3261',47,0,'157',NULL),('3262',51,0,'157','Create eye-catching retail signage for store branding and promotions. Custom designs tailored to your business needs in the UK.'),('3263',50,0,'157','Retail signage'),('3264',168,0,'157',NULL),('3265',175,0,'157',NULL),('3266',190,0,'157',NULL),('3267',186,0,'157',NULL),('3268',187,0,'157',NULL),('3269',205,0,'157',NULL),('3270',206,0,'157',NULL),('3271',203,0,'157',NULL),('3272',202,0,'157',NULL),('3273',176,0,'157',NULL),('3274',174,0,'157',NULL),('3275',173,0,'157',NULL),('3276',162,0,'153',NULL),('3277',163,0,'153',NULL),('3278',165,0,'153',NULL),('3279',159,0,'153',NULL),('3280',158,0,'153',NULL),('3281',161,0,'153',NULL),('3282',160,0,'153',NULL),('3283',164,0,'153',NULL),('3284',47,0,'153',NULL),('3285',51,0,'153','Order custom university signage for campuses, buildings, and events. High-quality materials and designs to represent your institution across the UK.'),('3286',50,0,'153','University signage'),('3287',168,0,'153',NULL),('3288',175,0,'153',NULL),('3289',190,0,'153',NULL),('3290',186,0,'153',NULL),('3291',187,0,'153',NULL),('3292',205,0,'153',NULL),('3293',206,0,'153',NULL),('3294',203,0,'153',NULL),('3295',202,0,'153',NULL),('3296',176,0,'153',NULL),('3297',174,0,'153',NULL),('3298',173,0,'153',NULL),('3299',162,0,'159',NULL),('3300',163,0,'159',NULL),('3301',165,0,'159','\r\n'),('3302',159,0,'159',NULL),('3303',158,0,'159',NULL),('3304',161,0,'159',NULL),('3305',160,0,'159',NULL),('3306',164,0,'159',NULL),('3307',47,0,'159',NULL),('3308',51,0,'159','Explore durable banner frames for outdoor use. Perfect for displaying banners at events, businesses, and promotions. Delivered across the UK.'),('3309',50,0,'159','banner frames'),('3310',168,0,'159',NULL),('3311',175,0,'159',NULL),('3312',190,0,'159',NULL),('3313',186,0,'159',NULL),('3314',187,0,'159',NULL),('3315',205,0,'159',NULL),('3316',206,0,'159',NULL),('3317',203,0,'159',NULL),('3318',202,0,'159',NULL),('3319',176,0,'159',NULL),('3320',174,0,'159',NULL),('3321',173,0,'159',NULL),('3322',162,0,'168',NULL),('3323',163,0,'168',NULL),('3324',165,0,'168','\r\n'),('3325',159,0,'168',NULL),('3326',158,0,'168',NULL),('3327',161,0,'168',NULL),('3328',160,0,'168',NULL),('3329',164,0,'168',NULL),('3330',47,0,'168',NULL),('3331',51,0,'168',NULL),('3332',50,0,'168',NULL),('3333',168,0,'168','https://flags.co.uk/banners/banner-arms/lamp-post'),('3334',175,0,'168',NULL),('3335',190,0,'168',NULL),('3336',186,0,'168',NULL),('3337',187,0,'168',NULL),('3338',205,0,'168',NULL),('3339',206,0,'168',NULL),('3340',203,0,'168',NULL),('3341',202,0,'168',NULL),('3342',176,0,'168',NULL),('3343',174,0,'168',NULL),('3344',173,0,'168',NULL),('3345',162,0,'126',NULL),('3346',163,0,'126',NULL),('3347',165,0,'126',NULL),('3348',159,0,'126',NULL),('3349',158,0,'126',NULL),('3350',161,0,'126',NULL),('3351',160,0,'126',NULL),('3352',164,0,'126',NULL),('3353',47,0,'126',NULL),('3354',51,0,'126','Design eye-catching custom feather flags for your business or event. Durable, lightweight, and easy to assemble. Delivered across the UK.'),('3355',50,0,'126','portrait feather flags'),('3356',168,0,'126','https://flags.co.uk/flags/feather-flags/portrait'),('3357',175,0,'126',NULL),('3358',190,0,'126',NULL),('3359',186,0,'126',NULL),('3360',187,0,'126',NULL),('3361',205,0,'126',NULL),('3362',206,0,'126',NULL),('3363',203,0,'126',NULL),('3364',202,0,'126',NULL),('3365',176,0,'126',NULL),('3366',174,0,'126',NULL),('3367',173,0,'126',NULL),('3368',162,0,'123',NULL),('3369',163,0,'123',NULL),('3370',165,0,'123','\r\n'),('3371',159,0,'123',NULL),('3372',158,0,'123',NULL),('3373',161,0,'123',NULL),('3374',160,0,'123',NULL),('3375',164,0,'123',NULL),('3376',47,0,'123',NULL),('3377',51,0,'123','Order custom teardrop flags for eye-catching displays at events and promotions. Durable, lightweight, and easy to set up. UK delivery.'),('3378',50,0,'123','teardrop flags'),('3379',168,0,'123','https://flags.co.uk/flags/feather-flags/teardrop'),('3380',175,0,'123',NULL),('3381',190,0,'123',NULL),('3382',186,0,'123',NULL),('3383',187,0,'123',NULL),('3384',205,0,'123',NULL),('3385',206,0,'123',NULL),('3386',203,0,'123',NULL),('3387',202,0,'123',NULL),('3388',176,0,'123',NULL),('3389',174,0,'123',NULL),('3390',173,0,'123',NULL),('3391',162,0,'93',NULL),('3392',163,0,'93',NULL),('3393',165,0,'93','\r\n'),('3394',159,0,'93',NULL),('3395',158,0,'93',NULL),('3396',161,0,'93',NULL),('3397',160,0,'93',NULL),('3398',164,0,'93',NULL),('3399',47,0,'93',NULL),('3400',51,0,'93','Custom outdoor displays for events and promotions. Branded parasols, printed race arches and more, manufactured in-house. Order online today.'),('3401',50,0,'93',NULL),('3402',168,0,'93',NULL),('3403',175,0,'93',NULL),('3404',190,0,'93',NULL),('3405',186,0,'93',NULL),('3406',187,0,'93',NULL),('3407',205,0,'93',NULL),('3408',206,0,'93',NULL),('3409',203,0,'93',NULL),('3410',202,0,'93',NULL),('3411',176,0,'93',NULL),('3412',174,0,'93',NULL),('3413',173,0,'93',NULL),('3414',162,0,'96',NULL),('3415',163,0,'96',NULL),('3416',165,0,'96',NULL),('3417',159,0,'96',NULL),('3418',158,0,'96',NULL),('3419',161,0,'96',NULL),('3420',160,0,'96',NULL),('3421',164,0,'96',NULL),('3422',47,0,'96',NULL),('3423',51,0,'96',NULL),('3424',50,0,'96',NULL),('3425',175,0,'96',NULL),('3426',190,0,'96',NULL),('3427',186,0,'96',NULL),('3428',187,0,'96',NULL),('3429',205,0,'96',NULL),('3430',206,0,'96',NULL),('3431',203,0,'96',NULL),('3432',202,0,'96',NULL),('3433',176,0,'96',NULL),('3434',174,0,'96',NULL),('3435',173,0,'96',NULL),('3436',162,0,'204',NULL),('3437',163,0,'204',NULL),('3438',165,0,'204',NULL),('3439',159,0,'204',NULL),('3440',158,0,'204',NULL),('3441',161,0,'204',NULL),('3442',160,0,'204',NULL),('3443',164,0,'204',NULL),('3444',47,0,'204',NULL),('3445',51,0,'204',NULL),('3446',50,0,'204',NULL),('3447',175,0,'204',NULL),('3448',190,0,'204',NULL),('3449',186,0,'204',NULL),('3450',187,0,'204',NULL),('3451',205,0,'204',NULL),('3452',206,0,'204',NULL),('3453',203,0,'204',NULL),('3454',202,0,'204',NULL),('3455',176,0,'204',NULL),('3456',174,0,'204',NULL),('3457',173,0,'204',NULL),('3458',162,0,'206',NULL),('3459',163,0,'206',NULL),('3460',165,0,'206',NULL),('3461',159,0,'206',NULL),('3462',158,0,'206',NULL),('3463',161,0,'206',NULL),('3464',160,0,'206',NULL),('3465',164,0,'206',NULL),('3466',47,0,'206',NULL),('3467',51,0,'206',NULL),('3468',50,0,'206',NULL),('3469',175,0,'206',NULL),('3470',190,0,'206',NULL),('3471',186,0,'206',NULL),('3472',187,0,'206',NULL),('3473',205,0,'206',NULL),('3474',206,0,'206',NULL),('3475',203,0,'206',NULL),('3476',202,0,'206',NULL),('3477',176,0,'206',NULL),('3478',174,0,'206',NULL),('3479',173,0,'206',NULL),('3480',162,0,'209',NULL),('3481',163,0,'209',NULL),('3482',165,0,'209',NULL),('3483',159,0,'209',NULL),('3484',158,0,'209',NULL),('3485',161,0,'209',NULL),('3486',160,0,'209',NULL),('3487',164,0,'209',NULL),('3488',47,0,'209',NULL),('3489',51,0,'209',NULL),('3490',50,0,'209',NULL),('3491',175,0,'209',NULL),('3492',190,0,'209',NULL),('3493',186,0,'209',NULL),('3494',187,0,'209',NULL),('3495',205,0,'209',NULL),('3496',206,0,'209',NULL),('3497',203,0,'209',NULL),('3498',202,0,'209',NULL),('3499',176,0,'209',NULL),('3500',174,0,'209',NULL),('3501',173,0,'209',NULL),('3502',162,0,'208',NULL),('3503',163,0,'208',NULL),('3504',165,0,'208',NULL),('3505',159,0,'208',NULL),('3506',158,0,'208',NULL),('3507',161,0,'208',NULL),('3508',160,0,'208',NULL),('3509',164,0,'208',NULL),('3510',47,0,'208',NULL),('3511',51,0,'208',NULL),('3512',50,0,'208',NULL),('3513',175,0,'208',NULL),('3514',190,0,'208',NULL),('3515',186,0,'208',NULL),('3516',187,0,'208',NULL),('3517',205,0,'208',NULL),('3518',206,0,'208',NULL),('3519',203,0,'208',NULL),('3520',202,0,'208',NULL),('3521',176,0,'208',NULL),('3522',174,0,'208',NULL),('3523',173,0,'208',NULL),('3524',162,0,'210',NULL),('3525',163,0,'210',NULL),('3526',165,0,'210',NULL),('3527',159,0,'210',NULL),('3528',158,0,'210',NULL),('3529',161,0,'210',NULL),('3530',160,0,'210',NULL),('3531',164,0,'210',NULL),('3532',47,0,'210',NULL),('3533',51,0,'210',NULL),('3534',50,0,'210',NULL),('3535',175,0,'210',NULL),('3536',190,0,'210',NULL),('3537',186,0,'210',NULL),('3538',187,0,'210',NULL),('3539',205,0,'210',NULL),('3540',206,0,'210',NULL),('3541',203,0,'210',NULL),('3542',202,0,'210',NULL),('3543',176,0,'210',NULL),('3544',174,0,'210',NULL),('3545',173,0,'210',NULL),('3546',162,0,'211',NULL),('3547',163,0,'211',NULL),('3548',165,0,'211',NULL),('3549',159,0,'211',NULL),('3550',158,0,'211',NULL),('3551',161,0,'211',NULL),('3552',160,0,'211',NULL),('3553',164,0,'211',NULL),('3554',47,0,'211',NULL),('3555',51,0,'211',NULL),('3556',50,0,'211',NULL),('3557',175,0,'211',NULL),('3558',190,0,'211',NULL),('3559',186,0,'211',NULL),('3560',187,0,'211',NULL),('3561',205,0,'211',NULL),('3562',206,0,'211',NULL),('3563',203,0,'211',NULL),('3564',202,0,'211',NULL),('3565',176,0,'211',NULL),('3566',174,0,'211',NULL),('3567',173,0,'211',NULL),('3568',162,0,'166',NULL),('3569',163,0,'166',NULL),('3570',165,0,'166',NULL),('3571',159,0,'166',NULL),('3572',158,0,'166',NULL),('3573',161,0,'166',NULL),('3574',160,0,'166',NULL),('3575',164,0,'166',NULL),('3576',47,0,'166',NULL),('3577',51,0,'166',NULL),('3578',50,0,'166',NULL),('3579',175,0,'166',NULL),('3580',190,0,'166',NULL),('3581',186,0,'166',NULL),('3582',187,0,'166',NULL),('3583',205,0,'166',NULL),('3584',206,0,'166',NULL),('3585',203,0,'166',NULL),('3586',202,0,'166',NULL),('3587',176,0,'166',NULL),('3588',174,0,'166',NULL),('3589',173,0,'166',NULL),('3590',162,0,'171',NULL),('3591',163,0,'171',NULL),('3592',165,0,'171',NULL),('3593',159,0,'171',NULL),('3594',158,0,'171',NULL),('3595',161,0,'171',NULL),('3596',160,0,'171',NULL),('3597',164,0,'171',NULL),('3598',47,0,'171',NULL),('3599',51,0,'171',NULL),('3600',50,0,'171',NULL),('3601',175,0,'171',NULL),('3602',190,0,'171',NULL),('3603',186,0,'171',NULL),('3604',187,0,'171',NULL),('3605',205,0,'171',NULL),('3606',206,0,'171',NULL),('3607',203,0,'171',NULL),('3608',202,0,'171',NULL),('3609',176,0,'171',NULL),('3610',174,0,'171',NULL),('3611',173,0,'171',NULL),('3634',162,0,'105',NULL),('3635',163,0,'105',NULL),('3636',165,0,'105',NULL),('3637',159,0,'105',NULL),('3638',158,0,'105',NULL),('3639',161,0,'105',NULL),('3640',160,0,'105',NULL),('3641',164,0,'105',NULL),('3642',47,0,'105',NULL),('3643',51,0,'105','Order personalised hand waving flags for events, rallies, and promotions. Custom designs with premium materials. Delivered across the UK.'),('3644',50,0,'105',NULL),('3645',168,0,'105',NULL),('3646',175,0,'105',NULL),('3647',190,0,'105',NULL),('3648',186,0,'105',NULL),('3649',187,0,'105',NULL),('3650',205,0,'105',NULL),('3651',206,0,'105',NULL),('3652',203,0,'105',NULL),('3653',202,0,'105',NULL),('3654',176,0,'105',NULL),('3655',174,0,'105',NULL),('3656',173,0,'105',NULL),('3657',162,0,'90',NULL),('3658',163,0,'90',NULL),('3659',165,0,'90',NULL),('3660',159,0,'90',NULL),('3661',158,0,'90',NULL),('3662',161,0,'90',NULL),('3663',160,0,'90',NULL),('3664',164,0,'90',NULL),('3665',47,0,'90',NULL),('3666',51,0,'90','Shop Clearance items for discounted flags, banners, and signage. Limited stock available!'),('3667',50,0,'90','clearance sale, discounted flags, cheap banners, promotional signage deals, clearance stock'),('3668',168,0,'90',NULL),('3669',175,0,'90',NULL),('3670',190,0,'90',NULL),('3671',186,0,'90',NULL),('3672',187,0,'90',NULL),('3673',205,0,'90',NULL),('3674',206,0,'90',NULL),('3675',203,0,'90',NULL),('3676',202,0,'90',NULL),('3677',176,0,'90',NULL),('3678',174,0,'90',NULL),('3679',173,0,'90',NULL),('3680',168,1,'38',NULL),('3681',168,1,'96','https://flags.co.uk/enhanceair'),('3682',168,1,'204','https://flags.co.uk/banners/bespoke/eco'),('3683',168,1,'206','https://flags.co.uk/flags/feather-flags/eco'),('3684',168,1,'209','https://flags.co.uk/flags/custom/eco-knitted-polyester'),('3685',168,1,'208','https://flags.co.uk/flags/handwaving/eco'),('3686',168,1,'210','https://flags.co.uk/eco-portrait-feather-flags'),('3687',168,1,'211','https://flags.co.uk/eco-teardrop-flags'),('3688',168,1,'42',NULL),('3689',168,1,'120','https://flags.co.uk/flags/specialist-flags/back-pack'),('3690',168,1,'121',NULL),('3691',168,1,'50',NULL),('3692',168,1,'105',NULL),('3693',168,1,'48','https://flags.co.uk/flags/feather-flags'),('3694',168,1,'91',NULL),('3695',168,1,'124','https://flags.co.uk/flags/specialist-flags/golf'),('3697',168,1,'102',NULL),('3698',168,1,'127','https://flags.co.uk/flags/specialist-flags/racing'),('3699',168,1,'129','https://flags.co.uk/flags/specialist-flags/sale'),('3700',168,1,'128',NULL),('3701',168,1,'130','https://flags.co.uk/flags/specialist-flags/table'),('3702',168,1,'117','https://flags.co.uk/flags/specialist-flags/team'),('3703',168,1,'131','https://flags.co.uk/flags/specialist-flags/windsocks'),('3704',168,1,'79',NULL),('3705',168,1,'133','https://flags.co.uk/flagpoles/aluminium'),('3706',168,1,'135','https://flags.co.uk/flagpoles/ceremonial'),('3707',168,1,'136',NULL),('3708',168,1,'138','https://flags.co.uk/flagpoles/hardware/weights'),('3709',168,1,'139','https://flags.co.uk/flagpoles/hardware/finials'),('3710',168,1,'140','https://flags.co.uk/flagpoles/hardware/halyard'),('3711',168,1,'141',NULL),('3712',168,1,'142',NULL),('3713',168,1,'143','https://flags.co.uk/flagpoles/hardware/truckheads'),('3714',168,1,'137','https://flags.co.uk/flagpoles/forecourt'),('3715',168,1,'144',NULL),('3716',168,1,'119','https://flags.co.uk/banners/bespoke/bannerettes'),('3717',168,1,'162','https://flags.co.uk/banners/bespoke/eco'),('3718',168,1,'164',NULL),('3719',168,1,'166','https://flags.co.uk/banners/roller-banners/green-screen'),('3720',168,1,'167','https://flags.co.uk/banners/bespoke/hanging'),('3721',168,1,'89',NULL),('3722',168,1,'171','https://flags.co.uk/y-band-display-system'),('3723',168,1,'170','https://flags.co.uk/banners/banner-arms/wall-mounted'),('3725',168,1,'56',NULL),('3726',168,1,'212',NULL),('3727',158,0,'104',NULL),('3728',159,0,'104',NULL),('3729',160,0,'104',NULL),('3730',161,0,'104',NULL),('3731',162,0,'104',NULL),('3732',163,0,'104',NULL),('3733',164,0,'104',NULL),('3734',165,0,'104','\r\n'),('3735',168,1,'104',NULL),('3736',168,1,'173',NULL),('3737',168,1,'174',NULL),('3738',168,1,'175','https://flags.co.uk/displays/exhibition-stands/fabric-pop-up'),('3740',168,1,'57',NULL),('3742',168,1,'178',NULL),('3743',168,1,'180',NULL),('3744',168,1,'179',NULL),('3745',168,1,'188',NULL),('3746',168,1,'191',NULL),('3747',168,1,'110','https://flags.co.uk/signage/swing-signs'),('3748',50,1,'38',NULL),('3749',51,1,'38','Explore our Eco Range of sustainable flags and banners. Speak with our UK experts for advice on green branding and eco-friendly exhibition display products.'),('3750',50,1,'96','eco-friendly printing, EnhanceAir coating, sustainable banners, green printing, flag coating'),('3751',51,1,'96','EnhanceAir Coating offers an eco-friendly printing solution for flags and banners. Improve durability while staying sustainable.'),('3752',50,1,'204',NULL),('3753',51,1,'204','Eco-friendly event banners made from recycled materials with high print quality. Ideal for sustainable brand events. UK-manufactured. Order yours today.'),('3754',50,1,'206','eco feather flags, sustainable flags, green promotions, recycled flags, eco display flags'),('3755',51,1,'206','Promote sustainably with ECO Feather Flags. Made from recycled materials for an environmentally friendly advertising solution.'),('3756',50,1,'209','eco flags, sustainable flags, recycled fabric flags, green advertising, biodegradable flags'),('3757',51,1,'209','Choose ECO Flags for an environmentally friendly alternative. Made from recycled materials, perfect for green promotions.'),('3758',50,1,'208','eco handwaving flags, recycled flags, sustainable promotions, green flags, biodegradable flags'),('3759',51,1,'208','Wave responsibly with our ECO Handwaving Flags. Made from sustainable materials for eco-friendly events and promotions.'),('3760',50,1,'210','eco portrait flags, recycled feather flags, sustainable advertising, green promotions, eco banners'),('3761',51,1,'210','Upgrade your display with ECO Portrait Feather Flags. A sustainable advertising solution made from recycled materials.'),('3762',50,1,'211','eco teardrop flags, sustainable flags, green advertising, eco displays, recycled teardrop banners'),('3763',51,1,'211','Promote your brand sustainably with ECO Teardrop Flags. Made from recycled materials for an eco-conscious display.'),('3764',50,1,'42',NULL),('3765',51,1,'42','Custom, national and event flags made in-house since 1977. Design support, durable fabrics and a 3-5 day lead time. Bulk pricing available. Order online today.'),('3766',50,1,'118',NULL),('3767',51,1,'118','Custom angled flags for building frontages and entrances. Perfect for outdoor branding when ground-mounted options are impractical. Order online today.'),('3768',50,1,'120',NULL),('3769',51,1,'120','Backpack flags that take your brand into the crowd. Hands-free, printed to your design and perfect for festivals and outdoor events. Order online today.'),('3770',50,1,'121',NULL),('3771',51,1,'121','Large crowd flags for stadiums, concerts and events. Printed to your design with bulk pricing. Trusted by UK clubs and event organisers. Order online today.'),('3772',50,1,'50',NULL),('3773',51,1,'50','Looking for custom-printed flags to support your branding efforts? Contact House of Flags to design and produce custom flags today.'),('3774',50,1,'105',NULL),('3775',51,1,'105','Custom handwaving flags for events, crowds and promotions. Made in the UK with eco-friendly options, bulk order pricing and fast dispatch. Order online today.'),('3776',50,1,'48',NULL),('3777',51,1,'48','Feather flags in 3 shapes for events, forecourts and outdoor promotions. In-house printing, design support and fast UK dispatch. Order yours online today.'),('3778',50,1,'91',NULL),('3779',51,1,'91','Festival flags for music events, outdoor promotions and brand activations. Durable and printed to your specification. Fast UK turnaround. Order online today.'),('3780',50,1,'124',NULL),('3781',51,1,'124','Precision custom golf pin flags printed to your club design. Standard and bespoke sizes, trusted by golf courses across the UK. Get a free quote today.'),('3784',50,1,'51',NULL),('3785',51,1,'51','National flags for every country, available in printed and sewn options. Trusted UK manufacturer since 1977. Fast turnaround. Order yours online today.'),('3786',50,1,'102',NULL),('3787',51,1,'102','Precision-made nautical flags, ensigns and signal sets with accurate colours and durable polyester. Trusted for official and leisure maritime use. Order today.'),('3788',50,1,'126','portrait feather flags, custom flags, promotional flags, event banners, outdoor advertising'),('3789',51,1,'126','Portrait Feather Flags offer a stylish way to promote your brand. Custom designs available for businesses and events.'),('3790',50,1,'86',NULL),('3791',51,1,'86','Vibrant Pride flags for events, marches and year-round display. Custom options with fast turnaround and bulk pricing. Made in the UK. Order online today.'),('3792',50,1,'127',NULL),('3793',51,1,'127','Professional racing and marshal flags for motorsport events. Standard and bespoke designs. Trusted by event organisers across the UK. Order online today.'),('3794',50,1,'129',NULL),('3795',51,1,'129','Bold sale flags for retail, forecourts and event promotions. Fast UK turnaround and competitive pricing for bulk and trade orders. Order online today.'),('3796',50,1,'128',NULL),('3797',51,1,'128','Sewn flags with expert hand-finishing. Long-lasting, precision construction perfect for ceremonial, official and heritage use. Order yours online today.'),('3798',50,1,'130',NULL),('3799',51,1,'130','Professional table flags for meetings, exhibitions and offices. Compact, smartly presented and printed to your design. Fast UK dispatch. Order online today.'),('3800',50,1,'117',NULL),('3801',51,1,'117','Custom team flags for sports events, clubs and fan displays. Printed in-house to your club design with bulk pricing available. Order online today.'),('3802',50,1,'123','teardrop flags, event flags, promotional banners, advertising flags, custom display flags'),('3803',51,1,'123','Teardrop Flags offer a dynamic advertising solution. Custom designs available for businesses and events.'),('3804',50,1,'131',NULL),('3805',51,1,'131','Reliable custom and standard windsocks for airfields, sports facilities and hazard marking. Weatherproof and printed to specification. Order online today.'),('3806',50,1,'79',NULL),('3807',51,1,'79','Flagpoles for commercial, residential and ceremonial use. Aluminium, GRP and angled options with professional in-house installation. Get a free quote today.'),('3808',50,1,'134',NULL),('3809',51,1,'134','Reliable angled wall-mounted flagpoles for buildings and entrances where ground installation is not practical. Various sizes available. Get a free quote today.'),('3810',50,1,'136',NULL),('3811',51,1,'136','Reliable fixed flagpole bases and brackets for permanent ground installation. Compatible with aluminium and GRP flagpoles. Order online today.'),('3812',50,1,'141',NULL),('3813',51,1,'141','Professional flagpole installation across the UK from our in-house team. Ground, rooftop and wall-mounted installations. Get a free quote today.'),('3814',50,1,'142',NULL),('3815',51,1,'142','Professional flagpole maintenance, servicing and repair across the UK. Contract servicing available to keep your poles in top condition. Get a free quote today.'),('3816',50,1,'144',NULL),('3817',51,1,'144','Reliable GRP fibreglass flagpoles for coastal and commercial locations. Low maintenance, non-conductive and built to last. Get a free quote today.'),('3818',50,1,'145',NULL),('3819',51,1,'145','Portable flagpole bases for temporary events and display. Quick to assemble and move, compatible with standard flagpoles. Order online today.'),('3820',50,1,'146','portable flagpoles, temporary flagpoles, event flagpoles, travel flagpoles, lightweight flag stands'),('3821',51,1,'146','Shop Portable Flagpoles for events and travel. Lightweight and easy to set up for temporary flag displays.'),('3822',50,1,'43',NULL),('3823',51,1,'43','Vibrant bunting for events, retail and celebrations. Custom printed, national and multi-coloured options from a trusted UK manufacturer. Order online today.'),('3824',50,1,'97',NULL),('3825',51,1,'97','Vibrant custom bunting printed to your exact design and colours. Knitted polyester, vinyl and paper options. Fast UK turnaround. Order online today.'),('3826',50,1,'98',NULL),('3827',51,1,'98','Vibrant multi-coloured bunting for fetes, events and retail. Paper and fabric options in a range of standard colour combinations. Order online today.'),('3828',50,1,'99',NULL),('3829',51,1,'99','Vibrant national bunting including Union Jack, St George and St Andrews. Made in the UK for events, retail and celebrations. Order online today.'),('3830',50,1,'100',NULL),('3831',51,1,'100','Bold sale bunting for retail promotions and forecourt displays. Round, triangular and rectangular options. Fast turnaround. Order online today.'),('3832',50,1,'44',NULL),('3833',51,1,'44','Custom banners manufactured in-house since 1977. PVC, fabric and specialist options with expert design support and fast UK turnaround. Order online today.'),('3834',50,1,'158',NULL),('3835',51,1,'158','Heavy-duty banner arms for walls and lamp posts. Outdoor fixings in various sizes with bulk pricing and in-house UK manufacture. Get a free quote today.'),('3836',50,1,'159',NULL),('3837',51,1,'159','Reliable banner frames for indoor and outdoor display. Freestanding and wall-mounted options compatible with custom printed banners. Order online today.'),('3838',50,1,'54',NULL),('3839',51,1,'54','Bespoke banners in any size. PVC, mesh, fabric and double-sided options with full-colour print. bulk pricing and fast UK turnaround. Order online today.'),('3840',50,1,'160',NULL),('3841',51,1,'160','Custom building wraps for construction sites and large-scale advertising. Wholesale pricing with UK manufacturing. Get your free quote today.'),('3842',50,1,'55',NULL),('3843',51,1,'55','Professional branded cafe barriers for hospitality and outdoor seating. Chrome, black and Adfresco hardware with custom printed banners. Order online today.'),('3844',50,1,'161',NULL),('3845',51,1,'161','Turn barriers into branded display surfaces with custom crowd barrier jackets. Vibrant print, fast turnaround and bulk pricing. Order online today.'),('3846',50,1,'163',NULL),('3847',51,1,'163','Vibrant custom fabric banners for indoor and outdoor display. Lightweight, bold print and available in a range of sizes. Fast UK turnaround. Order online today.'),('3848',50,1,'164',NULL),('3849',51,1,'164','Custom fence scrim for construction sites, events and perimeter branding. Bold print, durable material and fast UK turnaround. Order online today.'),('3850',50,1,'165',NULL),('3851',51,1,'165','Custom Heras fence covers for construction sites and event perimeters. Durable, professionally printed and made to your design. Order online today.'),('3852',50,1,'168','lamp post banners, street banners, outdoor advertising, event banners, promotional displays'),('3853',51,1,'168','Promote events and brands with Lamp Post Banners. Durable, weather-resistant, and custom printed.'),('3854',50,1,'103','PVC banners, waterproof banners, outdoor advertising, custom printed banners, heavy-duty banners'),('3855',51,1,'103','High-quality PVC Banners for long-lasting outdoor advertising. Waterproof, durable, and custom printed.'),('3856',50,1,'53',NULL),('3857',51,1,'53','Custom printed roller banners in standard and premium ranges. UK-manufactured for retail, events and exhibitions. Fast delivery available. Order yours today.'),('3858',50,1,'169',NULL),('3859',51,1,'169','Custom printed stadium seat covers for venues, clubs and sponsors. Durable and printed to your design for maximum visual impact. Order online today.'),('3860',47,0,'104',NULL),('3861',51,0,'104','Custom fabric tension hanging displays manufactured in-house. Seen from every angle, circular, square and triangular. 3-5 day lead time. Order online today.'),('3862',50,0,'104',NULL),('3863',168,0,'104',NULL),('3864',175,0,'104',NULL),('3865',190,0,'104',NULL),('3866',186,0,'104',NULL),('3867',187,0,'104',NULL),('3868',205,0,'104',NULL),('3869',206,0,'104',NULL),('3870',203,0,'104',NULL),('3871',202,0,'104',NULL),('3872',176,0,'104',NULL),('3873',174,0,'104',NULL),('3874',173,0,'104',NULL),('3875',51,1,'152','Explore custom football flags, sports banners, stadium displays, and much more. Design high-impact football stadium promotional tools with House of Flags.'),('3876',50,1,'152',NULL),('3877',51,1,'155','Enhance your hospitality brand with custom Hotel & Leisure Signage. Stylish, professional, and durable.'),('3878',50,1,'155','hotel signage, leisure branding, hospitality signage, custom banners, spa signs'),('3879',51,1,'154','Custom signage solutions for House Builders. Branded flags, hoardings, and marketing boards.'),('3880',50,1,'154','house builder signs, construction banners, marketing boards, site signage, property development branding'),('3881',51,1,'157','House of Flags supplies retail promotional displays that attract customers and build brand awareness. Order banners, flags and more designed for retail spaces.'),('3882',50,1,'157',NULL),('3883',51,1,'153','Custom signage for Universities & Schools. Enhance branding, wayfinding, and campus displays.'),('3884',50,1,'153','school signage, university branding, campus signs, educational displays, custom school banners'),('3885',51,0,'213','Durable marathon banners for finish lines, mile markers and race events. Outdoor-grade materials and bold print from a UK manufacturer. Order online today.'),('3886',50,0,'213',NULL),('3887',168,0,'213','https://flags.co.uk/banners/bespoke/marathon-banners'),('3888',171,0,'213','4'),('3889',172,0,'213','auto'),('3890',51,0,'214','Professional racing banners for motorsport events and circuit branding. Weather-resistant materials and bold print from a UK manufacturer. Order online today.'),('3891',50,0,'214',NULL),('3892',168,0,'214','https://flags.co.uk/banners/bespoke/racing-banners'),('3893',171,0,'214','4'),('3894',172,0,'214','auto'),('3895',162,0,'214',NULL),('3896',163,0,'214',NULL),('3897',165,0,'214',NULL),('3898',159,0,'214',NULL),('3899',158,0,'214',NULL),('3900',161,0,'214',NULL),('3901',160,0,'214',NULL),('3902',164,0,'214',NULL),('3903',47,0,'214',NULL),('3904',175,0,'214',NULL),('3905',190,0,'214',NULL),('3906',186,0,'214',NULL),('3907',187,0,'214',NULL),('3908',205,0,'214',NULL),('3909',206,0,'214',NULL),('3910',203,0,'214',NULL),('3911',202,0,'214',NULL),('3912',176,0,'214',NULL),('3913',174,0,'214',NULL),('3914',173,0,'214',NULL),('3915',162,0,'213',NULL),('3916',163,0,'213',NULL),('3917',165,0,'213',NULL),('3918',159,0,'213',NULL),('3919',158,0,'213',NULL),('3920',161,0,'213',NULL),('3921',160,0,'213',NULL),('3922',164,0,'213',NULL),('3923',47,0,'213',NULL),('3924',175,0,'213',NULL),('3925',190,0,'213',NULL),('3926',186,0,'213',NULL),('3927',187,0,'213',NULL),('3928',205,0,'213',NULL),('3929',206,0,'213',NULL),('3930',203,0,'213',NULL),('3931',202,0,'213',NULL),('3932',176,0,'213',NULL),('3933',174,0,'213',NULL),('3934',173,0,'213',NULL),('3935',171,0,'215','4'),('3936',172,0,'215','auto'),('3937',162,0,'215',NULL),('3938',163,0,'215',NULL),('3939',165,0,'215',NULL),('3940',159,0,'215',NULL),('3941',158,0,'215',NULL),('3942',161,0,'215',NULL),('3943',160,0,'215',NULL),('3944',164,0,'215',NULL),('3945',47,0,'215',NULL),('3946',51,0,'215',NULL),('3947',50,0,'215',NULL),('3948',168,0,'215','https://flags.co.uk/digital-downloads'),('3949',175,0,'215',NULL),('3950',190,0,'215',NULL),('3951',186,0,'215',NULL),('3952',187,0,'215',NULL),('3953',205,0,'215',NULL),('3954',206,0,'215',NULL),('3955',203,0,'215',NULL),('3956',202,0,'215',NULL),('3957',176,0,'215',NULL),('3958',174,0,'215',NULL),('3959',173,0,'215',NULL),('3960',171,0,'216','4'),('3961',172,0,'216','auto'),('3962',162,0,'216',NULL),('3963',163,0,'216',NULL),('3964',165,0,'216',NULL),('3965',159,0,'216',NULL),('3966',158,0,'216',NULL),('3967',161,0,'216',NULL),('3968',160,0,'216',NULL),('3969',164,0,'216',NULL),('3970',47,0,'216',NULL),('3971',51,0,'216',NULL),('3972',50,0,'216',NULL),('3973',168,0,'216',NULL),('3974',175,0,'216',NULL),('3975',190,0,'216',NULL),('3976',186,0,'216',NULL),('3977',187,0,'216',NULL),('3978',205,0,'216',NULL),('3979',206,0,'216',NULL),('3980',203,0,'216',NULL),('3981',202,0,'216',NULL),('3982',176,0,'216',NULL),('3983',174,0,'216',NULL),('3984',173,0,'216',NULL),('3985',51,0,'217','Reliable flagpole hardware including halyards, truckheads, finials and bases. Replacement parts for all flagpole types. Order online today.'),('3986',171,0,'217','4'),('3987',172,0,'217','auto'),('3988',162,0,'217',NULL),('3989',163,0,'217',NULL),('3990',165,0,'217',NULL),('3991',159,0,'217',NULL),('3992',158,0,'217',NULL),('3993',161,0,'217',NULL),('3994',160,0,'217',NULL),('3995',164,0,'217',NULL),('3996',47,0,'217',NULL),('3997',50,0,'217',NULL),('3998',168,0,'217',NULL),('3999',175,0,'217',NULL),('4000',190,0,'217',NULL),('4001',186,0,'217',NULL),('4002',187,0,'217',NULL),('4003',205,0,'217',NULL),('4004',206,0,'217',NULL),('4005',203,0,'217',NULL),('4006',202,0,'217',NULL),('4007',176,0,'217',NULL),('4008',174,0,'217',NULL),('4009',173,0,'217',NULL),('4012',171,0,'219','4'),('4013',172,0,'219','auto'),('4014',162,0,'219',NULL),('4015',163,0,'219',NULL),('4016',165,0,'219',NULL),('4017',159,0,'219',NULL),('4018',158,0,'219',NULL),('4019',161,0,'219',NULL),('4020',160,0,'219',NULL),('4021',164,0,'219',NULL),('4022',47,0,'219',NULL),('4023',51,0,'219','Professional flagpole installation, maintenance and repair from our in-house team. Nationwide coverage with contract servicing available. Get a quote today.'),('4024',50,0,'219',NULL),('4025',168,0,'219',NULL),('4026',175,0,'219',NULL),('4027',190,0,'219',NULL),('4028',186,0,'219',NULL),('4029',187,0,'219',NULL),('4030',205,0,'219',NULL),('4031',206,0,'219',NULL),('4032',203,0,'219',NULL),('4033',202,0,'219',NULL),('4034',176,0,'219',NULL),('4035',174,0,'219',NULL),('4036',173,0,'219',NULL),('4037',171,0,'220','4'),('4038',172,0,'220','auto'),('4039',162,0,'220',NULL),('4040',163,0,'220',NULL),('4041',165,0,'220',NULL),('4042',159,0,'220',NULL),('4043',158,0,'220',NULL),('4044',161,0,'220',NULL),('4045',160,0,'220',NULL),('4046',164,0,'220',NULL),('4047',47,0,'220',NULL),('4048',51,0,'220','Shop custom fabric and scrim banners. Specialist in Heras fence covers, crowd barrier jackets, and fence scrim. High-quality UK printing with fast turnaround.'),('4049',50,0,'220',NULL),('4050',168,0,'220',NULL),('4051',175,0,'220',NULL),('4052',190,0,'220',NULL),('4053',186,0,'220',NULL),('4054',187,0,'220',NULL),('4055',205,0,'220',NULL),('4056',206,0,'220',NULL),('4057',203,0,'220',NULL),('4058',202,0,'220',NULL),('4059',176,0,'220',NULL),('4060',174,0,'220',NULL),('4061',173,0,'220',NULL),('4064',171,0,'222','4'),('4065',172,0,'222','auto'),('4066',162,0,'222',NULL),('4067',163,0,'222',NULL),('4068',165,0,'222',NULL),('4069',159,0,'222',NULL),('4070',158,0,'222',NULL),('4071',161,0,'222',NULL),('4072',160,0,'222',NULL),('4073',164,0,'222',NULL),('4074',47,0,'222',NULL),('4075',51,0,'222','Shop professional speciality structures at House of Flags. UK made inflatable arches and lightboxes for high-impact branding. Fast UK delivery. Get a quote!'),('4076',50,0,'222',NULL),('4077',168,0,'222',NULL),('4078',175,0,'222',NULL),('4079',190,0,'222',NULL),('4080',186,0,'222',NULL),('4081',187,0,'222',NULL),('4082',205,0,'222',NULL),('4083',206,0,'222',NULL),('4084',203,0,'222',NULL),('4085',202,0,'222',NULL),('4086',176,0,'222',NULL),('4087',174,0,'222',NULL),('4088',173,0,'222',NULL),('4089',171,0,'223','4'),('4090',172,0,'223','auto'),('4091',51,0,'224','Buy high-quality specialist flags made in the UK. From angled to backpack flags, explore our custom range with fast 3-day delivery. Shop online now.'),('4092',171,0,'224','4'),('4093',172,0,'224','auto'),('4094',171,0,'225','4'),('4095',172,0,'225','auto'),('4096',168,1,'118',NULL),('4097',162,0,'224',NULL),('4098',163,0,'224',NULL),('4099',165,0,'224',NULL),('4100',159,0,'224',NULL),('4101',158,0,'224',NULL),('4102',161,0,'224',NULL),('4103',160,0,'224',NULL),('4104',164,0,'224',NULL),('4105',47,0,'224',NULL),('4106',50,0,'224',NULL),('4107',168,0,'224',NULL),('4108',175,0,'224',NULL),('4109',190,0,'224',NULL),('4110',186,0,'224',NULL),('4111',187,0,'224',NULL),('4112',205,0,'224',NULL),('4113',206,0,'224',NULL),('4114',203,0,'224',NULL),('4115',202,0,'224',NULL),('4116',176,0,'224',NULL),('4117',174,0,'224',NULL),('4118',173,0,'224',NULL),('4119',162,0,'223',NULL),('4120',163,0,'223',NULL),('4121',165,0,'223',NULL),('4122',159,0,'223',NULL),('4123',158,0,'223',NULL),('4124',161,0,'223',NULL),('4125',160,0,'223',NULL),('4126',164,0,'223',NULL),('4127',47,0,'223',NULL),('4128',51,0,'223',NULL),('4129',50,0,'223',NULL),('4130',168,0,'223',NULL),('4131',175,0,'223',NULL),('4132',190,0,'223',NULL),('4133',186,0,'223',NULL),('4134',187,0,'223',NULL),('4135',205,0,'223',NULL),('4136',206,0,'223',NULL),('4137',203,0,'223',NULL),('4138',202,0,'223',NULL),('4139',176,0,'223',NULL),('4140',174,0,'223',NULL),('4141',173,0,'223',NULL),('4142',168,0,'226','https://flags.co.uk/displays/outdoor/branded-parasols'),('4143',171,0,'226','4'),('4144',172,0,'226','auto'),('4145',162,0,'226',NULL),('4146',163,0,'226',NULL),('4147',165,0,'226',NULL),('4148',159,0,'226',NULL),('4149',158,0,'226',NULL),('4150',161,0,'226',NULL),('4151',160,0,'226',NULL),('4152',164,0,'226',NULL),('4153',47,0,'226',NULL),('4154',51,0,'226',NULL),('4155',50,0,'226',NULL),('4156',175,0,'226',NULL),('4157',190,0,'226',NULL),('4158',186,0,'226',NULL),('4159',187,0,'226',NULL),('4160',205,0,'226',NULL),('4161',206,0,'226',NULL),('4162',203,0,'226',NULL),('4163',202,0,'226',NULL),('4164',176,0,'226',NULL),('4165',174,0,'226',NULL),('4166',173,0,'226',NULL),('4167',168,0,'227','https://flags.co.uk/displays/fabric-tension/frames'),('4168',171,0,'227','4'),('4169',172,0,'227','auto'),('4170',168,0,'228','https://flags.co.uk/displays/exhibition-stands/table-cloths'),('4171',171,0,'228','4'),('4172',172,0,'228','auto'),('4176',168,0,'230','https://flags.co.uk/displays/outdoor/printed-race-arch'),('4177',171,0,'230','4'),('4178',172,0,'230','auto'),('4179',168,0,'231','https://flags.co.uk/displays/speciality-structures/inflatable-arches'),('4180',171,0,'231','4'),('4181',172,0,'231','auto'),('4182',168,0,'232','https://flags.co.uk/displays/speciality-structures/lightboxes'),('4183',171,0,'232','4'),('4184',172,0,'232','auto'),('4185',168,0,'233','https://flags.co.uk/banners/fabric-scrim/crowd-barrier-jackets'),('4186',171,0,'233','4'),('4187',172,0,'233','auto'),('4188',168,0,'234','https://flags.co.uk/banners/fabric-scrim/fabric-banners'),('4189',171,0,'234','4'),('4190',172,0,'234','auto'),('4191',168,0,'235','https://flags.co.uk/banners/fabric-scrim/fence-scrim'),('4192',171,0,'235','4'),('4193',172,0,'235','auto'),('4194',168,0,'236','https://flags.co.uk/banners/fabric-scrim/heras-fence-covers-scrim'),('4195',171,0,'236','4'),('4196',172,0,'236','auto'),('4197',168,0,'237','https://flags.co.uk/banners/bespoke/stadium-seat-covers'),('4198',171,0,'237','4'),('4199',172,0,'237','auto'),('4200',168,0,'238','https://flags.co.uk/banners/bespoke/building-wraps'),('4201',171,0,'238','4'),('4202',172,0,'238','auto'),('4203',168,0,'239','https://flags.co.uk/banners/bespoke/racing-banners'),('4204',171,0,'239','4'),('4205',172,0,'239','auto'),('4206',168,0,'240','https://flags.co.uk/banners/bespoke/marathon-banners'),('4207',171,0,'240','4'),('4208',172,0,'240','auto'),('4212',168,0,'242','https://flags.co.uk/flags/specialist-flags/angled');
INSERT INTO `catalog_category_entity_text` VALUES ('4213',171,0,'242','4'),('4214',172,0,'242','auto'),('4215',168,0,'243','https://flags.co.uk/flags/specialist-flags/back-pack'),('4216',171,0,'243','4'),('4217',172,0,'243','auto'),('4221',168,0,'245','https://flags.co.uk/flags/specialist-flags/crowd'),('4222',171,0,'245','4'),('4223',172,0,'245','auto'),('4224',168,0,'246','https://flags.co.uk/flags/specialist-flags/festival'),('4225',171,0,'246','4'),('4226',172,0,'246','auto'),('4227',168,0,'247','https://flags.co.uk/flags/specialist-flags/golf'),('4228',171,0,'247','4'),('4229',172,0,'247','auto'),('4230',168,0,'248','https://flags.co.uk/flags/specialist-flags/racing'),('4231',171,0,'248','4'),('4232',172,0,'248','auto'),('4233',168,0,'249','https://flags.co.uk/flags/specialist-flags/sale'),('4234',171,0,'249','4'),('4235',172,0,'249','auto'),('4236',168,0,'250','https://flags.co.uk/flags/specialist-flags/sewn'),('4237',171,0,'250','4'),('4238',172,0,'250','auto'),('4239',168,0,'251','https://flags.co.uk/flags/specialist-flags/table'),('4240',171,0,'251','4'),('4241',172,0,'251','auto'),('4242',168,0,'252','https://flags.co.uk/flags/specialist-flags/team'),('4243',171,0,'252','4'),('4244',172,0,'252','auto'),('4245',168,0,'253','https://flags.co.uk/flags/specialist-flags/windsocks'),('4246',171,0,'253','4'),('4247',172,0,'253','auto'),('4248',168,0,'254','https://flags.co.uk/flags/handwaving/national'),('4249',171,0,'254','4'),('4250',172,0,'254','auto'),('4251',162,0,'225',NULL),('4252',163,0,'225',NULL),('4253',165,0,'225',NULL),('4254',159,0,'225',NULL),('4255',158,0,'225',NULL),('4256',161,0,'225',NULL),('4257',160,0,'225',NULL),('4258',164,0,'225',NULL),('4259',47,0,'225',NULL),('4260',51,0,'225','UK-made national handwaving flags including Union Jack, St George and more. Durable and lightweight for events and supporter promotions. Order online today.'),('4261',50,0,'225',NULL),('4262',168,0,'225',NULL),('4263',175,0,'225',NULL),('4264',190,0,'225',NULL),('4265',186,0,'225',NULL),('4266',187,0,'225',NULL),('4267',205,0,'225',NULL),('4268',206,0,'225',NULL),('4269',203,0,'225',NULL),('4270',202,0,'225',NULL),('4271',176,0,'225',NULL),('4272',174,0,'225',NULL),('4273',173,0,'225',NULL),('4274',51,0,'255','Need branded flags, signage, banners and outdoor displays for restaurants? Call House of Flags for professional restaurant advertising tools to attract diners.'),('4275',171,0,'255','4'),('4276',172,0,'255','auto'),('4277',162,0,'255',NULL),('4278',163,0,'255',NULL),('4279',165,0,'255',NULL),('4280',159,0,'255',NULL),('4281',158,0,'255',NULL),('4282',161,0,'255',NULL),('4283',160,0,'255',NULL),('4284',164,0,'255',NULL),('4285',47,0,'255',NULL),('4286',50,0,'255',NULL),('4287',168,0,'255',NULL),('4288',175,0,'255',NULL),('4289',190,0,'255',NULL),('4290',186,0,'255',NULL),('4291',187,0,'255',NULL),('4292',205,0,'255',NULL),('4293',206,0,'255',NULL),('4294',203,0,'255',NULL),('4295',202,0,'255',NULL),('4296',176,0,'255',NULL),('4297',174,0,'255',NULL),('4298',173,0,'255',NULL),('4299',51,0,'256','Need custom petrol station flags, banners, and signs designed for high visibility. Call House of Flags for durable branding tools for fuel stations nationwide.'),('4300',171,0,'256','4'),('4301',172,0,'256','auto'),('4302',51,0,'257','Need effective festival branding tools to get your brand noticed at a crowded festival? From banners to gazebos, we’ve got it all at House of Flags!'),('4303',171,0,'257','4'),('4304',172,0,'257','auto'),('4305',162,0,'257',NULL),('4306',163,0,'257',NULL),('4307',165,0,'257',NULL),('4308',159,0,'257',NULL),('4309',158,0,'257',NULL),('4310',161,0,'257',NULL),('4311',160,0,'257',NULL),('4312',164,0,'257',NULL),('4313',47,0,'257',NULL),('4314',50,0,'257',NULL),('4315',168,0,'257',NULL),('4316',175,0,'257',NULL),('4317',190,0,'257',NULL),('4318',186,0,'257',NULL),('4319',187,0,'257',NULL),('4320',205,0,'257',NULL),('4321',206,0,'257',NULL),('4322',203,0,'257',NULL),('4323',202,0,'257',NULL),('4324',176,0,'257',NULL),('4325',174,0,'257',NULL),('4326',173,0,'257',NULL),('4327',51,1,'57','Professional fabric tension display stands for exhibitions and events. Stretch tube walls, monoliths, counters and curved displays. Order online today.'),('4328',51,0,'258','Keep your branding assets in excellent condition with scheduled maintenance. Let House of Flags help you maintain a professional appearance all year.'),('4329',171,0,'258','4'),('4330',172,0,'258','auto'),('4331',162,0,'258',NULL),('4332',163,0,'258',NULL),('4333',165,0,'258',NULL),('4334',159,0,'258',NULL),('4335',158,0,'258',NULL),('4336',161,0,'258',NULL),('4337',160,0,'258',NULL),('4338',164,0,'258',NULL),('4339',47,0,'258',NULL),('4340',50,0,'258',NULL),('4341',168,0,'258',NULL),('4342',175,0,'258',NULL),('4343',190,0,'258',NULL),('4344',186,0,'258',NULL),('4345',187,0,'258',NULL),('4346',205,0,'258',NULL),('4347',206,0,'258',NULL),('4348',203,0,'258',NULL),('4349',202,0,'258',NULL),('4350',176,0,'258',NULL),('4351',174,0,'258',NULL),('4352',173,0,'258',NULL);

--
